000
CXUS53 KLSX 150428
CF6SUS
PRELIMINARY LOCAL CLIMATOLOGICAL DATA (WS FORM: F-6)
STATION: SPIRIT OF ST LOUIS MO
MONTH: JUNE
YEAR: 2022
LATITUDE: 38 39 N
LONGITUDE: 90 38 W
TEMPERATURE IN F: :PCPN: SNOW: WIND :SUNSHINE: SKY :PK WND
================================================================================
1 2 3 4 5 6A 6B 7 8 9 10 11 12 13 14 15 16 17 18
12Z AVG MX 2MIN
DY MAX MIN AVG DEP HDD CDD WTR SNW DPTH SPD SPD DIR MIN PSBL S-S WX SPD DR
================================================================================
1 80 64 72 1 0 7 0.17 0.0 0 5.6 14 310 M M 8 138 19 300
2 76 53 65 -6 0 0 0.00 0.0 0 5.7 14 300 M M 2 19 300
3 82 49 66 -6 0 1 0.00 0.0 0 2.7 9 250 M M 0 14 310
4 83 54 69 -3 0 4 0.01 0.0 0 1.8 10 250 M M 2 14 200
5 85 64 75 3 0 10 0.00 0.0 0 3.4 12 200 M M 5 19 150
6 77 63 70 -2 0 5 T 0.0 0 4.5 13 200 M M 4 22 210
7 85 62 74 1 0 9 0.00 0.0 0 2.4 13 10 M M 4 1 18 20
8 79 62 71 -2 0 6 0.48 0.0 0 8.1 20 250 M M 5 138 27 260
9 83 55 69 -4 0 4 0.00 0.0 0 2.7 12 250 M M 1 17 290
10 82 63 73 -1 0 8 0.11 0.0 0 2.2 10 180 M M 7 1 15 190
11 89 62 76 2 0 11 0.00 0.0 0 2.9 12 250 M M 1 1 15 270
12 92 74 83 9 0 18 T 0.0 0 4.6 14 250 M M 1 3 20 220
13 96 79 88 14 0 23 0.00 0.0 0 7.9 18 200 M M 0 1 29 220
14 96 78 87 12 0 22 0.00 0.0 0 8.4 17 230 M M 0 8 25 250
15 95 75 85 10 0 20 0.00 0.0 0 8.7 17 190 M M 0 8 27 180
16 94 79 87 12 0 22 0.00 0.0 0 7.3 15 260 M M 1 22 250
17 90 70 80 5 0 15 0.46 0.0 0 4.9 35 290 M M 2 13 48 280
18 86 61 74 -2 0 9 0.00 0.0 0 5.6 14 50 M M 1 12 20 50
19 86 53 70 -6 0 5 0.00 0.0 0 3.4 10 180 M M 0 15 170
20 93 56 75 -1 0 10 0.00 0.0 0 3.8 13 230 M M 0 17 240
21 95 63 79 3 0 14 0.00 0.0 0 4.9 15 240 M M 0 8 20 250
22 92 66 79 3 0 14 0.00 0.0 0 4.9 13 320 M M 1 21 320
23 91 61 76 -1 0 11 0.00 0.0 0 2.6 13 80 M M 0 21 80
24 87 63 75 -2 0 10 0.00 0.0 0 1.7 8 160 M M 1 14 160
25 97 68 83 6 0 18 0.00 0.0 0 5.1 14 200 M M 1 38 20 210
26 84 63 74 -3 0 9 0.40 0.0 0 7.6 23 300 M M 4 138 29 310
27 82 55 69 -8 0 4 0.00 0.0 0 5.0 15 30 M M 0 1 27 20
28 85 57 71 -7 0 6 0.00 0.0 0 2.2 10 220 M M 0 14 210
29 91 56 74 -4 0 9 0.00 0.0 0 3.5 9 100 M M 0 14 250
30 94 58 76 -2 0 11 0.00 0.0 0 5.0 13 220 M M 0 22 230
================================================================================
SM 2627 1886 0 315 1.63 0.0 139.1 M 51
================================================================================
AV 87.6 62.9 4.6 FASTST M M 2 MAX(MPH)
MISC ----> 35 290 48 280
================================================================================
NOTES:
# LAST OF SEVERAL OCCURRENCES
COLUMN 17 PEAK WIND IN M.P.H.
PRELIMINARY LOCAL CLIMATOLOGICAL DATA (WS FORM: F-6) , PAGE 2
STATION: SPIRIT OF ST LOUIS MO
MONTH: JUNE
YEAR: 2022
LATITUDE: 38 39 N
LONGITUDE: 90 38 W
[TEMPERATURE DATA] [PRECIPITATION DATA] SYMBOLS USED IN COLUMN 16
AVERAGE MONTHLY: 75.2 TOTAL FOR MONTH: 1.63 1 = FOG OR MIST
DPTR FM NORMAL: 0.4 DPTR FM NORMAL: -2.68 2 = FOG REDUCING VISIBILITY
HIGHEST: 97 ON 25 GRTST 24HR 0.48 ON 8- 8 TO 1/4 MILE OR LESS
LOWEST: 49 ON 3 3 = THUNDER
SNOW, ICE PELLETS, HAIL 4 = ICE PELLETS
TOTAL MONTH: 0.0 INCH 5 = HAIL
GRTST 24HR 0.0 6 = FREEZING RAIN OR DRIZZLE
GRTST DEPTH: 0 7 = DUSTSTORM OR SANDSTORM:
VSBY 1/2 MILE OR LESS
8 = SMOKE OR HAZE
[NO. OF DAYS WITH] [WEATHER - DAYS WITH] 9 = BLOWING SNOW
X = TORNADO
MAX 32 OR BELOW: 0 0.01 INCH OR MORE: 6
MAX 90 OR ABOVE: 13 0.10 INCH OR MORE: 5
MIN 32 OR BELOW: 0 0.50 INCH OR MORE: 0
MIN 0 OR BELOW: 0 1.00 INCH OR MORE: 0
[HDD (BASE 65) ]
TOTAL THIS MO. 0 CLEAR (SCALE 0-3) 23
DPTR FM NORMAL -6 PTCLDY (SCALE 4-7) 7
TOTAL FM JUL 1 4312 CLOUDY (SCALE 8-10) 0
DPTR FM NORMAL -335
[CDD (BASE 65) ]
TOTAL THIS MO. 315
DPTR FM NORMAL 15 [PRESSURE DATA]
TOTAL FM JAN 1 527 HIGHEST SLP 30.29 ON 27
DPTR FM NORMAL 73 LOWEST SLP 29.66 ON 12
[REMARKS]
#FINAL-06-22#