000
CXUS53 KFSD 011529
CF6SUX
PRELIMINARY LOCAL CLIMATOLOGICAL DATA (WS FORM: F-6)
STATION: SIOUX CITY IA
MONTH: JULY
YEAR: 2021
LATITUDE: 42 24 N
LONGITUDE: 96 23 W
TEMPERATURE IN F: :PCPN: SNOW: WIND :SUNSHINE: SKY :PK WND
================================================================================
1 2 3 4 5 6A 6B 7 8 9 10 11 12 13 14 15 16 17 18
12Z AVG MX 2MIN
DY MAX MIN AVG DEP HDD CDD WTR SNW DPTH SPD SPD DIR MIN PSBL S-S WX SPD DR
================================================================================
1 88 60 74 0 0 9 0.00 0.0 0 3.7 13 120 M M 0 1 18 90
2 89 61 75 1 0 10 0.00 0.0 0 3.7 9 180 M M 5 13 330
3 88 63 76 2 0 11 0.00 0.0 0 7.6 18 190 M M 0 26 190
4 89 67 78 4 0 13 0.00 0.0 0 10.9 21 190 M M 1 29 210
5 92 67 80 6 0 15 0.00 0.0 0 7.8 15 40 M M 0 1 22 20
6 88 69 79 5 0 14 0.01 0.0 0 7.0 22 320 M M 3 3 29 330
7 77 56 67 -7 0 2 0.01 0.0 0 10.4 18 360 M M 9 1 27 20
8 76 52 64 -10 1 0 0.29 0.0 0 9.0 18 130 M M 2 13 26 150
9 88 65 77 3 0 12 0.06 0.0 0 11.5 33 140 M M 4 13 41 140
10 73 63 68 -6 0 3 0.35 0.0 0 9.1 25 340 M M 8 13 37 330
11 85 59 72 -2 0 7 0.00 0.0 0 8.5 17 20 M M 2 1 22 10
12 82 52 67 -7 0 2 0.00 0.0 0 3.2 10 140 M M 1 12 14 110
13 81 57 69 -5 0 4 T 0.0 0 6.4 14 270 M M 1 1 20 260
14 81 66 74 0 0 9 0.71 0.0 0 8.1 29 220 M M 5 13 38 220
15 83 58 71 -3 0 6 0.00 0.0 0 5.8 14 80 M M 1 1 21 70
16 83 58 71 -3 0 6 0.00 0.0 0 5.0 12 120 M M 2 1 15 120
17 83 63 73 -1 0 8 0.00 0.0 0 7.5 15 110 M M 5 19 130
18 84 62 73 -1 0 8 0.00 0.0 0 6.7 14 160 M M 2 19 140
19 86 55 71 -3 0 6 0.00 0.0 0 2.4 10 130 M M 1 1 14 120
20 87 57 72 -2 0 7 0.00 0.0 0 4.0 12 240 M M 2 128 16 250
21 88 62 75 1 0 10 0.00 0.0 0 9.6 17 180 M M 0 1 24 220
22 89 67 78 4 0 13 T 0.0 0 11.6 22 190 M M 0 29 190
23 93 67 80 6 0 15 0.00 0.0 0 10.7 20 200 M M 0 18 27 200
24 96 72 84 10 0 19 0.00 0.0 0 5.8 15 340 M M 1 21 320
25 90 65 78 4 0 13 0.00 0.0 0 5.3 14 200 M M 0 1 18 220
26 90 64 77 3 0 12 0.00 0.0 0 9.3 18 190 M M 1 1 23 140
27 95 66 81 7 0 16 0.00 0.0 0 8.6 18 210 M M 0 1 24 220
28 95 71 83 9 0 18 0.00 0.0 0 9.5 21 200 M M 0 26 210
29 91 72 82 8 0 17 0.00 0.0 0 9.7 18 20 M M 3 8 24 50
30 84 64 74 0 0 9 T 0.0 0 9.7 23 40 M M 8 18 30 30
31 87 63 75 1 0 10 T 0.0 0 8.8 20 10 M M 3 18 26 10
================================================================================
SM 2681 1943 1 304 1.43 0.0 236.9 M 70
================================================================================
AV 86.5 62.7 7.6 FASTST M M 2 MAX(MPH)
MISC ----> 33 140 41 140
================================================================================
NOTES:
# LAST OF SEVERAL OCCURRENCES
- COLUMN 17 PEAK WIND IN M.P.H.
- PRECIPITATION AMOUNTS IN COLUMNS 7,8 AND 9 ARE THE OFFICIAL PRECIPITATION
AMOUNTS FOR SIOUX CITY, IA
- SNOW DEPTH IN COLUMN 9 IS RECORDED AT 6 AM CST (12Z)
PRELIMINARY LOCAL CLIMATOLOGICAL DATA (WS FORM: F-6) , PAGE 2
STATION: SIOUX CITY IA
MONTH: JULY
YEAR: 2021
LATITUDE: 42 24 N
LONGITUDE: 96 23 W
[TEMPERATURE DATA] [PRECIPITATION DATA] SYMBOLS USED IN COLUMN 16
AVERAGE MONTHLY: 74.6 TOTAL FOR MONTH: 1.43 1 = FOG OR MIST
DPTR FM NORMAL: 0.4 DPTR FM NORMAL: -1.92 2 = FOG REDUCING VISIBILITY
HIGHEST: 96 ON 24 GRTST 24HR 0.71 ON 13-14 TO 1/4 MILE OR LESS
LOWEST: 52 ON 12, 8 3 = THUNDER
SNOW, ICE PELLETS, HAIL 4 = ICE PELLETS
TOTAL MONTH: 0.0 INCH 5 = HAIL
GRTST 24HR 0.0 6 = FREEZING RAIN OR DRIZZLE
GRTST DEPTH: 0 7 = DUSTSTORM OR SANDSTORM:
VSBY 1/2 MILE OR LESS
8 = SMOKE OR HAZE
[NO. OF DAYS WITH] [WEATHER - DAYS WITH] 9 = BLOWING SNOW
X = TORNADO
MAX 32 OR BELOW: 0 0.01 INCH OR MORE: 6
MAX 90 OR ABOVE: 8 0.10 INCH OR MORE: 3
MIN 32 OR BELOW: 0 0.50 INCH OR MORE: 1
MIN 0 OR BELOW: 0 1.00 INCH OR MORE: 0
[HDD (BASE 65) ]
TOTAL THIS MO. 1 CLEAR (SCALE 0-3) 23
DPTR FM NORMAL -3 PTCLDY (SCALE 4-7) 5
TOTAL FM JUL 1 1 CLOUDY (SCALE 8-10) 3
DPTR FM NORMAL 1
[CDD (BASE 65) ]
TOTAL THIS MO. 304
DPTR FM NORMAL 15 [PRESSURE DATA]
TOTAL FM JAN 1 651 HIGHEST SLP 30.22 ON 19
DPTR FM NORMAL 102 LOWEST SLP 29.68 ON 9
[REMARKS]
#FINAL-07-21#