000
CXUS51 KBGM 020219 CCA
CLSSYR
CLIMATE REPORT...CORRECTED
NATIONAL WEATHER SERVICE BINGHAMTON, NY
918 PM EST THU DEC 01 2022
...................................
...THE SYRACUSE NY CLIMATE SUMMARY FOR THE SEASON, FROM
9/1/2022 TO 11/30/2022...
CLIMATE NORMAL PERIOD 1991 TO 2020
CLIMATE RECORD PERIOD 1902 TO 2022
WEATHER OBSERVED NORMAL DEPART LAST YEAR`S
VALUE DATE(S) VALUE FROM VALUE DATE(S)
NORMAL
................................................................
TEMPERATURE (F)
RECORD
HIGH 97 09/04/1953
09/03/1953
LOW 11/23/2018
HIGHEST 86 09/18 60 26 85 09/14
LOWEST 23 11/20 42 -19 21 11/24
11/21
AVG. MAXIMUM 63.4 60.5 2.9 64.1
AVG. MINIMUM 44.4 42.6 1.8 46.6
MEAN 53.9 51.5 2.4 55.4
DAYS MAX >= 90 0 1.0 -1.0 0
DAYS MAX <= 32 0 1.7 -1.7 0
DAYS MIN <= 32 16 19.5 -3.5 18
DAYS MIN <= 0 0 0.0 0.0 0
PRECIPITATION (INCHES)
RECORD
MAXIMUM 16.60 1977
MINIMUM 4.47 1964
TOTALS 9.49 10.50 -1.01 13.45
DAILY AVG. 0.11 0.12 -0.01 0.15
DAYS >= .01 35 42.1 -7.1 42
DAYS >= .10 19 22.9 -3.9 24
DAYS >= .50 6 6.3 -0.3 8
DAYS >= 1.00 2 1.7 0.3 3
GREATEST
24 HR. TOTAL 2.63 11/11 TO 11/12 2.36 10/25 TO 10/26
SNOWFALL (INCHES)
RECORDS
TOTAL 34.2 1995
24 HR TOTAL 18.3 11/21/2016 TO 11/21/2016
SNOW DEPTH 22 11/21/2016
11/22/2016
TOTALS 3.7 10.0 -6.3 4.2
SINCE 7/1 3.7 10.0 -6.3 4.2
SNOWDEPTH AVG. 0 0
DAYS >= TRACE 11 6.2 4.8 11
DAYS >= 1.0 1 2.7 -1.7 1
GREATEST
SNOW DEPTH 2 11/16 2 11/23
24 HR TOTAL 2.2 11/15 TO 11/16 2.2 11/22 TO 11/23
DEGREE DAYS
HEATING TOTAL 1080 1292 -212 951
SINCE 7/1 1080 1312 -232 954
COOLING TOTAL 90 68 22 103
SINCE 1/1 818 619 199 975
FREEZE DATES
RECORD
EARLIEST 09/23/1963
LATEST 05/24/1963
EARLIEST 10/28
LATEST 05/01
................................................................
WIND (MPH)
AVERAGE WIND SPEED 7.5
RESULTANT WIND SPEED/DIRECTION 3/230
HIGHEST WIND SPEED/DIRECTION 39/260 DATE 11/20
HIGHEST GUST SPEED/DIRECTION 49/260 DATE 11/20
SKY COVER
POSSIBLE SUNSHINE (PERCENT) MM
AVERAGE SKY COVER 0.68
AVERAGE RH (PERCENT) 67
WEATHER CONDITIONS. NUMBER OF DAYS WITH
THUNDERSTORM 5 MIXED PRECIP 0
HEAVY RAIN 9 RAIN 14
LIGHT RAIN 45 FREEZING RAIN 0
LT FREEZING RAIN 1 HAIL 0
HEAVY SNOW 0 SNOW 0
LIGHT SNOW 11 SLEET 0
FOG 38 FOG W/VIS <= 1/4 MILE 0
HAZE 7
- INDICATES NEGATIVE NUMBERS.
R INDICATES RECORD WAS SET OR TIED.
MM INDICATES DATA IS MISSING.
T INDICATES TRACE AMOUNT.
&&
CORRECTED GREATEST 24 HOUR SNOWFALL
REPLACED MISSING 2021 DATA WITH ACTUAL
9TH WARMEST MEAN TEMPERATURE SEPTEMBER TO NOVEMBER PERIOD
$$
TAC