000
CXUS52 KTBW 071301
CF6TBW
PRELIMINARY LOCAL CLIMATOLOGICAL DATA (WS FORM: F-6)
STATION: RUSKIN WFO
MONTH: DECEMBER
YEAR: 2021
LATITUDE: 27 42 N
LONGITUDE: 82 24 W
TEMPERATURE IN F: :PCPN: SNOW: WIND :SUNSHINE: SKY :PK WND
================================================================================
1 2 3 4 5 6A 6B 7 8 9 10 11 12 13 14 15 16 17 18
12Z AVG MX 2MIN
DY MAX MIN AVG DEP HDD CDD WTR SNW DPTH SPD SPD DIR MIN PSBL S-S WX SPD DR
================================================================================
1 79 49 64 -2 1 0 0.00 0.0 0 M M M M M M M M
2 76 54 65 -1 0 0 0.00 0.0 0 M M M M M M M M
3 76 51 64 -2 1 0 0.00 0.0 0 M M M M M M 128 M M
4 76 51 64 -2 1 0 0.00 0.0 0 M M M M M M M M
5 82 57 70 5 0 5 0.00 0.0 0 M M M M M M M M
6 81 62 72 7 0 7 0.00 0.0 0 M M M M M M 128 M M
7 80 61 71 6 0 6 0.00 0.0 0 M M M M M M 12 M M
8 82 61 72 7 0 7 0.05 0.0 0 M M M M M M 12 M M
9 83 66 75 10 0 10 0.00 0.0 0 M M M M M M 12 M M
10 84 65 75 10 0 10 0.00 0.0 0 M M M M M M 12 M M
11 84 66 75 10 0 10 0.00 0.0 0 M M M M M M 1 M M
12 83 65 74 10 0 9 0.00 0.0 0 M M M M M M 12 M M
13 84 65 75 11 0 10 0.00 0.0 0 M M M M M M M M
14 80 67 74 10 0 9 T 0.0 0 M M M M M M M M
15 82 64 73 9 0 8 0.24 0.0 0 M M M M M M M M
16 83 66 75 11 0 10 0.00 0.0 0 M M M M M M M M
17 84 64 74 10 0 9 0.00 0.0 0 M M M M M M M M
18 83 65 74 10 0 9 0.00 0.0 0 M M M M M M M M
19 82 68 75 11 0 10 0.00 0.0 0 M M M M M M M M
20 76 66 71 8 0 6 0.00 0.0 0 M M M M M M M M
21 71 62 67 4 0 2 0.85 0.0 0 M M M M M M 13 M M
22 64 54 59 -4 6 0 0.00 0.0 0 M M M M M M M M
23 68 46 57 -6 8 0 0.00 0.0 0 M M M M M M M M
24 77 50 64 1 1 0 0.00 0.0 0 M M M M M M M M
25 78 52 65 2 0 0 0.00 0.0 0 M M M M M M M M
26 78 55 67 5 0 2 0.00 0.0 0 M M M M M M M M
27 79 55 67 5 0 2 0.00 0.0 0 M M M M M M M M
28 80 57 69 7 0 4 0.00 0.0 0 M M M M M M M M
29 82 62 72 10 0 7 0.00 0.0 0 M M M M M M M M
30 82 66 74 12 0 9 0.00 0.0 0 M M M M M M 18 M M
31 83 66 75 13 0 10 0.00 0.0 0 M M M M M M 1 M M
================================================================================
SM 2462 1858 18 171 1.14 0.0 M M M
================================================================================
AV 79.4 59.9 M FASTST M M M MAX(MPH)
MISC ----> M M M M
================================================================================
NOTES:
# LAST OF SEVERAL OCCURRENCES
COLUMN 17 PEAK WIND IN M.P.H.
PRELIMINARY LOCAL CLIMATOLOGICAL DATA (WS FORM: F-6) , PAGE 2
STATION: RUSKIN WFO
MONTH: DECEMBER
YEAR: 2021
LATITUDE: 27 42 N
LONGITUDE: 82 24 W
[TEMPERATURE DATA] [PRECIPITATION DATA] SYMBOLS USED IN COLUMN 16
AVERAGE MONTHLY: 69.7 TOTAL FOR MONTH: 1.14 1 = FOG OR MIST
DPTR FM NORMAL: 5.8 DPTR FM NORMAL: -1.44 2 = FOG REDUCING VISIBILITY
HIGHEST: 84 ON 17,13 GRTST 24HR 0.85 ON 21-21 TO 1/4 MILE OR LESS
LOWEST: 46 ON 23 3 = THUNDER
SNOW, ICE PELLETS, HAIL 4 = ICE PELLETS
TOTAL MONTH: 0.0 INCH 5 = HAIL
GRTST 24HR 0.0 6 = FREEZING RAIN OR DRIZZLE
GRTST DEPTH: 0 7 = DUSTSTORM OR SANDSTORM:
VSBY 1/2 MILE OR LESS
8 = SMOKE OR HAZE
[NO. OF DAYS WITH] [WEATHER - DAYS WITH] 9 = BLOWING SNOW
X = TORNADO
MAX 32 OR BELOW: 0 0.01 INCH OR MORE: 3
MAX 90 OR ABOVE: 0 0.10 INCH OR MORE: 2
MIN 32 OR BELOW: 0 0.50 INCH OR MORE: 1
MIN 0 OR BELOW: 0 1.00 INCH OR MORE: 0
[HDD (BASE 65) ]
TOTAL THIS MO. 18 CLEAR (SCALE 0-3) 0
DPTR FM NORMAL -103 PTCLDY (SCALE 4-7) 0
TOTAL FM JUL 1 56 CLOUDY (SCALE 8-10) 31
DPTR FM NORMAL -112
[CDD (BASE 65) ]
TOTAL THIS MO. 171
DPTR FM NORMAL 84 [PRESSURE DATA]
TOTAL FM JAN 1 3870 HIGHEST SLP M ON M
DPTR FM NORMAL 393 LOWEST SLP M ON M
[REMARKS]
#FINAL-12-21#