000
CXUS54 KEPZ 011030
CF6TCS
PRELIMINARY LOCAL CLIMATOLOGICAL DATA (WS FORM: F-6)
STATION: TRUTH OR CONSEQUENCES
MONTH: JULY
YEAR: 2023
LATITUDE: 33 13 N
LONGITUDE: 107 16 W
TEMPERATURE IN F: :PCPN: SNOW: WIND :SUNSHINE: SKY :PK WND
================================================================================
1 2 3 4 5 6A 6B 7 8 9 10 11 12 13 14 15 16 17 18
12Z AVG MX 2MIN
DY MAX MIN AVG DEP HDD CDD WTR SNW DPTH SPD SPD DIR MIN PSBL S-S WX SPD DR
================================================================================
1 96 68 82 1 0 17 0.00 M M 8.3 23 20 M M 0 31 30
2 97 73 85 4 0 20 T M M 9.0 31 280 M M 0 43 300
3 97 66 82 1 0 17 0.00 M M 7.9 21 170 M M 0 28 170
4 99 67 83 2 0 18 0.00 M M 7.7 22 230 M M 0 26 220
5 102 71 87 6 0 22 0.00 M M 8.2 25 100 M M 0 32 80
6 102 73 88 7 0 23 0.00 M M 8.6 21 300 M M 0 28 290
7 104 72 88 7 0 23 0.00 M M 6.7 22 20 M M 0 36 360
8 99 72 86 5 0 21 T M M 8.0 22 240 M M 1 3 30 280
9 102 71 87 6 0 22 0.00 M M 8.7 25 270 M M 0 37 240
10 100 73 87 6 0 22 0.07 M M 8.1 31 300 M M 3 3 41 290
11 102 78 90 9 0 25 0.00 M M 11.3 29 300 M M 0 3 44 330
12 102 72 87 6 0 22 0.00 M M 9.8 35 280 M M 0 3 45 290
13 100 74 87 6 0 22 T M M 11.5 26 270 M M 0 3 35 240
14 104 78 91 10 0 26 0.00 M M 8.4 28 180 M M 1 35 180
15 102 77 90 10 0 25 T M M 12.9 32 110 M M 1 3 45 100
16 101 72 87 7 0 22 0.00 M M 7.6 17 170 M M 0 26 90
17 105 72 89 9 0 24 0.00 M M 8.7 31 180 M M 0 41 190
18 105 77 91 11 0 26 0.00 M M 12.1 32 280 M M 0 41 300
19 105 75 90 10 0 25 0.00 M M 7.9 30 270 M M 0 3 41 290
20 104 80 92 12 0 27 0.00 M M 9.8 30 290 M M 0 40 290
21 102 73 88 8 0 23 0.01 M M 9.3 28 270 M M 1 3 39 280
22 98 72 85 5 0 20 T M M 8.8 40 300 M M 1 3 51 310
23 97 69 83 3 0 18 0.00 M M 5.5 17 140 M M 0 24 100
24 101 72 87 7 0 22 0.00 M M 7.4 17 170 M M 0 26 170
25 102 71 87 7 0 22 0.00 M M 8.2 24 310 M M 0 34 310
26 105 72 89 9 0 24 0.00 M M 9.2 22 310 M M 0 34 310
27 103 76 90 10 0 25 T M M 6.3 28 310 M M 0 3 42 250
28 102 75 89 9 0 24 T M M 7.6 26 290 M M 0 3 34 300
29 99 75 87 7 0 22 0.03 M M 6.4 23 310 M M 1 3 32 310
30 98 69 84 4 0 19 0.00 M M 8.4 21 150 M M 0 28 120
31 97 70 84 4 0 19 T M M 7.0 20 160 M M 2 3 25 210
================================================================================
SM 3132 2255 0 687 0.11 M 265.3 M 11
================================================================================
AV101.0 72.7 8.6 FASTST M M 0 MAX(MPH)
MISC ----> 40 300 51 310
================================================================================
NOTES:
# LAST OF SEVERAL OCCURRENCES
COLUMN 17 PEAK WIND IN M.P.H.
PRELIMINARY LOCAL CLIMATOLOGICAL DATA (WS FORM: F-6) , PAGE 2
STATION: TRUTH OR CONSEQUENCES
MONTH: JULY
YEAR: 2023
LATITUDE: 33 13 N
LONGITUDE: 107 16 W
[TEMPERATURE DATA] [PRECIPITATION DATA] SYMBOLS USED IN COLUMN 16
AVERAGE MONTHLY: 86.9 TOTAL FOR MONTH: 0.11 1 = FOG OR MIST
DPTR FM NORMAL: 6.4 DPTR FM NORMAL: -1.52 2 = FOG REDUCING VISIBILITY
HIGHEST: 105 ON 26,19 GRTST 24HR 0.07 ON 10-10 TO 1/4 MILE OR LESS
LOWEST: 66 ON 3 3 = THUNDER
SNOW, ICE PELLETS, HAIL 4 = ICE PELLETS
TOTAL MONTH: M 5 = HAIL
GRTST 24HR M ON M 6 = FREEZING RAIN OR DRIZZLE
GRTST DEPTH: M ON M 7 = DUSTSTORM OR SANDSTORM:
VSBY 1/2 MILE OR LESS
8 = SMOKE OR HAZE
[NO. OF DAYS WITH] [WEATHER - DAYS WITH] 9 = BLOWING SNOW
X = TORNADO
MAX 32 OR BELOW: 0 0.01 INCH OR MORE: 3
MAX 90 OR ABOVE: 31 0.10 INCH OR MORE: 0
MIN 32 OR BELOW: 0 0.50 INCH OR MORE: 0
MIN 0 OR BELOW: 0 1.00 INCH OR MORE: 0
[HDD (BASE 65) ]
TOTAL THIS MO. 0 CLEAR (SCALE 0-3) 31
DPTR FM NORMAL 0 PTCLDY (SCALE 4-7) 0
TOTAL FM JUL 1 0 CLOUDY (SCALE 8-10) 0
DPTR FM NORMAL 0
[CDD (BASE 65) ]
TOTAL THIS MO. 687
DPTR FM NORMAL 208 [PRESSURE DATA]
TOTAL FM JAN 1 1276 HIGHEST SLP 30.03 ON 23
DPTR FM NORMAL 146 LOWEST SLP 29.55 ON 7
[REMARKS]
#FINAL-07-23#