000
CXUS54 KFWD 010731
CF6TKI
PRELIMINARY LOCAL CLIMATOLOGICAL DATA (WS FORM: F-6)
STATION: MCKINNEY
MONTH: JUNE
YEAR: 2023
LATITUDE: 33 10 N
LONGITUDE: 96 35 W
TEMPERATURE IN F: :PCPN: SNOW: WIND :SUNSHINE: SKY :PK WND
================================================================================
1 2 3 4 5 6A 6B 7 8 9 10 11 12 13 14 15 16 17 18
12Z AVG MX 2MIN
DY MAX MIN AVG DEP HDD CDD WTR SNW DPTH SPD SPD DIR MIN PSBL S-S WX SPD DR
================================================================================
1 88 68 78 0 0 13 0.00 M M 6.4 15 150 M M 1 23 160
2 90 68 79 1 0 14 0.00 M M 6.0 16 150 M M 0 24 150
3 90 64 77 -1 0 12 0.31 M M 5.4 28 290 M M 3 13 39 60
4 84 63 74 -4 0 9 0.00 M M 5.6 15 40 M M 2 3 22 40
5 86 65 76 -3 0 11 0.80 M M 5.4 23 160 M M 3 13 31 160
6 89 67 78 -1 0 13 0.03 M M 3.9 21 150 M M 1 3 27 150
7 90 64 77 -2 0 12 T M M 4.0 13 200 M M 0 3 16 190
8 89 66 78 -1 0 13 0.01 M M 4.2 16 150 M M 1 13 21 200
9 92 67 80 0 0 15 0.00 M M 5.4 14 150 M M 1 17 160
10 88 73 81 1 0 16 0.00 M M 9.2 23 30 M M 0 30 30
11 95 68 82 2 0 17 0.25 M M 5.9 25 180 M M 1 3 34 200
12 84 68 76 -4 0 11 0.02 M M 9.5 30 360 M M 4 13 40 360
13 77 66 72 -8 0 7 0.16 M M 6.0 13 110 M M 10 13 18 70
14 88 73 81 1 0 16 T M M 4.4 10 60 M M 7 12 14 40
15 92 68 80 -1 0 15 0.15 M M 7.7 24 40 M M 3 1238 38 50
16 91 66 79 -2 0 14 0.12 M M 9.5 30 80 M M 5 13 47 80
17 92 70 81 0 0 16 0.00 M M 6.8 17 160 M M 2 13 23 160
18 89 69 79 -2 0 14 0.00 M M 6.0 30 10 M M 4 3 38 360
19 94 68 81 0 0 16 0.00 M M 7.1 15 130 M M 1 23 180
20 95 80 88 7 0 23 T M M 8.8 16 160 M M 3 3 23 150
21 92 76 84 3 0 19 T M M 8.3 22 40 M M 4 3 30 120
22 90 76 83 1 0 18 0.00 M M 6.9 15 100 M M 3 23 110
23 91 70 81 -1 0 16 0.68 M M 5.8 31 360 M M 2 13 48 360
24 96 73 85 3 0 20 0.00 M M 12.3 22 170 M M 0 29 170
25 96 78 87 5 0 22 0.00 M M 10.4 18 170 M M 0 8 24 150
26 95 78 87 5 0 22 0.00 M M 9.6 20 150 M M 0 27 150
27 96 79 88 6 0 23 0.00 M M 10.5 18 140 M M 0 24 180
28 96 76 86 4 0 21 0.00 M M 10.8 20 160 M M 0 27 150
29 97 77 87 5 0 22 0.00 M M 10.7 20 140 M M 0 25 140
30 95 78 87 4 0 22 0.00 M M 8.6 18 140 M M 0 24 150
================================================================================
SM 2727 2122 0 482 2.53 M 221.1 M 61
================================================================================
AV 90.9 70.7 7.4 FASTST M M 2 MAX(MPH)
MISC ----> 31 360 48 360
================================================================================
NOTES:
# LAST OF SEVERAL OCCURRENCES
COLUMN 17 PEAK WIND IN M.P.H.
PRELIMINARY LOCAL CLIMATOLOGICAL DATA (WS FORM: F-6) , PAGE 2
STATION: MCKINNEY
MONTH: JUNE
YEAR: 2023
LATITUDE: 33 10 N
LONGITUDE: 96 35 W
[TEMPERATURE DATA] [PRECIPITATION DATA] SYMBOLS USED IN COLUMN 16
AVERAGE MONTHLY: 80.8 TOTAL FOR MONTH: 2.53 1 = FOG OR MIST
DPTR FM NORMAL: 0.3 DPTR FM NORMAL: -1.05 2 = FOG REDUCING VISIBILITY
HIGHEST: 97 ON 29 GRTST 24HR 0.80 ON 5- 5 TO 1/4 MILE OR LESS
LOWEST: 63 ON 4 3 = THUNDER
SNOW, ICE PELLETS, HAIL 4 = ICE PELLETS
TOTAL MONTH: M 5 = HAIL
GRTST 24HR M ON M 6 = FREEZING RAIN OR DRIZZLE
GRTST DEPTH: M ON M 7 = DUSTSTORM OR SANDSTORM:
VSBY 1/2 MILE OR LESS
8 = SMOKE OR HAZE
[NO. OF DAYS WITH] [WEATHER - DAYS WITH] 9 = BLOWING SNOW
X = TORNADO
MAX 32 OR BELOW: 0 0.01 INCH OR MORE: 10
MAX 90 OR ABOVE: 20 0.10 INCH OR MORE: 7
MIN 32 OR BELOW: 0 0.50 INCH OR MORE: 2
MIN 0 OR BELOW: 0 1.00 INCH OR MORE: 0
[HDD (BASE 65) ]
TOTAL THIS MO. 0 CLEAR (SCALE 0-3) 23
DPTR FM NORMAL 0 PTCLDY (SCALE 4-7) 6
TOTAL FM JUL 1 2256 CLOUDY (SCALE 8-10) 1
DPTR FM NORMAL -242
[CDD (BASE 65) ]
TOTAL THIS MO. 482
DPTR FM NORMAL 19 [PRESSURE DATA]
TOTAL FM JAN 1 839 HIGHEST SLP M ON M
DPTR FM NORMAL 15 LOWEST SLP 29.60 ON 15
[REMARKS]
#FINAL-06-23#