000
CXUS52 KTAE 010800
CF6TLH
PRELIMINARY LOCAL CLIMATOLOGICAL DATA (WS FORM: F-6)
STATION: TALLAHASSEE
MONTH: MARCH
YEAR: 2024
LATITUDE: 30 22 N
LONGITUDE: 84 22 W
TEMPERATURE IN F: :PCPN: SNOW: WIND :SUNSHINE: SKY :PK WND
================================================================================
1 2 3 4 5 6A 6B 7 8 9 10 11 12 13 14 15 16 17 18
12Z AVG MX 2MIN
DY MAX MIN AVG DEP HDD CDD WTR SNW DPTH SPD SPD DIR MIN PSBL S-S WX SPD DR
================================================================================
1 72 56 64 5 1 0 0.01 0.0 M 6.3 15 130 M M 8 1 21 150
2 77 64 71 12 0 6 0.00 0.0 M 3.3 15 260 M M 8 13 18 230
3 83 53 68 9 0 3 T 0.0 M 3.1 14 90 M M 5 13 18 100
4 80 61 71 12 0 6 0.00 0.0 M 6.0 13 80 M M 6 18 120
5 69 64 67 8 0 2 0.83 0.0 0 7.4 20 100 M M 8 1 27 120
6 81 59 70 10 0 5 0.01 0.0 0 7.0 21 250 M M 6 1 28 260
7 81 50 66 6 0 1 0.00 0.0 0 2.2 12 190 M M 1 14 180
8 80 54 67 7 0 2 0.00 0.0 M 8.0 18 160 M M 5 28 150
9 78 64 71 11 0 6 1.19 0.0 M 8.5 22 190 M M 9 1238 32 220
10 68 50 59 -1 6 0 0.00 0.0 0 10.3 21 320 M M 4 28 320
11 71 41 56 -4 9 0 0.00 0.0 0 3.1 13 30 M M 1 18 10
12 77 36 57 -4 8 0 0.00 0.0 0 2.2 12 160 M M 0 17 210
13 77 42 60 -1 5 0 0.00 0.0 0 1.8 10 210 M M 1 1 15 200
14 83 53 68 7 0 3 0.00 0.0 0 3.0 13 220 M M 7 12 17 230
15 87 54 71 10 0 6 0.00 0.0 0 6.4 17 220 M M 4 24 200
16 88 65 77 15 0 12 0.04 0.0 0 4.5 13 170 M M 5 1 18 270
17 82 58 70 8 0 5 0.11 0.0 0 4.6 16 240 M M 5 1 21 150
18 73 56 65 3 0 0 0.13 0.0 0 10.5 23 330 M M 7 13 35 330
19 67 40 54 -8 11 0 0.00 0.0 0 5.5 18 340 M M 1 26 360
20 74 36 55 -7 10 0 0.00 0.0 0 2.6 15 200 M M 1 8 19 170
21 80 40 60 -2 5 0 0.00 0.0 0 3.8 15 180 M M 4 20 180
22 69 60 65 3 0 0 1.53 0.0 0 7.5 24 90 M M 8 13 31 110
23 75 61 68 5 0 3 1.94 0.0 0 8.5 23 320 M M 7 13 32 340
24 77 53 65 2 0 0 0.00 0.0 M 10.4 23 110 M M 3 30 110
25 81 55 68 5 0 3 0.00 0.0 0 13.2 22 110 M M 3 29 100
26 76 61 69 6 0 4 0.44 0.0 0 10.4 23 170 M M 7 3 35 190
27 71 65 68 5 0 3 1.44 0.0 0 4.5 13 340 M M 10 13 17 350
28 77 50 64 0 1 0 0.00 0.0 0 8.5 22 310 M M 2 29 300
29 76 41 59 -5 6 0 0.00 0.0 0 3.6 13 70 M M 0 18 30
30 80 46 63 -1 2 0 0.00 0.0 0 2.4 15 170 M M 1 20 230
31 82 44 63 -1 2 0 0.00 0.0 0 5.5 16 280 M M 3 25 240
================================================================================
SM 2392 1632 66 70 7.67 0.0 184.6 M 140
================================================================================
AV 77.2 52.6 6.0 FASTST M M 5 MAX(MPH)
MISC ----> 24 90 # 35 330
================================================================================
NOTES:
# LAST OF SEVERAL OCCURRENCES
COLUMN 17 PEAK WIND IN M.P.H.
PRELIMINARY LOCAL CLIMATOLOGICAL DATA (WS FORM: F-6) , PAGE 2
STATION: TALLAHASSEE
MONTH: MARCH
YEAR: 2024
LATITUDE: 30 22 N
LONGITUDE: 84 22 W
[TEMPERATURE DATA] [PRECIPITATION DATA] SYMBOLS USED IN COLUMN 16
AVERAGE MONTHLY: 64.9 TOTAL FOR MONTH: 7.67 1 = FOG OR MIST
DPTR FM NORMAL: 3.5 DPTR FM NORMAL: 2.43 2 = FOG REDUCING VISIBILITY
HIGHEST: 88 ON 16 GRTST 24HR 3.47 ON 22-23 TO 1/4 MILE OR LESS
LOWEST: 36 ON 20,12 3 = THUNDER
SNOW, ICE PELLETS, HAIL 4 = ICE PELLETS
TOTAL MONTH: 0.0 INCH 5 = HAIL
GRTST 24HR 0.0 6 = FREEZING RAIN OR DRIZZLE
GRTST DEPTH: 0 7 = DUSTSTORM OR SANDSTORM:
VSBY 1/2 MILE OR LESS
8 = SMOKE OR HAZE
[NO. OF DAYS WITH] [WEATHER - DAYS WITH] 9 = BLOWING SNOW
X = TORNADO
MAX 32 OR BELOW: 0 0.01 INCH OR MORE: 11
MAX 90 OR ABOVE: 0 0.10 INCH OR MORE: 8
MIN 32 OR BELOW: 0 0.50 INCH OR MORE: 5
MIN 0 OR BELOW: 0 1.00 INCH OR MORE: 4
[HDD (BASE 65) ]
TOTAL THIS MO. 66 CLEAR (SCALE 0-3) 10
DPTR FM NORMAL -97 PTCLDY (SCALE 4-7) 17
TOTAL FM JUL 1 1135 CLOUDY (SCALE 8-10) 4
DPTR FM NORMAL -282
[CDD (BASE 65) ]
TOTAL THIS MO. 70
DPTR FM NORMAL 19 [PRESSURE DATA]
TOTAL FM JAN 1 102 HIGHEST SLP M ON M
DPTR FM NORMAL 29 LOWEST SLP 29.65 ON 22
[REMARKS]
#FINAL-03-24#