000
CXUS52 KMFL 011030
CF6TMB
PRELIMINARY LOCAL CLIMATOLOGICAL DATA (WS FORM: F-6)
STATION: KENDALL-TAMIAMI EXEC ARPT
MONTH: JUNE
YEAR: 2023
LATITUDE: 25 38 N
LONGITUDE: 80 26 W
TEMPERATURE IN F: :PCPN: SNOW: WIND :SUNSHINE: SKY :PK WND
================================================================================
1 2 3 4 5 6A 6B 7 8 9 10 11 12 13 14 15 16 17 18
12Z AVG MX 2MIN
DY MAX MIN AVG DEP HDD CDD WTR SNW DPTH SPD SPD DIR MIN PSBL S-S WX SPD DR
================================================================================
1 90 73 82 1 0 17 0.71 0.0 0 4.5 28 310 M M 2 13 34 310
2 87 74 81 0 0 16 T 0.0 0 3.6 18 310 M M 2 3 23 320
3 88 70 79 -2 0 14 2.19 0.0 0 4.5 21 300 M M 3 13 34 110
4 91 72 82 1 0 17 0.07 0.0 0 7.0 25 330 M M 5 13 31 330
5 92 69 81 0 0 16 0.20 0.0 0 7.6 21 50 M M 5 1 24 40
6 85 73 79 -3 0 14 0.08 0.0 0 7.2 16 100 M M 5 13 19 100
7 88 74 81 -1 0 16 1.52 0.0 0 3.2 20 10 M M 3 123 28 100
8 92 74 83 1 0 18 T 0.0 0 6.7 18 270 M M 3 13 26 230
9 92 74 83 1 0 18 0.02 M M 5.8 15 280 M M 2 3 20 250
10 92 73 83 1 0 18 0.01 0.0 0 4.3 18 310 M M 2 13 22 310
11 89 75 82 0 0 17 0.48 M M 4.5 17 300 M M 2 13 24 180
12 88 77 83 1 0 18 0.63 0.0 0 4.5 22 160 M M 3 13 29 170
13 93 75 84 2 0 19 0.00 0.0 0 5.7 17 180 M M 1 23 170
14 93 78 86 4 0 21 0.00 0.0 0 5.7 14 230 M M 3 20 190
15 93 76 85 3 0 20 0.00 0.0 0 5.7 16 140 M M 1 1 19 150
16 95 79 87 5 0 22 0.01 0.0 0 7.5 18 270 M M 1 3 23 250
17 94 75 85 3 0 20 0.24 0.0 0 6.7 32 220 M M 3 38 45 220
18 91 76 84 2 0 19 0.06 0.0 0 7.7 30 270 M M 3 13 40 270
19 94 72 83 1 0 18 0.84 0.0 0 6.6 36 70 M M 3 13 44 60
20 92 72 82 0 0 17 0.18 M M 7.0 23 10 M M 3 13 30 10
21 92 72 82 -1 0 17 0.01 M M 6.4 17 350 M M 1 3 20 140
22 89 76 83 0 0 18 0.04 M M 5.5 16 130 M M 1 3 23 130
23 92 78 85 2 0 20 0.00 M M 6.1 14 140 M M 1 3 19 110
24 91 75 83 0 0 18 0.09 0.0 0 6.3 15 340 M M 2 13 20 120
25 90 74 82 -1 0 17 0.48 0.0 0 1.7 25 280 M M 2 13 29 280
26 91 73 82 -1 0 17 0.42 0.0 0 3.3 16 110 M M 2 138 22 110
27 95 75 85 2 0 20 0.00 0.0 0 3.9 16 130 M M 1 3 22 150
28 96 76 86 3 0 21 0.18 0.0 0 4.8 15 300 M M 2 13 20 150
29 95 76 86 3 0 21 T 0.0 0 4.4 17 150 M M 4 3 20 160
30 91 76 84 1 0 19 T 0.0 0 3.9 14 290 M M 2 3 19 260
================================================================================
SM 2741 2232 0 543 8.46 0.0 162.3 M 73
================================================================================
AV 91.4 74.4 5.4 FASTST M M 2 MAX(MPH)
MISC ----> 36 70 45 220
================================================================================
NOTES:
# LAST OF SEVERAL OCCURRENCES
COLUMN 17 PEAK WIND IN M.P.H.
PRELIMINARY LOCAL CLIMATOLOGICAL DATA (WS FORM: F-6) , PAGE 2
STATION: KENDALL-TAMIAMI EXEC ARPT
MONTH: JUNE
YEAR: 2023
LATITUDE: 25 38 N
LONGITUDE: 80 26 W
[TEMPERATURE DATA] [PRECIPITATION DATA] SYMBOLS USED IN COLUMN 16
AVERAGE MONTHLY: 82.9 TOTAL FOR MONTH: 8.46 1 = FOG OR MIST
DPTR FM NORMAL: 0.8 DPTR FM NORMAL: -0.36 2 = FOG REDUCING VISIBILITY
HIGHEST: 96 ON 28 GRTST 24HR 2.21 ON 3- 4 TO 1/4 MILE OR LESS
LOWEST: 69 ON 5 3 = THUNDER
SNOW, ICE PELLETS, HAIL 4 = ICE PELLETS
TOTAL MONTH: 0.0 INCH 5 = HAIL
GRTST 24HR 0.0 6 = FREEZING RAIN OR DRIZZLE
GRTST DEPTH: 0 7 = DUSTSTORM OR SANDSTORM:
VSBY 1/2 MILE OR LESS
8 = SMOKE OR HAZE
[NO. OF DAYS WITH] [WEATHER - DAYS WITH] 9 = BLOWING SNOW
X = TORNADO
MAX 32 OR BELOW: 0 0.01 INCH OR MORE: 21
MAX 90 OR ABOVE: 23 0.10 INCH OR MORE: 12
MIN 32 OR BELOW: 0 0.50 INCH OR MORE: 5
MIN 0 OR BELOW: 0 1.00 INCH OR MORE: 2
[HDD (BASE 65) ]
TOTAL THIS MO. 0 CLEAR (SCALE 0-3) 25
DPTR FM NORMAL 0 PTCLDY (SCALE 4-7) 5
TOTAL FM JUL 1 85 CLOUDY (SCALE 8-10) 0
DPTR FM NORMAL -70
[CDD (BASE 65) ]
TOTAL THIS MO. 543
DPTR FM NORMAL 29 [PRESSURE DATA]
TOTAL FM JAN 1 2127 HIGHEST SLP 30.06 ON 23
DPTR FM NORMAL 401 LOWEST SLP 29.63 ON 4
[REMARKS]
#FINAL-06-23#