000
CXUS51 KCLE 010900
CF6TOL
PRELIMINARY LOCAL CLIMATOLOGICAL DATA (WS FORM: F-6)
STATION: TOLEDO OH
MONTH: DECEMBER
YEAR: 2023
LATITUDE: 41 35 N
LONGITUDE: 83 48 W
TEMPERATURE IN F: :PCPN: SNOW: WIND :SUNSHINE: SKY :PK WND
================================================================================
1 2 3 4 5 6A 6B 7 8 9 10 11 12 13 14 15 16 17 18
12Z AVG MX 2MIN
DY MAX MIN AVG DEP HDD CDD WTR SNW DPTH SPD SPD DIR MIN PSBL S-S WX SPD DR
================================================================================
1 51 43 47 10 18 0 0.36 0.0 0 3.3 18 230 M M 10 1 24 240
2 45 41 43 6 22 0 0.08 0.0 0 5.5 14 60 M M 10 12 17 70
3 45 39 42 6 23 0 0.27 0.0 0 9.6 23 260 M M 10 12 32 280
4 42 38 40 4 25 0 0.00 0.0 0 8.5 17 240 M M 10 25 240
5 40 36 38 2 27 0 0.04 T 0 4.0 12 330 M M 10 18 16 340
6 42 29 36 1 29 0 T T 0 8.3 16 230 M M 7 22 230
7 50 34 42 7 23 0 0.00 0.0 0 8.3 20 230 M M 3 27 240
8 57 34 46 11 19 0 0.00 0.0 0 9.7 21 200 M M 6 32 220
9 65 44 55 21 10 0 0.08 0.0 0 11.6 25 200 M M 8 3 38 190
10 44 34 39 5 26 0 T T 0 12.5 22 260 M M 10 31 260
11 37 28 33 -1 32 0 0.00 0.0 0 9.0 17 320 M M 9 24 320
12 45 26 36 2 29 0 0.00 0.0 0 11.9 24 230 M M 0 31 280
13 43 23 33 0 32 0 0.00 0.0 0 6.4 14 240 M M 1 17 250
14 50 23 37 4 28 0 0.00 0.0 0 8.5 18 230 M M 0 25 240
15 58 35 47 14 18 0 0.00 0.0 0 5.8 13 240 M M 0 18 230
16 54 31 43 11 22 0 0.00 0.0 0 3.7 13 100 M M 1 21 130
17 52 43 48 16 17 0 0.14 0.0 0 8.9 16 250 M M 10 1 22 260
18 43 32 38 6 27 0 0.05 T 0 16.7 28 300 M M 10 1 39 320
19 37 30 34 2 31 0 0.00 0.0 0 10.0 18 250 M M 6 28 290
20 47 27 37 5 28 0 0.00 0.0 0 3.8 12 230 M M 3 18 170
21 45 31 38 7 27 0 0.00 0.0 0 3.7 10 40 M M 10 13 90
22 47 40 44 13 21 0 0.14 0.0 0 3.7 7 120 M M 10 1 10 190
23 49 42 46 15 19 0 0.27 0.0 0 4.5 10 240 M M 10 12 16 170
24 52 47 50 19 15 0 0.00 0.0 0 2.6 8 90 M M 10 12 13 130
25 59 40 50 20 15 0 0.05 0.0 0 6.0 13 70 M M 6 12 16 140
26 59 50 55 25 10 0 0.01 0.0 0 4.7 15 270 M M 10 18 18 270
27 50 42 46 16 19 0 T 0.0 0 7.4 14 350 M M 9 18 19 330
28 47 39 43 13 22 0 0.16 0.0 0 5.4 14 200 M M 10 1 22 180
29 41 38 40 10 25 0 0.01 0.0 0 8.1 14 240 M M 10 1 18 250
30 44 34 39 9 26 0 0.00 0.0 0 9.7 18 240 M M 9 1 25 210
31 40 35 38 9 27 0 0.08 T 0 6.2 13 210 M M 10 18 18 200
================================================================================
SM 1480 1108 712 0 1.74 T 228.0 M 228
================================================================================
AV 47.7 35.7 7.4 FASTST M M 7 MAX(MPH)
MISC ----> 28 300 39 320
================================================================================
NOTES:
# LAST OF SEVERAL OCCURRENCES
COLUMN 17 PEAK WIND IN M.P.H.
PRELIMINARY LOCAL CLIMATOLOGICAL DATA (WS FORM: F-6) , PAGE 2
STATION: TOLEDO OH
MONTH: DECEMBER
YEAR: 2023
LATITUDE: 41 35 N
LONGITUDE: 83 48 W
[TEMPERATURE DATA] [PRECIPITATION DATA] SYMBOLS USED IN COLUMN 16
AVERAGE MONTHLY: 41.7 TOTAL FOR MONTH: 1.74 1 = FOG OR MIST
DPTR FM NORMAL: 8.9 DPTR FM NORMAL: -0.70 2 = FOG REDUCING VISIBILITY
HIGHEST: 65 ON 9 GRTST 24HR 0.43 ON 1- 2 TO 1/4 MILE OR LESS
LOWEST: 23 ON 14,13 3 = THUNDER
SNOW, ICE PELLETS, HAIL 4 = ICE PELLETS
TOTAL MONTH: T 5 = HAIL
GRTST 24HR T ON 5- 5 6 = FREEZING RAIN OR DRIZZLE
GRTST DEPTH: 0 7 = DUSTSTORM OR SANDSTORM:
VSBY 1/2 MILE OR LESS
8 = SMOKE OR HAZE
[NO. OF DAYS WITH] [WEATHER - DAYS WITH] 9 = BLOWING SNOW
X = TORNADO
MAX 32 OR BELOW: 0 0.01 INCH OR MORE: 14
MAX 90 OR ABOVE: 0 0.10 INCH OR MORE: 6
MIN 32 OR BELOW: 10 0.50 INCH OR MORE: 0
MIN 0 OR BELOW: 0 1.00 INCH OR MORE: 0
[HDD (BASE 65) ]
TOTAL THIS MO. 712 CLEAR (SCALE 0-3) 6
DPTR FM NORMAL -288 PTCLDY (SCALE 4-7) 6
TOTAL FM JUL 1 1716 CLOUDY (SCALE 8-10) 19
DPTR FM NORMAL -365
[CDD (BASE 65) ]
TOTAL THIS MO. 0
DPTR FM NORMAL 0 [PRESSURE DATA]
TOTAL FM JAN 1 861 HIGHEST SLP 30.71 ON 14
DPTR FM NORMAL -159 LOWEST SLP 29.56 ON 18
[REMARKS]
#FINAL-12-23#