000
CXUS53 KTOP 010810
CF6TOP
PRELIMINARY LOCAL CLIMATOLOGICAL DATA (WS FORM: F-6)
STATION: TOPEKA KS
MONTH: MARCH
YEAR: 2024
LATITUDE: 39 4 N
LONGITUDE: 95 38 W
TEMPERATURE IN F: :PCPN: SNOW: WIND :SUNSHINE: SKY :PK WND
================================================================================
1 2 3 4 5 6A 6B 7 8 9 10 11 12 13 14 15 16 17 18
12Z AVG MX 2MIN
DY MAX MIN AVG DEP HDD CDD WTR SNW DPTH SPD SPD DIR MIN PSBL S-S WX SPD DR
================================================================================
1 56 38 47 7 18 0 0.00 0.0 0 9.7 17 170 M M 5 26 200
2 74 29 52 12 13 0 0.00 0.0 0 12.2 25 160 M M 0 1 35 180
3 82 45 64 23 1 0 0.00 0.0 0 15.3 30 190 M M 0 44 150
4 72 44 58 17 7 0 0.00 0.0 0 12.2 25 180 M M 7 40 180
5 62 35 49 7 16 0 0.00 0.0 0 8.8 18 10 M M 3 27 10
6 65 28 47 5 18 0 0.00 0.0 0 5.8 18 100 M M 0 18 25 110
7 50 40 45 3 20 0 0.45 0.0 0 6.6 14 30 M M 7 18 18 30
8 50 35 43 0 22 0 T 0.0 0 12.1 23 350 M M 10 18 35 360
9 57 28 43 0 22 0 0.00 0.0 0 6.9 18 340 M M 0 25 310
10 66 26 46 3 19 0 0.00 0.0 0 6.0 18 170 M M 0 18 27 210
11 73 36 55 11 10 0 0.00 0.0 0 10.4 23 210 M M 0 35 210
12 76 52 64 20 1 0 0.00 0.0 0 9.0 17 200 M M 0 24 190
13 75 37 56 11 9 0 0.00 0.0 0 6.3 20 80 M M 2 138 25 310
14 69 50 60 15 5 0 0.10 T 0 10.9 22 340 M M 8 1358 29 350
15 65 40 53 8 12 0 0.00 0.0 0 7.9 17 350 M M 4 24 40
16 69 37 53 7 12 0 0.00 0.0 0 8.6 21 320 M M 3 8 32 280
17 50 28 39 -7 26 0 0.00 0.0 0 10.9 26 340 M M 0 38 340
18 46 22 34 -12 31 0 0.00 0.0 0 7.0 18 360 M M 0 28 310
19 72 33 53 6 12 0 0.00 0.0 0 6.9 17 320 M M 0 25 280
20 58 31 45 -2 20 0 0.00 0.0 0 9.6 22 40 M M 0 28 20
21 65 37 51 3 14 0 0.00 0.0 0 10.0 17 100 M M 1 24 120
22 56 35 46 -2 19 0 0.00 0.0 0 11.9 29 350 M M 7 18 41 340
23 49 32 41 -7 24 0 T 0.0 0 10.8 20 110 M M 6 29 120
24 57 43 50 1 15 0 0.44 0.0 0 15.3 31 160 M M 7 18 45 160
25 69 37 53 4 12 0 0.04 0.0 0 14.5 26 160 M M 5 1 40 150
26 39 29 34 -15 31 0 0.02 T 0 11.7 23 310 M M 8 18 32 290
27 52 21 37 -13 28 0 0.00 0.0 0 2.9 10 170 M M 3 15 180
28 71 31 51 1 14 0 0.00 0.0 0 8.0 20 220 M M 0 18 30 210
29 77 53 65 15 0 0 0.00 0.0 0 M M M M M 0 M M
30 68 41 55 5 10 0 0.00 0.0 0 M M M M M 2 8 M M
31 83 56 70 19 0 5 0.00 0.0 0 9.0 21 230 M M 7 18 30 250
================================================================================
SM 1973 1129 461 5 1.05 T 277.2 M 95
================================================================================
AV 63.6 36.4 9.6 FASTST M M 3 MAX(MPH)
MISC ----> 31 160 45 160
================================================================================
NOTES:
# LAST OF SEVERAL OCCURRENCES
COLUMN 17 PEAK WIND IN M.P.H.
PRELIMINARY LOCAL CLIMATOLOGICAL DATA (WS FORM: F-6) , PAGE 2
STATION: TOPEKA KS
MONTH: MARCH
YEAR: 2024
LATITUDE: 39 4 N
LONGITUDE: 95 38 W
[TEMPERATURE DATA] [PRECIPITATION DATA] SYMBOLS USED IN COLUMN 16
AVERAGE MONTHLY: 50.0 TOTAL FOR MONTH: 1.05 1 = FOG OR MIST
DPTR FM NORMAL: 4.4 DPTR FM NORMAL: -1.20 2 = FOG REDUCING VISIBILITY
HIGHEST: 83 ON 31 GRTST 24HR 0.45 ON 7- 7 TO 1/4 MILE OR LESS
LOWEST: 21 ON 27 3 = THUNDER
SNOW, ICE PELLETS, HAIL 4 = ICE PELLETS
TOTAL MONTH: T 5 = HAIL
GRTST 24HR T ON 14-14 6 = FREEZING RAIN OR DRIZZLE
GRTST DEPTH: 0 7 = DUSTSTORM OR SANDSTORM:
VSBY 1/2 MILE OR LESS
8 = SMOKE OR HAZE
[NO. OF DAYS WITH] [WEATHER - DAYS WITH] 9 = BLOWING SNOW
X = TORNADO
MAX 32 OR BELOW: 0 0.01 INCH OR MORE: 5
MAX 90 OR ABOVE: 0 0.10 INCH OR MORE: 3
MIN 32 OR BELOW: 11 0.50 INCH OR MORE: 0
MIN 0 OR BELOW: 0 1.00 INCH OR MORE: 0
[HDD (BASE 65) ]
TOTAL THIS MO. 461 CLEAR (SCALE 0-3) 19
DPTR FM NORMAL -145 PTCLDY (SCALE 4-7) 10
TOTAL FM JUL 1 3774 CLOUDY (SCALE 8-10) 2
DPTR FM NORMAL -674
[CDD (BASE 65) ]
TOTAL THIS MO. 5
DPTR FM NORMAL 0 [PRESSURE DATA]
TOTAL FM JAN 1 5 HIGHEST SLP M ON M
DPTR FM NORMAL 0 LOWEST SLP 29.29 ON 25
[REMARKS]
#FINAL-03-24#