000
CXUS53 KTOP 010800
CF6TOP
PRELIMINARY LOCAL CLIMATOLOGICAL DATA (WS FORM: F-6)
STATION: Topeka KS
MONTH: FEBRUARY
YEAR: 2020
LATITUDE: 39 4 N
LONGITUDE: 95 38 W
TEMPERATURE IN F: :PCPN: SNOW: WIND :SUNSHINE: SKY :PK WND
================================================================================
1 2 3 4 5 6A 6B 7 8 9 10 11 12 13 14 15 16 17 18
12Z AVG MX 2MIN
DY MAX MIN AVG DEP HDD CDD WTR SNW DPTH SPD SPD DIR MIN PSBL S-S WX SPD DR
================================================================================
1 61 23 42 11 23 0 0.00 0.0 0 4.1 15 220 M M 0 1 23 220
2 72 29 51 20 14 0 0.00 0.0 0 3.2 14 260 M M 0 19 260
3 45 33 39 8 26 0 0.00 0.0 0 8.9 17 360 M M 5 27 320
4 33 30 32 1 33 0 T T 0 14.0 22 10 M M 10 30 360
5 30 22 26 -6 39 0 T T 0 8.5 17 40 M M 10 21 50
6 40 15 28 -4 37 0 0.00 0.0 0 2.9 7 150 M M 1 11 260
7 41 24 33 1 32 0 0.00 0.0 0 8.2 20 320 M M 6 27 320
8 46 18 32 0 33 0 0.00 0.0 0 6.9 17 150 M M 1 23 140
9 50 28 39 7 26 0 0.00 0.0 0 10.5 25 320 M M 4 34 310
10 46 22 34 1 31 0 0.00 0.0 0 2.8 10 310 M M 2 1 13 320
11 46 29 38 5 27 0 0.00 0.0 0 4.6 12 290 M M 4 18 280
12 35 16 26 -7 39 0 0.38 2.7 0 7.5 29 340 M M 9 1 39 320
13 16 2 9 -25 56 0 0.00 0.0 2 8.5 21 320 M M 0 30 320
14 26 1 14 -20 51 0 0.00 0.0 2 7.2 18 160 M M 2 23 140
15 47 17 32 -2 33 0 0.00 0.0 2 3.7 14 190 M M 3 12 22 200
16 54 23 39 4 26 0 0.00 0.0 T 2.8 12 160 M M 1 128 16 160
17 65 35 50 15 15 0 0.00 0.0 0 7.1 26 310 M M 4 34 320
18 45 25 35 0 30 0 0.00 0.0 0 9.2 20 350 M M 3 29 320
19 45 21 33 -3 32 0 T T 0 7.6 22 30 M M 5 1 29 30
20 34 18 26 -10 39 0 T T 0 8.5 20 10 M M 4 8 26 20
21 45 15 30 -6 35 0 0.00 0.0 0 7.7 17 180 M M 0 26 180
22 57 32 45 8 20 0 0.00 0.0 0 7.5 18 190 M M 0 27 180
23 62 37 50 13 15 0 0.04 0.0 0 4.1 14 130 M M 1 1 16 130
24 47 40 44 7 21 0 0.40 0.0 0 13.2 22 360 M M 10 1 32 30
25 44 33 39 1 26 0 0.00 0.0 0 12.7 28 360 M M 9 39 360
26 41 24 33 -5 32 0 0.00 0.0 0 11.7 24 360 M M 4 32 340
27 51 23 37 -2 28 0 T 0.0 0 6.2 20 330 M M 4 28 320
28 59 25 42 3 23 0 0.00 0.0 0 6.5 16 300 M M 2 12 27 280
29 67 23 45 6 20 0 0.00 0.0 0 9.9 22 160 M M 0 1 33 160
================================================================================
SM 1350 683 862 0 0.82 2.7 216.2 M 104
================================================================================
AV 46.6 23.6 7.5 FASTST M M 4 MAX(MPH)
MISC ----> # 29 340 # 39 320
================================================================================
NOTES:
# LAST OF SEVERAL OCCURRENCES
COLUMN 17 PEAK WIND IN M.P.H.
PRELIMINARY LOCAL CLIMATOLOGICAL DATA (WS FORM: F-6) , PAGE 2
STATION: Topeka KS
MONTH: FEBRUARY
YEAR: 2020
LATITUDE: 39 4 N
LONGITUDE: 95 38 W
[TEMPERATURE DATA] [PRECIPITATION DATA] SYMBOLS USED IN COLUMN 16
AVERAGE MONTHLY: 35.1 TOTAL FOR MONTH: 0.82 1 = FOG OR MIST
DPTR FM NORMAL: 0.7 DPTR FM NORMAL: -0.50 2 = FOG REDUCING VISIBILITY
HIGHEST: 72 ON 2 GRTST 24HR 0.40 ON 24-24 TO 1/4 MILE OR LESS
LOWEST: 1 ON 14 3 = THUNDER
SNOW, ICE PELLETS, HAIL 4 = ICE PELLETS
TOTAL MONTH: 2.7 INCHES 5 = HAIL
GRTST 24HR 2.7 ON 12-12 6 = FREEZING RAIN OR DRIZZLE
GRTST DEPTH: 2 ON 15,14 7 = DUSTSTORM OR SANDSTORM:
VSBY 1/2 MILE OR LESS
8 = SMOKE OR HAZE
[NO. OF DAYS WITH] [WEATHER - DAYS WITH] 9 = BLOWING SNOW
X = TORNADO
MAX 32 OR BELOW: 3 0.01 INCH OR MORE: 3
MAX 90 OR ABOVE: 0 0.10 INCH OR MORE: 2
MIN 32 OR BELOW: 24 0.50 INCH OR MORE: 0
MIN 0 OR BELOW: 0 1.00 INCH OR MORE: 0
[HDD (BASE 65) ]
TOTAL THIS MO. 862 CLEAR (SCALE 0-3) 15
DPTR FM NORMAL 5 PTCLDY (SCALE 4-7) 9
TOTAL FM JUL 1 3779 CLOUDY (SCALE 8-10) 5
DPTR FM NORMAL -214
[CDD (BASE 65) ]
TOTAL THIS MO. 0
DPTR FM NORMAL 0 [PRESSURE DATA]
TOTAL FM JAN 1 0 HIGHEST SLP M ON M
DPTR FM NORMAL 0 LOWEST SLP 29.51 ON 3
[REMARKS]
#FINAL-02-20#