000
CXUS54 KFWD 110129
CF6TPL
PRELIMINARY LOCAL CLIMATOLOGICAL DATA (WS FORM: F-6)
STATION: TEMPLE
MONTH: JUNE
YEAR: 2020
LATITUDE: 31 8 N
LONGITUDE: 97 25 W
TEMPERATURE IN F: :PCPN: SNOW: WIND :SUNSHINE: SKY :PK WND
================================================================================
1 2 3 4 5 6A 6B 7 8 9 10 11 12 13 14 15 16 17 18
12Z AVG MX 2MIN
DY MAX MIN AVG DEP HDD CDD WTR SNW DPTH SPD SPD DIR MIN PSBL S-S WX SPD DR
================================================================================
1 83 69 76 -1 0 11 0.02 0.0 0 4.8 10 90 M M 4 1238 M M
2 90 66 78 1 0 13 0.00 0.0 0 7.0 14 160 M M 2 1 22 150
3 91 69 80 3 0 15 0.00 0.0 0 7.6 15 170 M M 1 M M
4 93 72 83 6 0 18 0.00 0.0 0 9.7 16 170 M M 1 20 170
5 93 73 83 5 0 18 0.00 0.0 0 8.5 16 150 M M 1 8 20 150
6 96 71 84 6 0 19 T 0.0 0 6.7 13 70 M M 0 8 M M
7 93 73 83 5 0 18 0.00 0.0 0 6.0 13 40 M M 2 M M
8 99 69 84 6 0 19 0.00 0.0 0 5.9 12 170 M M 1 M M
9 101 75 88 10 0 23 0.00 0.0 0 12.3 17 180 M M 1 23 190
10 91 58 75 -3 0 10 0.00 0.0 0 8.6 16 360 M M 0 20 360
11 93 55 74 -4 0 9 0.00 0.0 0 5.7 12 40 M M 0 16 360
12 91 59 75 -4 0 10 0.00 0.0 0 6.4 13 70 M M 0 M M
13 92 62 77 -2 0 12 0.00 0.0 0 7.1 13 70 M M 0 20 70
14 92 63 78 -1 0 13 0.00 0.0 0 6.4 14 90 M M 0 8 20 120
15 94 70 82 3 0 17 0.00 0.0 0 8.6 14 170 M M 2 20 110
16 94 71 83 4 0 18 0.00 0.0 0 9.1 14 130 M M 2 21 150
17 94 71 83 4 0 18 0.00 0.0 0 12.9 20 170 M M 0 27 170
18 95 68 82 3 0 17 0.00 0.0 0 13.8 17 140 M M 4 23 180
19 96 74 85 5 0 20 0.00 0.0 0 15.6 25 140 M M 5 8 30 140
20 93 66 80 0 0 15 1.07 0.0 0 10.7 15 160 M M 5 13 22 130
21 95 75 85 5 0 20 0.00 0.0 0 14.0 23 180 M M 4 30 130
22 92 72 82 2 0 17 0.00 0.0 0 13.6 20 170 M M 4 25 180
23 M M M M M M 0.18 M 0 11.8 20 300 M M 5 3 22 270
24 86 70 78 -2 0 13 0.20 0.0 0 8.2 15 60 M M 6 1 20 10
25 88 68 78 -2 0 13 0.00 0.0 0 6.5 15 170 M M 4 M M
26 91 72 82 2 0 17 0.00 0.0 0 16.0 35 170 M M 4 8 43 170
27 94 74 84 3 0 19 0.00 0.0 0 14.9 24 160 M M 5 8 35 150
28 91 77 84 3 0 19 0.00 0.0 0 18.5 31 180 M M 7 40 180
29 93 78 86 5 0 21 0.00 0.0 0 20.2 29 160 M M 6 37 160
30 94 78 86 5 0 21 0.00 0.0 0 18.7 25 170 M M 5 33 170
================================================================================
SM 2688 2018 0 473 1.47 0.0 315.8 M 81
================================================================================
AV 92.7 69.6 10.5 FASTST M M 3 MAX(MPH)
MISC ----> # 35 170 # 43 170
================================================================================
NOTES:
# LAST OF SEVERAL OCCURRENCES
COLUMN 17 PEAK WIND IN M.P.H.
PRELIMINARY LOCAL CLIMATOLOGICAL DATA (WS FORM: F-6) , PAGE 2
STATION: TEMPLE
MONTH: JUNE
YEAR: 2020
LATITUDE: 31 8 N
LONGITUDE: 97 25 W
[TEMPERATURE DATA] [PRECIPITATION DATA] SYMBOLS USED IN COLUMN 16
AVERAGE MONTHLY: 81.1 TOTAL FOR MONTH: 1.47 1 = FOG OR MIST
DPTR FM NORMAL: 2.1 DPTR FM NORMAL: -2.63 2 = FOG REDUCING VISIBILITY
HIGHEST: 101 ON 9 GRTST 24HR 1.07 ON 20-20 TO 1/4 MILE OR LESS
LOWEST: 55 ON 11 3 = THUNDER
SNOW, ICE PELLETS, HAIL 4 = ICE PELLETS
TOTAL MONTH: 0.0 INCH 5 = HAIL
GRTST 24HR 0.0 6 = FREEZING RAIN OR DRIZZLE
GRTST DEPTH: 0 7 = DUSTSTORM OR SANDSTORM:
VSBY 1/2 MILE OR LESS
8 = SMOKE OR HAZE
[NO. OF DAYS WITH] [WEATHER - DAYS WITH] 9 = BLOWING SNOW
X = TORNADO
MAX 32 OR BELOW: 0 0.01 INCH OR MORE: 4
MAX 90 OR ABOVE: 26 0.10 INCH OR MORE: 3
MIN 32 OR BELOW: 0 0.50 INCH OR MORE: 1
MIN 0 OR BELOW: 0 1.00 INCH OR MORE: 1
[HDD (BASE 65) ]
TOTAL THIS MO. 0 CLEAR (SCALE 0-3) 16
DPTR FM NORMAL -1 PTCLDY (SCALE 4-7) 14
TOTAL FM JUL 1 1866 CLOUDY (SCALE 8-10) 0
DPTR FM NORMAL -277
[CDD (BASE 65) ]
TOTAL THIS MO. 473
DPTR FM NORMAL 52 [PRESSURE DATA]
TOTAL FM JAN 1 955 HIGHEST SLP M ON M
DPTR FM NORMAL 119 LOWEST SLP M ON M
[REMARKS]
#FINAL-06-20#