000
CXUS54 KFWD 010731
CF6TPL
PRELIMINARY LOCAL CLIMATOLOGICAL DATA (WS FORM: F-6)
STATION: TEMPLE
MONTH: JULY
YEAR: 2023
LATITUDE: 31 8 N
LONGITUDE: 97 25 W
TEMPERATURE IN F: :PCPN: SNOW: WIND :SUNSHINE: SKY :PK WND
================================================================================
1 2 3 4 5 6A 6B 7 8 9 10 11 12 13 14 15 16 17 18
12Z AVG MX 2MIN
DY MAX MIN AVG DEP HDD CDD WTR SNW DPTH SPD SPD DIR MIN PSBL S-S WX SPD DR
================================================================================
1 98 75 87 6 0 22 T M M 10.3 18 360 M M 3 3 32 330
2 96 74 85 4 0 20 0.00 M M 5.0 13 150 M M 1 M M
3 98 77 88 7 0 23 0.00 M M 7.9 13 150 M M 0 M M
4 96 77 87 6 0 22 0.00 M M 10.5 15 160 M M 0 17 170
5 98 78 88 6 0 23 0.00 M M 12.3 18 160 M M 1 25 140
6 96 75 86 4 0 21 0.00 M M 12.0 23 150 M M 2 31 180
7 95 73 84 2 0 19 0.00 M M 11.8 20 180 M M 2 25 170
8 101 74 88 6 0 23 0.00 M M 11.8 18 160 M M 1 23 160
9 102 77 90 8 0 25 0.00 M M 11.7 20 180 M M 1 24 180
10 103 78 91 9 0 26 0.00 M M 10.5 16 160 M M 0 20 170
11 103 80 92 10 0 27 0.00 M M 13.2 21 170 M M 0 31 160
12 M 78 M M M M 0.00 M M 15.3 16 180 M M 0 M M
13 M M M M M M M M M M M M M M M M M
14 104 M M M M M 0.00 M M 15.8 23 160 M M 0 30 160
15 104 78 91 8 0 26 0.00 M M 10.7 17 160 M M 0 24 160
16 103 79 91 8 0 26 0.00 M M 9.4 15 220 M M 0 M M
17 107 76 92 9 0 27 0.00 M M 11.2 17 150 M M 0 23 190
18 106 78 92 9 0 27 0.00 M M 12.4 17 160 M M 0 23 140
19 104 78 91 8 0 26 0.00 M M 12.9 18 160 M M 0 24 160
20 104 77 91 8 0 26 0.00 M M 11.9 20 160 M M 0 25 160
21 103 75 89 6 0 24 0.00 M M 8.2 13 170 M M 0 16 140
22 101 73 87 4 0 22 0.00 M M 7.0 13 50 M M 0 16 360
23 100 72 86 3 0 21 0.00 M M 7.0 12 40 M M 0 18 60
24 103 68 86 3 0 21 0.00 M M 5.6 14 180 M M 0 18 99
25 102 74 88 4 0 23 0.00 M M 11.0 18 150 M M 0 23 150
26 101 78 90 6 0 25 0.00 M M 11.2 18 140 M M 0 24 140
27 100 76 88 4 0 23 0.00 M M 10.5 15 170 M M 1 20 190
28 100 75 88 4 0 23 0.00 M M 9.1 14 170 M M 0 20 150
29 102 74 88 4 0 23 0.00 M M 7.3 15 140 M M 0 22 140
30 102 74 88 4 0 23 0.00 M M 8.3 15 170 M M 0 17 170
31 105 77 91 7 0 26 0.00 M M 6.5 13 110 M M 1 17 170
================================================================================
SM 2937 2198 0 663 T M 308.2 M 13
================================================================================
AV101.3 75.8 10.3 FASTST M M 0 MAX(MPH)
MISC ----> 23 150 32 330
================================================================================
NOTES:
# LAST OF SEVERAL OCCURRENCES
COLUMN 17 PEAK WIND IN M.P.H.
PRELIMINARY LOCAL CLIMATOLOGICAL DATA (WS FORM: F-6) , PAGE 2
STATION: TEMPLE
MONTH: JULY
YEAR: 2023
LATITUDE: 31 8 N
LONGITUDE: 97 25 W
[TEMPERATURE DATA] [PRECIPITATION DATA] SYMBOLS USED IN COLUMN 16
AVERAGE MONTHLY: 88.5 TOTAL FOR MONTH: T 1 = FOG OR MIST
DPTR FM NORMAL: 5.9 DPTR FM NORMAL: -2.06 2 = FOG REDUCING VISIBILITY
HIGHEST: 107 ON 17 GRTST 24HR T ON 1- 1 TO 1/4 MILE OR LESS
LOWEST: 68 ON 24 3 = THUNDER
SNOW, ICE PELLETS, HAIL 4 = ICE PELLETS
TOTAL MONTH: M 5 = HAIL
GRTST 24HR M ON M 6 = FREEZING RAIN OR DRIZZLE
GRTST DEPTH: M ON M 7 = DUSTSTORM OR SANDSTORM:
VSBY 1/2 MILE OR LESS
8 = SMOKE OR HAZE
[NO. OF DAYS WITH] [WEATHER - DAYS WITH] 9 = BLOWING SNOW
X = TORNADO
MAX 32 OR BELOW: 0 0.01 INCH OR MORE: 0
MAX 90 OR ABOVE: 29 0.10 INCH OR MORE: 0
MIN 32 OR BELOW: 0 0.50 INCH OR MORE: 0
MIN 0 OR BELOW: 0 1.00 INCH OR MORE: 0
[HDD (BASE 65) ]
TOTAL THIS MO. 0 CLEAR (SCALE 0-3) 29
DPTR FM NORMAL 0 PTCLDY (SCALE 4-7) 1
TOTAL FM JUL 1 0 CLOUDY (SCALE 8-10) 1
DPTR FM NORMAL 0
[CDD (BASE 65) ]
TOTAL THIS MO. 663
DPTR FM NORMAL 116 [PRESSURE DATA]
TOTAL FM JAN 1 1718 HIGHEST SLP M ON M
DPTR FM NORMAL 335 LOWEST SLP M ON M
[REMARKS]
#FINAL-07-23#