000
CXUS53 KOAX 010930
CF6TQE
PRELIMINARY LOCAL CLIMATOLOGICAL DATA (WS FORM: F-6)
STATION: TEKAMAH NE
MONTH: JULY
YEAR: 2023
LATITUDE: 41 46 N
LONGITUDE: 96 11 W
TEMPERATURE IN F: :PCPN: SNOW: WIND :SUNSHINE: SKY :PK WND
================================================================================
1 2 3 4 5 6A 6B 7 8 9 10 11 12 13 14 15 16 17 18
12Z AVG MX 2MIN
DY MAX MIN AVG DEP HDD CDD WTR SNW DPTH SPD SPD DIR MIN PSBL S-S WX SPD DR
================================================================================
1 79 68 74 -1 0 9 1.03 M M 6.0 14 40 M M 5 13 18 40
2 87 60 74 -1 0 9 0.00 M M 4.1 10 240 M M 1 1 16 220
3 91 64 78 3 0 13 0.00 M M 7.3 14 180 M M 0 1 18 180
4 92 64 78 3 0 13 1.01 M M 7.0 30 350 M M 2 13 42 10
5 77 58 68 -7 0 3 0.06 M M 10.8 18 360 M M 5 1 26 350
6 77 50 64 -12 1 0 0.00 M M 3.4 12 50 M M 0 17 360
7 65 57 61 -15 4 0 0.44 M M 6.5 24 110 M M 9 13 32 120
8 77 50 64 -12 1 0 0.00 M M 3.7 10 360 M M 4 1 13 360
9 83 52 68 -8 0 3 0.00 M M 4.6 12 240 M M 2 15 250
10 88 60 74 -2 0 9 0.05 M M 10.2 22 200 M M 1 3 31 190
11 88 62 75 -1 0 10 0.00 M M 6.2 13 10 M M 2 1 18 360
12 84 62 73 -3 0 8 M M M 4.9 17 190 M M 1 13 M M
13 86 61 74 -2 0 9 0.00 M M 6.0 13 250 M M 1 12 16 260
14 82 62 72 -4 0 7 0.04 M M 5.5 16 180 M M 2 3 23 270
15 86 60 73 -3 0 8 T M M 3.9 12 270 M M 5 18 16 290
16 83 61 72 -4 0 7 0.00 M M 3.5 9 240 M M 6 18 M M
17 76 56 66 -10 0 1 0.25 M M 4.4 13 20 M M 4 138 17 330
18 79 56 68 -8 0 3 0.01 M M 6.1 14 150 M M 1 18 150
19 80 63 72 -4 0 7 0.05 M M 3.6 15 120 M M 0 1 17 150
20 83 63 73 -3 0 8 0.00 M M 8.2 15 340 M M 2 1 19 340
21 84 56 70 -6 0 5 0.00 M M 2.7 7 190 M M 2 1 9 10
22 89 61 75 -1 0 10 0.12 M M 4.3 10 220 M M 1 1 15 220
23 90 60 75 -1 0 10 0.00 M M 3.8 9 250 M M 0 1 13 10
24 89 63 76 0 0 11 0.23 M M 7.2 33 300 M M 1 13 48 290
25 87 68 78 2 0 13 0.01 M M 7.1 18 170 M M 1 1 24 170
26 97 68 83 7 0 18 0.00 M M 4.5 12 360 M M 3 128 16 350
27 95 70 83 7 0 18 0.04 M M 8.8 18 130 M M 1 13 24 130
28 97 72 85 9 0 20 0.00 M M 5.1 13 350 M M 0 13 17 360
29 89 66 78 3 0 13 0.00 M M 7.7 14 20 M M 1 22 30
30 89 64 77 2 0 12 0.22 M M 5.0 14 20 M M 2 13 19 160
31 86 67 77 2 0 12 0.16 M M 5.8 13 130 M M 4 13 16 150
================================================================================
SM 2635 1904 6 269 3.72 M 177.9 M 69
================================================================================
AV 85.0 61.4 5.7 FASTST M M 2 MAX(MPH)
MISC ----> 33 300 48 290
================================================================================
NOTES:
# LAST OF SEVERAL OCCURRENCES
COLUMN 17 PEAK WIND IN M.P.H.
PRELIMINARY LOCAL CLIMATOLOGICAL DATA (WS FORM: F-6) , PAGE 2
STATION: TEKAMAH NE
MONTH: JULY
YEAR: 2023
LATITUDE: 41 46 N
LONGITUDE: 96 11 W
[TEMPERATURE DATA] [PRECIPITATION DATA] SYMBOLS USED IN COLUMN 16
AVERAGE MONTHLY: 73.2 TOTAL FOR MONTH: 3.72 1 = FOG OR MIST
DPTR FM NORMAL: -2.4 DPTR FM NORMAL: 0.67 2 = FOG REDUCING VISIBILITY
HIGHEST: 97 ON 28,26 GRTST 24HR 1.07 ON 4- 5 TO 1/4 MILE OR LESS
LOWEST: 50 ON 8, 6 3 = THUNDER
SNOW, ICE PELLETS, HAIL 4 = ICE PELLETS
TOTAL MONTH: M 5 = HAIL
GRTST 24HR M ON M 6 = FREEZING RAIN OR DRIZZLE
GRTST DEPTH: M ON M 7 = DUSTSTORM OR SANDSTORM:
VSBY 1/2 MILE OR LESS
8 = SMOKE OR HAZE
[NO. OF DAYS WITH] [WEATHER - DAYS WITH] 9 = BLOWING SNOW
X = TORNADO
MAX 32 OR BELOW: 0 0.01 INCH OR MORE: 15
MAX 90 OR ABOVE: 6 0.10 INCH OR MORE: 8
MIN 32 OR BELOW: 0 0.50 INCH OR MORE: 2
MIN 0 OR BELOW: 0 1.00 INCH OR MORE: 2
[HDD (BASE 65) ]
TOTAL THIS MO. 6 CLEAR (SCALE 0-3) 23
DPTR FM NORMAL 3 PTCLDY (SCALE 4-7) 7
TOTAL FM JUL 1 6 CLOUDY (SCALE 8-10) 1
DPTR FM NORMAL 6
[CDD (BASE 65) ]
TOTAL THIS MO. 269
DPTR FM NORMAL -64 [PRESSURE DATA]
TOTAL FM JAN 1 699 HIGHEST SLP 30.16 ON 29
DPTR FM NORMAL 45 LOWEST SLP 29.66 ON 12
[REMARKS]
#FINAL-07-23#