000
CXUS53 KOAX 011030
CF6TQE
PRELIMINARY LOCAL CLIMATOLOGICAL DATA (WS FORM: F-6)
STATION: TEKAMAH NE
MONTH: DECEMBER
YEAR: 2021
LATITUDE: 41 46 N
LONGITUDE: 96 11 W
TEMPERATURE IN F: :PCPN: SNOW: WIND :SUNSHINE: SKY :PK WND
================================================================================
1 2 3 4 5 6A 6B 7 8 9 10 11 12 13 14 15 16 17 18
12Z AVG MX 2MIN
DY MAX MIN AVG DEP HDD CDD WTR SNW DPTH SPD SPD DIR MIN PSBL S-S WX SPD DR
================================================================================
1 68 36 52 21 13 0 0.00 M M 10.9 22 240 M M 1 28 240
2 63 38 51 21 14 0 0.00 M M 5.9 16 20 M M 0 20 260
3 58 31 45 15 20 0 0.00 M M 11.5 24 350 M M 0 28 350
4 46 31 39 9 26 0 0.00 M M 9.1 20 150 M M 7 25 150
5 54 31 43 14 22 0 0.00 M M 18.1 37 330 M M 4 55 330
6 32 9 21 -8 44 0 0.00 M M 13.4 32 330 M M 2 44 340
7 46 15 31 2 34 0 0.00 M M 11.8 26 210 M M 2 33 220
8 44 15 30 2 35 0 0.00 M M 9.0 21 140 M M 1 8 28 130
9 58 29 44 16 21 0 T M M 10.9 26 320 M M 1 34 320
10 40 31 36 8 29 0 0.02 M M 16.3 31 330 M M 8 168 39 330
11 38 26 32 5 33 0 T M M 13.8 28 330 M M 2 8 37 330
12 49 26 38 11 27 0 0.00 M M 12.7 20 180 M M 0 25 210
13 51 22 37 10 28 0 0.00 M M 3.6 12 180 M M 0 15 170
14 56 26 41 15 24 0 0.00 M M 6.3 17 180 M M 0 18 21 180
15 74 30 52 26 13 0 0.54 M M 20.6 38 280 M M 2 3 62 270
16 43 25 34 8 31 0 0.00 M M 8.9 30 290 M M 1 43 290
17 42 22 32 7 33 0 0.00 M M 6.8 20 110 M M 4 25 110
18 32 19 26 1 39 0 0.00 M M 12.8 28 320 M M 10 35 320
19 41 13 27 2 38 0 0.00 M M 14.7 29 180 M M 1 34 190
20 32 14 23 -2 42 0 0.00 M M 12.3 31 350 M M 0 39 360
21 46 12 29 5 36 0 0.00 M M 10.6 33 320 M M 0 42 320
22 54 15 35 11 30 0 0.00 M M 9.3 22 180 M M 0 27 180
23 46 26 36 12 29 0 0.00 M M 5.9 13 140 M M 0 14 170
24 56 28 42 18 23 0 0.00 M M 9.9 21 350 M M 4 12 27 10
25 49 20 35 11 30 0 0.00 M M 6.2 21 350 M M 1 26 350
26 46 20 33 10 32 0 0.00 M M 10.2 23 120 M M 1 32 120
27 39 24 32 9 33 0 0.00 M M 9.8 23 330 M M 0 31 320
28 43 11 27 4 38 0 0.00 M M 11.1 31 310 M M 3 40 320
29 27 8 18 -5 47 0 0.00 M M 7.9 15 350 M M 5 18 10
30 43 9 26 3 39 0 0.00 M M 9.9 26 190 M M 0 31 190
31 26 8 17 -6 48 0 T M M 17.6 32 360 M M 7 168 40 360
================================================================================
SM 1442 670 951 0 0.56 M 337.8 M 67
================================================================================
AV 46.5 21.6 10.9 FASTST M M 2 MAX(MPH)
MISC ----> 38 280 62 270
================================================================================
NOTES:
# LAST OF SEVERAL OCCURRENCES
COLUMN 17 PEAK WIND IN M.P.H.
PRELIMINARY LOCAL CLIMATOLOGICAL DATA (WS FORM: F-6) , PAGE 2
STATION: TEKAMAH NE
MONTH: DECEMBER
YEAR: 2021
LATITUDE: 41 46 N
LONGITUDE: 96 11 W
[TEMPERATURE DATA] [PRECIPITATION DATA] SYMBOLS USED IN COLUMN 16
AVERAGE MONTHLY: 34.1 TOTAL FOR MONTH: 0.56 1 = FOG OR MIST
DPTR FM NORMAL: 8.0 DPTR FM NORMAL: -0.33 2 = FOG REDUCING VISIBILITY
HIGHEST: 74 ON 15 GRTST 24HR 0.54 ON 15-15 TO 1/4 MILE OR LESS
LOWEST: 8 ON 31,29 3 = THUNDER
SNOW, ICE PELLETS, HAIL 4 = ICE PELLETS
TOTAL MONTH: M 5 = HAIL
GRTST 24HR M ON M 6 = FREEZING RAIN OR DRIZZLE
GRTST DEPTH: M ON M 7 = DUSTSTORM OR SANDSTORM:
VSBY 1/2 MILE OR LESS
8 = SMOKE OR HAZE
[NO. OF DAYS WITH] [WEATHER - DAYS WITH] 9 = BLOWING SNOW
X = TORNADO
MAX 32 OR BELOW: 5 0.01 INCH OR MORE: 2
MAX 90 OR ABOVE: 0 0.10 INCH OR MORE: 1
MIN 32 OR BELOW: 29 0.50 INCH OR MORE: 1
MIN 0 OR BELOW: 0 1.00 INCH OR MORE: 0
[HDD (BASE 65) ]
TOTAL THIS MO. 951 CLEAR (SCALE 0-3) 23
DPTR FM NORMAL -255 PTCLDY (SCALE 4-7) 7
TOTAL FM JUL 1 1981 CLOUDY (SCALE 8-10) 1
DPTR FM NORMAL -578
[CDD (BASE 65) ]
TOTAL THIS MO. 0
DPTR FM NORMAL 0 [PRESSURE DATA]
TOTAL FM JAN 1 1202 HIGHEST SLP 30.44 ON 6
DPTR FM NORMAL 188 LOWEST SLP 29.07 ON 15
[REMARKS]
#FINAL-12-21#