000
CXUS54 KMRX 011030
CF6TRI
PRELIMINARY LOCAL CLIMATOLOGICAL DATA (WS FORM: F-6)
STATION: TRI-CITIES AIRPORT
MONTH: JUNE
YEAR: 2023
LATITUDE: 36 28 N
LONGITUDE: 82 24 W
TEMPERATURE IN F: :PCPN: SNOW: WIND :SUNSHINE: SKY :PK WND
================================================================================
1 2 3 4 5 6A 6B 7 8 9 10 11 12 13 14 15 16 17 18
12Z AVG MX 2MIN
DY MAX MIN AVG DEP HDD CDD WTR SNW DPTH SPD SPD DIR MIN PSBL S-S WX SPD DR
================================================================================
1 85 54 70 1 0 5 0.00 0.0 0 2.0 7 20 M M 3 1 11 340
2 87 55 71 2 0 6 0.00 0.0 0 2.3 10 350 M M 1 1 20 80
3 89 55 72 3 0 7 T 0.0 0 1.6 14 70 M M 3 1 23 70
4 86 58 72 2 0 7 T 0.0 0 2.3 17 210 M M 4 13 22 210
5 85 61 73 3 0 8 0.00 0.0 0 2.3 12 320 M M 5 1 18 300
6 81 53 67 -3 0 2 0.00 0.0 0 2.7 12 280 M M 2 18 18 270
7 65 55 60 -10 5 0 0.42 0.0 0 2.4 12 240 M M 8 18 16 240
8 74 50 62 -9 3 0 0.00 0.0 0 3.6 14 350 M M 5 1 21 320
9 77 44 61 -10 4 0 0.00 0.0 0 1.7 13 260 M M 1 1 18 250
10 81 48 65 -6 0 0 0.00 0.0 0 2.9 15 260 M M 2 1 21 300
11 77 51 64 -7 1 0 0.81 0.0 0 3.3 15 210 M M 5 13 22 200
12 75 56 66 -6 0 1 0.27 0.0 0 9.3 18 270 M M 7 1 26 280
13 75 53 64 -8 1 0 0.00 0.0 0 5.3 17 230 M M 5 1 28 210
14 80 52 66 -6 0 1 0.00 0.0 0 7.9 23 240 M M 5 30 240
15 82 62 72 0 0 7 0.00 0.0 0 5.8 14 260 M M 7 3 20 230
16 85 58 72 -1 0 7 0.00 0.0 0 7.1 23 270 M M 4 18 33 270
17 81 52 67 -6 0 2 0.00 0.0 0 1.7 9 340 M M 2 1 16 350
18 85 51 68 -5 0 3 0.00 0.0 0 2.6 12 250 M M 3 18 20 240
19 78 64 71 -2 0 6 0.03 0.0 0 2.5 16 180 M M 9 3 22 170
20 81 64 73 0 0 8 0.14 0.0 0 4.6 17 70 M M 8 1 31 60
21 72 63 68 -6 0 3 T 0.0 0 5.0 15 50 M M 9 27 60
22 75 60 68 -6 0 3 0.75 0.0 0 2.2 7 70 M M 9 13 11 360
23 77 60 69 -5 0 4 0.26 0.0 0 3.7 17 220 M M 9 1 24 260
24 81 64 73 -1 0 8 T 0.0 0 3.0 13 250 M M 8 18 18 310
25 82 61 72 -2 0 7 0.00 0.0 0 3.4 15 180 M M 7 12 23 230
26 84 62 73 -1 0 8 0.48 0.0 0 6.4 20 240 M M 6 13 28 230
27 82 62 72 -3 0 7 T 0.0 0 7.0 17 260 M M 5 23 300
28 85 61 73 -2 0 8 0.00 0.0 0 2.3 10 240 M M 4 18 20 280
29 87 59 73 -2 0 8 0.00 0.0 0 3.2 10 230 M M 5 18 16 280
30 83 66 75 0 0 10 0.13 0.0 0 4.5 14 210 M M 7 138 22 240
================================================================================
SM 2417 1714 14 136 3.29 0.0 114.6 M 158
================================================================================
AV 80.6 57.1 3.8 FASTST M M 5 MAX(MPH)
MISC ----> # 23 240 33 270
================================================================================
NOTES:
# LAST OF SEVERAL OCCURRENCES
COLUMN 17 PEAK WIND IN M.P.H.
PRELIMINARY LOCAL CLIMATOLOGICAL DATA (WS FORM: F-6) , PAGE 2
STATION: TRI-CITIES AIRPORT
MONTH: JUNE
YEAR: 2023
LATITUDE: 36 28 N
LONGITUDE: 82 24 W
[TEMPERATURE DATA] [PRECIPITATION DATA] SYMBOLS USED IN COLUMN 16
AVERAGE MONTHLY: 68.9 TOTAL FOR MONTH: 3.29 1 = FOG OR MIST
DPTR FM NORMAL: -3.5 DPTR FM NORMAL: -0.63 2 = FOG REDUCING VISIBILITY
HIGHEST: 89 ON 3 GRTST 24HR 1.08 ON 11-12 TO 1/4 MILE OR LESS
LOWEST: 44 ON 9 3 = THUNDER
SNOW, ICE PELLETS, HAIL 4 = ICE PELLETS
TOTAL MONTH: 0.0 INCH 5 = HAIL
GRTST 24HR 0.0 6 = FREEZING RAIN OR DRIZZLE
GRTST DEPTH: 0 7 = DUSTSTORM OR SANDSTORM:
VSBY 1/2 MILE OR LESS
8 = SMOKE OR HAZE
[NO. OF DAYS WITH] [WEATHER - DAYS WITH] 9 = BLOWING SNOW
X = TORNADO
MAX 32 OR BELOW: 0 0.01 INCH OR MORE: 9
MAX 90 OR ABOVE: 0 0.10 INCH OR MORE: 8
MIN 32 OR BELOW: 0 0.50 INCH OR MORE: 2
MIN 0 OR BELOW: 0 1.00 INCH OR MORE: 0
[HDD (BASE 65) ]
TOTAL THIS MO. 14 CLEAR (SCALE 0-3) 7
DPTR FM NORMAL 7 PTCLDY (SCALE 4-7) 19
TOTAL FM JUL 1 3575 CLOUDY (SCALE 8-10) 4
DPTR FM NORMAL -571
[CDD (BASE 65) ]
TOTAL THIS MO. 136
DPTR FM NORMAL -89 [PRESSURE DATA]
TOTAL FM JAN 1 211 HIGHEST SLP 30.08 ON 30
DPTR FM NORMAL -109 LOWEST SLP 29.63 ON 12
[REMARKS]
#FINAL-06-23#