000
CXUS54 KMRX 011130
CF6TRI
PRELIMINARY LOCAL CLIMATOLOGICAL DATA (WS FORM: F-6)
STATION: TRI-CITIES AIRPORT
MONTH: NOVEMBER
YEAR: 2022
LATITUDE: 36 28 N
LONGITUDE: 82 24 W
TEMPERATURE IN F: :PCPN: SNOW: WIND :SUNSHINE: SKY :PK WND
================================================================================
1 2 3 4 5 6A 6B 7 8 9 10 11 12 13 14 15 16 17 18
12Z AVG MX 2MIN
DY MAX MIN AVG DEP HDD CDD WTR SNW DPTH SPD SPD DIR MIN PSBL S-S WX SPD DR
================================================================================
1 69 49 59 8 6 0 0.00 0.0 0 2.3 12 300 M M 6 1 15 310
2 66 47 57 6 8 0 0.00 0.0 0 1.2 8 160 M M 8 9 170
3 75 44 60 10 5 0 0.00 0.0 0 1.0 6 180 M M 2 1 8 10
4 77 42 60 10 5 0 0.00 0.0 0 3.2 15 170 M M 0 1 23 160
5 79 55 67 17 0 2 0.04 0.0 0 5.8 22 220 M M 9 28 200
6 84 58 71 22 0 6 0.00 0.0 0 3.1 13 250 M M 7 19 230
7 78 54 66 17 0 1 0.04 0.0 0 1.6 8 10 M M 6 1 13 360
8 79 43 61 12 4 0 0.00 0.0 0 3.3 12 40 M M 0 21 50
9 71 39 55 7 10 0 0.00 0.0 0 5.0 14 110 M M 0 20 110
10 71 41 56 8 9 0 T 0.0 0 5.5 18 130 M M 6 29 120
11 69 61 65 17 0 0 0.52 0.0 0 6.4 22 340 M M 9 1 33 340
12 63 39 51 4 14 0 0.01 0.0 0 6.6 18 280 M M 10 18 25 260
13 39 33 36 -11 29 0 0.00 0.0 0 7.4 15 300 M M 10 20 320
14 52 25 39 -8 26 0 0.00 0.0 0 1.3 8 50 M M 5 12 50
15 46 33 40 -6 25 0 0.97 0.0 0 3.1 13 240 M M 9 1 17 240
16 46 37 42 -4 23 0 T 0.0 0 8.4 15 280 M M 8 1 20 260
17 42 25 34 -12 31 0 0.00 0.0 0 7.6 23 270 M M 3 35 270
18 47 20 34 -12 31 0 0.00 0.0 0 6.3 22 240 M M 3 27 230
19 46 27 37 -8 28 0 0.00 0.0 0 8.9 21 230 M M 4 28 220
20 41 22 32 -13 33 0 0.00 0.0 0 4.3 15 290 M M 1 22 250
21 54 18 36 -9 29 0 0.00 0.0 0 1.4 8 280 M M 1 12 240
22 60 20 40 -4 25 0 0.00 0.0 0 0.8 7 280 M M 2 9 280
23 65 24 45 1 20 0 0.00 0.0 0 0.3 5 110 M M 2 8 20
24 70 30 50 6 15 0 0.00 0.0 0 1.3 6 140 M M 3 9 120
25 57 36 47 3 18 0 T 0.0 0 3.1 9 260 M M 8 13 250
26 61 30 46 3 19 0 0.00 0.0 0 1.1 6 10 M M 8 128 9 110
27 72 47 60 17 5 0 0.16 0.0 0 12.0 32 240 M M 8 1 52 230
28 55 35 45 2 20 0 0.01 0.0 0 6.3 15 240 M M 8 18 19 240
29 66 30 48 5 17 0 0.23 0.0 0 4.6 15 160 M M 4 1 22 170
30 60 34 47 5 18 0 0.51 0.0 0 9.1 26 300 M M 6 1 36 290
================================================================================
SM 1860 1098 473 9 2.49 0.0 132.3 M 156
================================================================================
AV 62.0 36.6 4.4 FASTST M M 5 MAX(MPH)
MISC ----> 32 240 52 230
================================================================================
NOTES:
# LAST OF SEVERAL OCCURRENCES
COLUMN 17 PEAK WIND IN M.P.H.
PRELIMINARY LOCAL CLIMATOLOGICAL DATA (WS FORM: F-6) , PAGE 2
STATION: TRI-CITIES AIRPORT
MONTH: NOVEMBER
YEAR: 2022
LATITUDE: 36 28 N
LONGITUDE: 82 24 W
[TEMPERATURE DATA] [PRECIPITATION DATA] SYMBOLS USED IN COLUMN 16
AVERAGE MONTHLY: 49.3 TOTAL FOR MONTH: 2.49 1 = FOG OR MIST
DPTR FM NORMAL: 2.9 DPTR FM NORMAL: -0.65 2 = FOG REDUCING VISIBILITY
HIGHEST: 84 ON 6 GRTST 24HR 0.97 ON 15-15 TO 1/4 MILE OR LESS
LOWEST: 18 ON 21 3 = THUNDER
SNOW, ICE PELLETS, HAIL 4 = ICE PELLETS
TOTAL MONTH: 0.0 INCH 5 = HAIL
GRTST 24HR 0.0 6 = FREEZING RAIN OR DRIZZLE
GRTST DEPTH: 0 7 = DUSTSTORM OR SANDSTORM:
VSBY 1/2 MILE OR LESS
8 = SMOKE OR HAZE
[NO. OF DAYS WITH] [WEATHER - DAYS WITH] 9 = BLOWING SNOW
X = TORNADO
MAX 32 OR BELOW: 0 0.01 INCH OR MORE: 9
MAX 90 OR ABOVE: 0 0.10 INCH OR MORE: 5
MIN 32 OR BELOW: 11 0.50 INCH OR MORE: 3
MIN 0 OR BELOW: 0 1.00 INCH OR MORE: 0
[HDD (BASE 65) ]
TOTAL THIS MO. 473 CLEAR (SCALE 0-3) 10
DPTR FM NORMAL -84 PTCLDY (SCALE 4-7) 13
TOTAL FM JUL 1 854 CLOUDY (SCALE 8-10) 7
DPTR FM NORMAL 0
[CDD (BASE 65) ]
TOTAL THIS MO. 9
DPTR FM NORMAL 8 [PRESSURE DATA]
TOTAL FM JAN 1 1294 HIGHEST SLP 30.46 ON 21
DPTR FM NORMAL 190 LOWEST SLP 29.48 ON 11
[REMARKS]
#FINAL-11-22#