000
CXUS54 KMRX 011030
CF6TRI
PRELIMINARY LOCAL CLIMATOLOGICAL DATA (WS FORM: F-6)
STATION: TRI-CITIES AIRPORT
MONTH: JUNE
YEAR: 2022
LATITUDE: 36 28 N
LONGITUDE: 82 24 W
TEMPERATURE IN F: :PCPN: SNOW: WIND :SUNSHINE: SKY :PK WND
================================================================================
1 2 3 4 5 6A 6B 7 8 9 10 11 12 13 14 15 16 17 18
12Z AVG MX 2MIN
DY MAX MIN AVG DEP HDD CDD WTR SNW DPTH SPD SPD DIR MIN PSBL S-S WX SPD DR
================================================================================
1 88 62 75 6 0 10 0.00 0.0 0 2.3 13 250 M M 2 1 17 250
2 87 64 76 7 0 11 0.21 0.0 0 3.5 20 280 M M 5 138 25 280
3 79 60 70 1 0 5 0.00 0.0 0 2.6 10 10 M M 9 16 350
4 82 51 67 -3 0 2 0.00 0.0 0 2.5 12 90 M M 3 1 20 100
5 83 52 68 -2 0 3 0.00 0.0 0 2.8 10 190 M M 3 14 190
6 85 53 69 -1 0 4 0.00 0.0 0 2.6 13 140 M M 5 19 160
7 82 67 75 5 0 10 0.07 0.0 0 3.6 14 230 M M 8 18 19 250
8 87 68 78 7 0 13 T 0.0 0 6.3 20 260 M M 7 25 260
9 81 62 72 1 0 7 0.00 0.0 0 8.6 17 280 M M 6 24 250
10 79 52 66 -5 0 1 T 0.0 0 1.6 10 20 M M 5 1 19 20
11 84 58 71 0 0 6 0.00 0.0 0 2.1 12 270 M M 6 20 280
12 88 60 74 2 0 9 0.00 0.0 0 3.8 15 240 M M 6 21 300
13 91 66 79 7 0 14 T 0.0 0 2.2 9 250 M M 6 1 13 240
14 90 68 79 7 0 14 0.56 0.0 0 2.5 20 70 M M 8 13 38 60
15 95 72 84 12 0 19 0.00 0.0 0 1.0 8 180 M M 5 18 12 120
16 94 71 83 10 0 18 0.04 0.0 0 3.8 14 240 M M 5 13 20 240
17 91 67 79 6 0 14 0.04 0.0 0 6.1 36 270 M M 7 3 49 260
18 82 58 70 -3 0 5 T 0.0 0 5.9 17 360 M M 3 18 25 350
19 82 49 66 -7 0 1 0.00 0.0 0 2.9 13 350 M M 3 18 350
20 86 50 68 -5 0 3 0.00 0.0 0 1.8 9 350 M M 5 19 10
21 91 52 72 -2 0 7 0.00 0.0 0 2.2 9 220 M M 3 1 13 340
22 94 57 76 2 0 11 0.00 0.0 0 3.6 15 260 M M 3 1 21 10
23 92 67 80 6 0 15 0.00 0.0 0 2.7 14 350 M M 4 19 350
24 94 60 77 3 0 12 0.00 0.0 0 1.7 12 300 M M 4 16 220
25 89 66 78 4 0 13 T 0.0 0 2.6 17 260 M M 7 20 270
26 78 68 73 -1 0 8 0.54 0.0 0 2.2 16 300 M M 9 13 22 300
27 85 61 73 -2 0 8 0.00 0.0 0 3.7 14 350 M M 5 1 20 340
28 86 54 70 -5 0 5 0.00 0.0 0 1.2 9 210 M M 6 16 80
29 89 64 77 2 0 12 0.01 0.0 0 2.1 10 270 M M 6 16 220
30 92 64 78 3 0 13 0.00 0.0 0 2.2 13 140 M M 5 1 19 170
================================================================================
SM 2606 1823 0 273 1.47 0.0 92.7 M 159
================================================================================
AV 86.9 60.8 3.1 FASTST M M 5 MAX(MPH)
MISC ----> 36 270 49 260
================================================================================
NOTES:
# LAST OF SEVERAL OCCURRENCES
COLUMN 17 PEAK WIND IN M.P.H.
PRELIMINARY LOCAL CLIMATOLOGICAL DATA (WS FORM: F-6) , PAGE 2
STATION: TRI-CITIES AIRPORT
MONTH: JUNE
YEAR: 2022
LATITUDE: 36 28 N
LONGITUDE: 82 24 W
[TEMPERATURE DATA] [PRECIPITATION DATA] SYMBOLS USED IN COLUMN 16
AVERAGE MONTHLY: 73.8 TOTAL FOR MONTH: 1.47 1 = FOG OR MIST
DPTR FM NORMAL: 1.5 DPTR FM NORMAL: -2.45 2 = FOG REDUCING VISIBILITY
HIGHEST: 95 ON 15 GRTST 24HR 0.56 ON 13-14 TO 1/4 MILE OR LESS
LOWEST: 49 ON 19 3 = THUNDER
SNOW, ICE PELLETS, HAIL 4 = ICE PELLETS
TOTAL MONTH: 0.0 INCH 5 = HAIL
GRTST 24HR 0.0 6 = FREEZING RAIN OR DRIZZLE
GRTST DEPTH: 0 7 = DUSTSTORM OR SANDSTORM:
VSBY 1/2 MILE OR LESS
8 = SMOKE OR HAZE
[NO. OF DAYS WITH] [WEATHER - DAYS WITH] 9 = BLOWING SNOW
X = TORNADO
MAX 32 OR BELOW: 0 0.01 INCH OR MORE: 7
MAX 90 OR ABOVE: 10 0.10 INCH OR MORE: 3
MIN 32 OR BELOW: 0 0.50 INCH OR MORE: 2
MIN 0 OR BELOW: 0 1.00 INCH OR MORE: 0
[HDD (BASE 65) ]
TOTAL THIS MO. 0 CLEAR (SCALE 0-3) 7
DPTR FM NORMAL -7 PTCLDY (SCALE 4-7) 21
TOTAL FM JUL 1 3651 CLOUDY (SCALE 8-10) 2
DPTR FM NORMAL -495
[CDD (BASE 65) ]
TOTAL THIS MO. 273
DPTR FM NORMAL 48 [PRESSURE DATA]
TOTAL FM JAN 1 402 HIGHEST SLP 30.26 ON 20
DPTR FM NORMAL 82 LOWEST SLP 29.75 ON 2
[REMARKS]
#FINAL-06-22#