000
CXUS54 KMRX 011030
CF6TRI
PRELIMINARY LOCAL CLIMATOLOGICAL DATA (WS FORM: F-6)
STATION: TRI-CITIES AIRPORT
MONTH: MARCH
YEAR: 2022
LATITUDE: 36 28 N
LONGITUDE: 82 24 W
TEMPERATURE IN F: :PCPN: SNOW: WIND :SUNSHINE: SKY :PK WND
================================================================================
1 2 3 4 5 6A 6B 7 8 9 10 11 12 13 14 15 16 17 18
12Z AVG MX 2MIN
DY MAX MIN AVG DEP HDD CDD WTR SNW DPTH SPD SPD DIR MIN PSBL S-S WX SPD DR
================================================================================
1 62 26 44 0 21 0 0.00 0.0 0 3.2 16 240 M M 2 22 220
2 69 30 50 6 15 0 0.00 0.0 0 4.2 18 230 M M 0 24 230
3 74 38 56 12 9 0 0.00 0.0 0 6.0 18 250 M M 3 26 260
4 73 37 55 11 10 0 0.00 0.0 0 2.6 15 230 M M 4 19 230
5 77 43 60 16 5 0 0.00 0.0 0 6.1 17 200 M M 5 28 190
6 79 49 64 19 1 0 0.00 0.0 0 6.5 23 240 M M 6 32 220
7 78 45 62 17 3 0 0.44 0.0 0 9.2 33 220 M M 6 1 43 220
8 58 40 49 4 16 0 0.36 0.0 0 3.6 12 320 M M 9 1 15 310
9 53 42 48 2 17 0 0.65 0.0 0 4.8 15 300 M M 10 1 21 290
10 60 41 51 5 14 0 0.00 0.0 0 4.3 14 310 M M 8 17 310
11 67 33 50 4 15 0 0.00 0.0 0 3.9 23 240 M M 3 1 31 250
12 54 18 36 -10 29 0 0.40 4.0 2 12.6 26 340 M M 7 189 45 360
13 47 14 31 -15 34 0 0.00 0.0 T 5.2 20 220 M M 1 25 220
14 66 25 46 -1 19 0 0.00 0.0 0 1.6 12 150 M M 2 17 160
15 66 33 50 3 15 0 0.00 0.0 0 2.1 9 320 M M 6 14 240
16 62 41 52 5 13 0 0.21 0.0 0 2.1 10 100 M M 8 18 17 100
17 68 41 55 7 10 0 0.00 0.0 0 1.4 9 210 M M 7 12 12 260
18 69 39 54 6 11 0 0.00 0.0 0 4.4 30 150 M M 6 1 47 160
19 65 45 55 7 10 0 T 0.0 0 11.5 26 260 M M 6 36 230
20 62 38 50 2 15 0 0.00 0.0 0 10.0 21 260 M M 5 31 270
21 70 30 50 1 15 0 0.00 0.0 0 1.2 8 360 M M 2 11 70
22 77 44 61 12 4 0 0.00 0.0 0 5.0 18 150 M M 8 29 140
23 79 56 68 19 0 3 0.25 0.0 0 11.8 28 190 M M 8 1 39 210
24 63 44 54 4 11 0 0.00 0.0 0 10.0 21 240 M M 4 34 250
25 52 33 43 -7 22 0 T 0.0 0 8.2 21 260 M M 7 26 250
26 55 37 46 -4 19 0 0.02 T 0 15.4 33 270 M M 5 52 280
27 50 31 41 -9 24 0 0.00 0.0 0 11.8 23 280 M M 1 34 290
28 53 25 39 -12 26 0 0.00 0.0 0 7.5 22 250 M M 3 29 240
29 54 36 45 -6 20 0 0.00 0.0 0 2.3 8 100 M M 8 13 40
30 80 35 58 7 7 0 0.00 0.0 0 8.2 25 180 M M 3 39 190
31 73 50 62 10 3 0 0.24 0.0 0 14.6 29 250 M M 7 1 45 180
================================================================================
SM 2015 1139 433 3 2.57 4.0 201.3 M 160
================================================================================
AV 65.0 36.7 6.5 FASTST M M 5 MAX(MPH)
MISC ----> # 33 220 52 280
================================================================================
NOTES:
# LAST OF SEVERAL OCCURRENCES
COLUMN 17 PEAK WIND IN M.P.H.
PRELIMINARY LOCAL CLIMATOLOGICAL DATA (WS FORM: F-6) , PAGE 2
STATION: TRI-CITIES AIRPORT
MONTH: MARCH
YEAR: 2022
LATITUDE: 36 28 N
LONGITUDE: 82 24 W
[TEMPERATURE DATA] [PRECIPITATION DATA] SYMBOLS USED IN COLUMN 16
AVERAGE MONTHLY: 50.9 TOTAL FOR MONTH: 2.57 1 = FOG OR MIST
DPTR FM NORMAL: 3.5 DPTR FM NORMAL: -1.39 2 = FOG REDUCING VISIBILITY
HIGHEST: 80 ON 30 GRTST 24HR 1.01 ON 8- 9 TO 1/4 MILE OR LESS
LOWEST: 14 ON 13 3 = THUNDER
SNOW, ICE PELLETS, HAIL 4 = ICE PELLETS
TOTAL MONTH: 4.0 INCHES 5 = HAIL
GRTST 24HR 4.0 ON 12-12 6 = FREEZING RAIN OR DRIZZLE
GRTST DEPTH: 2 ON 12 7 = DUSTSTORM OR SANDSTORM:
VSBY 1/2 MILE OR LESS
8 = SMOKE OR HAZE
[NO. OF DAYS WITH] [WEATHER - DAYS WITH] 9 = BLOWING SNOW
X = TORNADO
MAX 32 OR BELOW: 0 0.01 INCH OR MORE: 8
MAX 90 OR ABOVE: 0 0.10 INCH OR MORE: 7
MIN 32 OR BELOW: 8 0.50 INCH OR MORE: 1
MIN 0 OR BELOW: 0 1.00 INCH OR MORE: 0
[HDD (BASE 65) ]
TOTAL THIS MO. 433 CLEAR (SCALE 0-3) 8
DPTR FM NORMAL -113 PTCLDY (SCALE 4-7) 20
TOTAL FM JUL 1 3343 CLOUDY (SCALE 8-10) 3
DPTR FM NORMAL -437
[CDD (BASE 65) ]
TOTAL THIS MO. 3
DPTR FM NORMAL 2 [PRESSURE DATA]
TOTAL FM JAN 1 4 HIGHEST SLP 30.46 ON 14
DPTR FM NORMAL 3 LOWEST SLP 29.46 ON 31
[REMARKS]
#FINAL-03-22#