000
CXUS54 KMRX 012001
CF6TRI
PRELIMINARY LOCAL CLIMATOLOGICAL DATA (WS FORM: F-6)
STATION: TRI-CITIES AIRPORT
MONTH: JANUARY
YEAR: 2022
LATITUDE: 36 28 N
LONGITUDE: 82 24 W
TEMPERATURE IN F: :PCPN: SNOW: WIND :SUNSHINE: SKY :PK WND
================================================================================
1 2 3 4 5 6A 6B 7 8 9 10 11 12 13 14 15 16 17 18
12Z AVG MX 2MIN
DY MAX MIN AVG DEP HDD CDD WTR SNW DPTH SPD SPD DIR MIN PSBL S-S WX SPD DR
================================================================================
1 78 54 66 29 0 1 0.38 0.0 0 7.6 30 240 M M 9 1 42 250
2 63 46 55 18 10 0 1.28 0.0 0 6.0 16 350 M M 10 1 23 360
3 46 29 38 1 27 0 0.51 1.5 T 7.7 20 10 M M 10 1 30 360
4 50 21 36 -1 29 0 0.00 0.0 0 2.5 13 200 M M 2 19 200
5 49 28 39 2 26 0 0.00 0.0 0 5.9 21 230 M M 7 28 240
6 42 27 35 -1 30 0 0.27 1.3 1 4.5 18 290 M M 8 1 26 300
7 28 16 22 -14 43 0 T 0.3 1 6.9 17 260 M M 6 18 23 260
8 45 15 30 -6 35 0 0.00 0.0 1 1.2 8 60 M M 1 11 90
9 50 29 40 4 25 0 0.89 0.0 0 3.4 18 350 M M 7 1 28 350
10 41 22 32 -4 33 0 0.00 0.0 0 7.2 18 260 M M 2 26 250
11 40 19 30 -6 35 0 0.00 0.0 0 2.1 12 290 M M 0 17 290
12 49 19 34 -2 31 0 0.00 0.0 0 1.9 12 220 M M 4 18 230
13 50 24 37 1 28 0 T 0.0 0 2.6 17 260 M M 8 21 250
14 46 28 37 1 28 0 0.00 0.0 0 4.3 15 310 M M 7 21 330
15 43 25 34 -2 31 0 T 0.0 0 2.9 13 50 M M 9 17 60
16 38 29 34 -2 31 0 0.34 1.2 1 6.3 18 250 M M 9 146 30 250
17 33 26 30 -6 35 0 0.05 0.5 2 15.4 24 260 M M 10 18 33 260
18 40 26 33 -3 32 0 0.01 0.0 0 4.8 16 260 M M 6 18 21 260
19 41 25 33 -3 32 0 0.02 0.0 0 0.1 5 320 M M 9 1 7 330
20 40 25 33 -3 32 0 0.28 T T 5.9 14 10 M M 10 18 20 30
21 30 24 27 -9 38 0 0.00 0.0 0 5.7 10 350 M M 10 15 50
22 39 23 31 -5 34 0 0.00 0.0 0 2.7 10 240 M M 5 12 240
23 43 18 31 -5 34 0 0.00 0.0 0 6.4 18 220 M M 5 12 24 210
24 47 23 35 -1 30 0 0.00 0.0 0 4.1 15 240 M M 5 19 250
25 53 29 41 5 24 0 0.00 0.0 0 2.7 16 260 M M 8 20 260
26 39 19 29 -7 36 0 0.00 0.0 0 2.3 9 230 M M 4 13 240
27 49 16 33 -4 32 0 0.00 0.0 0 1.5 13 240 M M 3 16 240
28 42 27 35 -2 30 0 0.05 0.4 T 4.8 15 220 M M 9 18 21 240
29 29 18 24 -13 41 0 T 0.2 0 9.2 20 340 M M 5 8 27 330
30 47 12 30 -7 35 0 0.00 0.0 0 3.9 20 240 M M 3 27 240
31 51 20 36 -1 29 0 0.00 0.0 0 2.9 15 230 M M 3 21 240
================================================================================
SM 1381 762 936 1 4.08 5.4 145.4 M 194
================================================================================
AV 44.5 24.6 4.7 FASTST M M 6 MAX(MPH)
MISC ----> 30 240 42 250
================================================================================
NOTES:
# LAST OF SEVERAL OCCURRENCES
COLUMN 17 PEAK WIND IN M.P.H.
PRELIMINARY LOCAL CLIMATOLOGICAL DATA (WS FORM: F-6) , PAGE 2
STATION: TRI-CITIES AIRPORT
MONTH: JANUARY
YEAR: 2022
LATITUDE: 36 28 N
LONGITUDE: 82 24 W
[TEMPERATURE DATA] [PRECIPITATION DATA] SYMBOLS USED IN COLUMN 16
AVERAGE MONTHLY: 34.6 TOTAL FOR MONTH: 4.08 1 = FOG OR MIST
DPTR FM NORMAL: -1.8 DPTR FM NORMAL: 0.43 2 = FOG REDUCING VISIBILITY
HIGHEST: 78 ON 1 GRTST 24HR 1.48 ON 1- 2 TO 1/4 MILE OR LESS
LOWEST: 12 ON 30 3 = THUNDER
SNOW, ICE PELLETS, HAIL 4 = ICE PELLETS
TOTAL MONTH: 5.4 INCHES 5 = HAIL
GRTST 24HR 1.5 ON 3- 3 6 = FREEZING RAIN OR DRIZZLE
GRTST DEPTH: 2 ON 17 7 = DUSTSTORM OR SANDSTORM:
VSBY 1/2 MILE OR LESS
8 = SMOKE OR HAZE
[NO. OF DAYS WITH] [WEATHER - DAYS WITH] 9 = BLOWING SNOW
X = TORNADO
MAX 32 OR BELOW: 3 0.01 INCH OR MORE: 11
MAX 90 OR ABOVE: 0 0.10 INCH OR MORE: 7
MIN 32 OR BELOW: 29 0.50 INCH OR MORE: 3
MIN 0 OR BELOW: 0 1.00 INCH OR MORE: 1
[HDD (BASE 65) ]
TOTAL THIS MO. 936 CLEAR (SCALE 0-3) 7
DPTR FM NORMAL 50 PTCLDY (SCALE 4-7) 13
TOTAL FM JUL 1 2304 CLOUDY (SCALE 8-10) 11
DPTR FM NORMAL -231
[CDD (BASE 65) ]
TOTAL THIS MO. 1
DPTR FM NORMAL 1 [PRESSURE DATA]
TOTAL FM JAN 1 1 HIGHEST SLP 30.55 ON 11
DPTR FM NORMAL 1 LOWEST SLP 29.41 ON 16
[REMARKS]
#FINAL-01-22#