000
CXUS54 KMRX 011130
CF6TRI
PRELIMINARY LOCAL CLIMATOLOGICAL DATA (WS FORM: F-6)
STATION: TRI-CITIES AIRPORT
MONTH: JANUARY
YEAR: 2021
LATITUDE: 36 28 N
LONGITUDE: 82 24 W
TEMPERATURE IN F: :PCPN: SNOW: WIND :SUNSHINE: SKY :PK WND
================================================================================
1 2 3 4 5 6A 6B 7 8 9 10 11 12 13 14 15 16 17 18
12Z AVG MX 2MIN
DY MAX MIN AVG DEP HDD CDD WTR SNW DPTH SPD SPD DIR MIN PSBL S-S WX SPD DR
================================================================================
1 57 40 49 14 16 0 0.40 0.0 0 3.1 15 110 M M 9 12 21 110
2 61 40 51 16 14 0 0.00 0.0 0 1.8 10 280 M M 8 12 13 270
3 49 38 44 9 21 0 0.01 0.0 0 8.2 20 230 M M 10 27 230
4 49 32 41 6 24 0 T 0.0 0 4.2 12 260 M M 7 15 230
5 47 35 41 6 24 0 0.07 0.0 0 5.8 17 280 M M 10 1 24 260
6 39 33 36 1 29 0 0.00 0.0 0 4.6 9 360 M M 10 14 350
7 45 32 39 4 26 0 0.00 0.0 0 5.1 10 50 M M 9 14 70
8 41 33 37 2 28 0 0.54 0.9 1 3.6 9 330 M M 10 1 15 60
9 34 31 33 -2 32 0 0.00 0.0 0 4.9 9 350 M M 10 13 360
10 44 26 35 0 30 0 0.00 0.0 0 1.0 7 230 M M 5 11 50
11 38 25 32 -3 33 0 0.15 0.4 0 0.8 6 10 M M 9 1 7 140
12 44 27 36 1 29 0 0.00 0.0 0 2.4 10 230 M M 8 12 14 230
13 47 25 36 1 29 0 0.00 0.0 0 1.8 8 240 M M 5 12 10 190
14 50 22 36 1 29 0 0.00 0.0 0 0.8 6 220 M M 5 12 10 250
15 45 27 36 1 29 0 0.03 0.0 0 3.9 18 220 M M 7 1 25 220
16 36 29 33 -2 32 0 0.05 0.5 0 10.0 26 260 M M 9 18 32 250
17 41 33 37 2 28 0 0.00 0.0 0 8.2 16 240 M M 10 24 230
18 39 25 32 -3 33 0 T T 0 7.5 21 250 M M 9 1 28 250
19 49 25 37 2 28 0 0.00 0.0 0 2.5 16 220 M M 7 21 220
20 47 28 38 3 27 0 0.00 0.0 0 9.9 23 280 M M 4 32 270
21 43 29 36 1 29 0 0.12 0.1 0 3.0 13 250 M M 10 1 17 250
22 50 31 41 6 24 0 0.00 0.0 0 5.4 16 280 M M 5 1 23 280
23 43 22 33 -2 32 0 0.00 0.0 0 1.8 9 360 M M 0 14 30
24 46 24 35 0 30 0 0.12 0.0 0 1.3 6 50 M M 8 1 8 60
25 51 37 44 9 21 0 0.92 0.0 0 1.2 7 330 M M 10 13 11 330
26 65 39 52 16 13 0 0.69 0.0 0 6.0 25 220 M M 6 1 34 240
27 60 35 48 12 17 0 0.12 T 0 4.0 18 350 M M 7 1 27 360
28 35 21 28 -8 37 0 T T 0 8.1 16 350 M M 7 1 27 350
29 38 18 28 -8 37 0 0.00 0.0 0 2.9 8 220 M M 3 13 240
30 45 20 33 -3 32 0 0.15 0.0 0 2.3 15 210 M M 6 1 22 200
31 51 36 44 8 21 0 0.20 0.0 0 2.8 16 140 M M 10 1 24 140
================================================================================
SM 1429 918 834 0 3.57 1.9 128.9 M 233
================================================================================
AV 46.1 29.6 4.2 FASTST M M 8 MAX(MPH)
MISC ----> 26 260 34 240
================================================================================
NOTES:
# LAST OF SEVERAL OCCURRENCES
COLUMN 17 PEAK WIND IN M.P.H.
PRELIMINARY LOCAL CLIMATOLOGICAL DATA (WS FORM: F-6) , PAGE 2
STATION: TRI-CITIES AIRPORT
MONTH: JANUARY
YEAR: 2021
LATITUDE: 36 28 N
LONGITUDE: 82 24 W
[TEMPERATURE DATA] [PRECIPITATION DATA] SYMBOLS USED IN COLUMN 16
AVERAGE MONTHLY: 37.9 TOTAL FOR MONTH: 3.57 1 = FOG OR MIST
DPTR FM NORMAL: 2.7 DPTR FM NORMAL: 0.20 2 = FOG REDUCING VISIBILITY
HIGHEST: 65 ON 26 GRTST 24HR 0.96 ON 25-26 TO 1/4 MILE OR LESS
LOWEST: 18 ON 29 3 = THUNDER
SNOW, ICE PELLETS, HAIL 4 = ICE PELLETS
TOTAL MONTH: 1.9 INCHES 5 = HAIL
GRTST 24HR 0.9 ON 8- 8 6 = FREEZING RAIN OR DRIZZLE
GRTST DEPTH: 1 ON 8 7 = DUSTSTORM OR SANDSTORM:
VSBY 1/2 MILE OR LESS
8 = SMOKE OR HAZE
[NO. OF DAYS WITH] [WEATHER - DAYS WITH] 9 = BLOWING SNOW
X = TORNADO
MAX 32 OR BELOW: 0 0.01 INCH OR MORE: 14
MAX 90 OR ABOVE: 0 0.10 INCH OR MORE: 10
MIN 32 OR BELOW: 20 0.50 INCH OR MORE: 3
MIN 0 OR BELOW: 0 1.00 INCH OR MORE: 0
[HDD (BASE 65) ]
TOTAL THIS MO. 834 CLEAR (SCALE 0-3) 2
DPTR FM NORMAL -91 PTCLDY (SCALE 4-7) 14
TOTAL FM JUL 1 2340 CLOUDY (SCALE 8-10) 15
DPTR FM NORMAL -314
[CDD (BASE 65) ]
TOTAL THIS MO. 0
DPTR FM NORMAL 0 [PRESSURE DATA]
TOTAL FM JAN 1 0 HIGHEST SLP 30.49 ON 28
DPTR FM NORMAL 0 LOWEST SLP 29.61 ON 16
[REMARKS]
#FINAL-01-21#