000
CXUS54 KMRX 011000
CF6TRI
PRELIMINARY LOCAL CLIMATOLOGICAL DATA (WS FORM: F-6)
STATION: TRI-CITIES ASOS
MONTH: MARCH
YEAR: 2020
LATITUDE: 36 28 N
LONGITUDE: 82 24 W
TEMPERATURE IN F: :PCPN: SNOW: WIND :SUNSHINE: SKY :PK WND
================================================================================
1 2 3 4 5 6A 6B 7 8 9 10 11 12 13 14 15 16 17 18
12Z AVG MX 2MIN
DY MAX MIN AVG DEP HDD CDD WTR SNW DPTH SPD SPD DIR MIN PSBL S-S WX SPD DR
================================================================================
1 59 19 39 -4 26 0 0.00 0.0 0 1.8 16 220 M M 4 19 230
2 56 33 45 2 20 0 0.05 0.0 0 2.4 12 200 M M 8 1 15 190
3 64 47 56 13 9 0 0.88 0.0 0 9.7 26 240 M M 8 13 33 240
4 62 33 48 5 17 0 0.00 0.0 0 3.5 16 240 M M 6 20 220
5 61 38 50 6 15 0 0.00 0.0 0 3.7 10 220 M M 8 12 220
6 47 36 42 -2 23 0 0.01 0.0 0 10.9 24 250 M M 9 39 300
7 49 28 39 -5 26 0 T 0.0 0 5.8 15 340 M M 5 22 10
8 64 24 44 0 21 0 0.00 0.0 0 2.3 14 260 M M 2 16 230
9 68 28 48 3 17 0 0.00 0.0 0 3.6 22 260 M M 6 25 260
10 61 50 56 11 9 0 0.30 0.0 0 4.1 13 270 M M 9 1 18 240
11 68 43 56 11 9 0 T 0.0 0 4.7 17 240 M M 7 128 24 240
12 71 39 55 9 10 0 0.29 0.0 0 1.5 10 200 M M 6 13 14 180
13 69 50 60 14 5 0 0.59 0.0 0 8.7 21 230 M M 8 1 28 240
14 56 46 51 5 14 0 0.11 0.0 0 3.1 12 310 M M 10 1 14 310
15 52 44 48 2 17 0 0.14 0.0 0 4.1 12 10 M M 10 18 17 10
16 62 45 54 7 11 0 0.05 0.0 0 3.2 15 240 M M 9 19 230
17 58 50 54 7 11 0 0.29 0.0 0 2.8 12 220 M M 9 1 14 220
18 72 50 61 14 4 0 T 0.0 0 4.3 16 180 M M 9 128 20 190
19 78 56 67 19 0 2 0.10 0.0 0 2.9 15 230 M M 9 1 23 230
20 69 55 62 14 3 0 1.41 0.0 0 5.2 22 240 M M 8 1 29 240
21 59 45 52 4 13 0 0.05 0.0 0 5.3 13 270 M M 7 1 16 260
22 63 40 52 4 13 0 0.01 0.0 0 5.3 14 110 M M 9 19 110
23 55 47 51 2 14 0 0.56 0.0 0 3.8 9 260 M M 10 1 13 130
24 58 47 53 4 12 0 0.83 0.0 0 2.4 10 90 M M 9 12 14 110
25 67 45 56 7 9 0 0.13 0.0 0 4.7 14 350 M M 3 1 18 350
26 74 38 56 7 9 0 0.00 0.0 0 4.5 22 250 M M 3 1 29 240
27 82 47 65 15 0 0 0.00 0.0 0 5.3 21 230 M M 5 27 230
28 82 55 69 19 0 4 0.00 0.0 0 5.0 20 220 M M 6 1 23 220
29 75 54 65 15 0 0 0.28 0.0 0 10.7 32 240 M M 6 13 43 300
30 69 47 58 8 7 0 0.00 0.0 0 9.1 21 280 M M 5 27 300
31 54 42 48 -3 17 0 0.83 0.0 0 4.1 12 40 M M 9 1 17 40
================================================================================
SM 1984 1321 361 6 6.91 0.0 148.5 M 222
================================================================================
AV 64.0 42.6 4.8 FASTST M M 7 MAX(MPH)
MISC ----> # 32 240 # 43 300
================================================================================
NOTES:
# LAST OF SEVERAL OCCURRENCES
COLUMN 17 PEAK WIND IN M.P.H.
PRELIMINARY LOCAL CLIMATOLOGICAL DATA (WS FORM: F-6) , PAGE 2
STATION: TRI-CITIES ASOS
MONTH: MARCH
YEAR: 2020
LATITUDE: 36 28 N
LONGITUDE: 82 24 W
[TEMPERATURE DATA] [PRECIPITATION DATA] SYMBOLS USED IN COLUMN 16
AVERAGE MONTHLY: 53.3 TOTAL FOR MONTH: 6.91 1 = FOG OR MIST
DPTR FM NORMAL: 6.6 DPTR FM NORMAL: 3.47 2 = FOG REDUCING VISIBILITY
HIGHEST: 82 ON 28,27 GRTST 24HR 1.41 ON 20-20 TO 1/4 MILE OR LESS
LOWEST: 19 ON 1 3 = THUNDER
SNOW, ICE PELLETS, HAIL 4 = ICE PELLETS
TOTAL MONTH: 0.0 INCH 5 = HAIL
GRTST 24HR 0.0 6 = FREEZING RAIN OR DRIZZLE
GRTST DEPTH: 0 7 = DUSTSTORM OR SANDSTORM:
VSBY 1/2 MILE OR LESS
8 = SMOKE OR HAZE
[NO. OF DAYS WITH] [WEATHER - DAYS WITH] 9 = BLOWING SNOW
X = TORNADO
MAX 32 OR BELOW: 0 0.01 INCH OR MORE: 19
MAX 90 OR ABOVE: 0 0.10 INCH OR MORE: 14
MIN 32 OR BELOW: 4 0.50 INCH OR MORE: 6
MIN 0 OR BELOW: 0 1.00 INCH OR MORE: 1
[HDD (BASE 65) ]
TOTAL THIS MO. 361 CLEAR (SCALE 0-3) 3
DPTR FM NORMAL -207 PTCLDY (SCALE 4-7) 15
TOTAL FM JUL 1 3160 CLOUDY (SCALE 8-10) 13
DPTR FM NORMAL -790
[CDD (BASE 65) ]
TOTAL THIS MO. 6
DPTR FM NORMAL 5 [PRESSURE DATA]
TOTAL FM JAN 1 8 HIGHEST SLP 30.57 ON 8
DPTR FM NORMAL 7 LOWEST SLP 29.65 ON 31
[REMARKS]
#FINAL-03-20#