000
CXUS54 KFWD 220504
CF6TRL
PRELIMINARY LOCAL CLIMATOLOGICAL DATA (WS FORM: F-6)
STATION: TERRELL
MONTH: JULY
YEAR: 2022
LATITUDE: 32 42 N
LONGITUDE: 96 16 W
TEMPERATURE IN F: :PCPN: SNOW: WIND :SUNSHINE: SKY :PK WND
================================================================================
1 2 3 4 5 6A 6B 7 8 9 10 11 12 13 14 15 16 17 18
12Z AVG MX 2MIN
DY MAX MIN AVG DEP HDD CDD WTR SNW DPTH SPD SPD DIR MIN PSBL S-S WX SPD DR
================================================================================
1 96 73 85 2 0 20 0.00 M M 6.2 15 100 M M 2 19 110
2 97 74 86 2 0 21 T M M 5.8 18 100 M M 1 3 27 90
3 101 77 89 5 0 24 0.00 M M 8.4 17 160 M M 1 27 130
4 100 78 89 5 0 24 0.00 M M 10.8 21 170 M M 0 27 150
5 101 76 89 5 0 24 0.00 M M 9.3 20 170 M M 0 26 180
6 102 79 91 7 0 26 0.00 M M 9.4 17 220 M M 0 27 230
7 102 78 90 6 0 25 0.00 M M 9.1 17 170 M M 0 23 170
8 104 79 92 8 0 27 T M M 7.5 15 220 M M 0 20 190
9 106 78 92 8 0 27 M M M 6.2 16 360 M M 1 22 20
10 103 79 91 7 0 26 M M M 7.8 17 10 M M 0 24 10
11 102 78 90 6 0 25 0.00 M M 7.0 15 20 M M 0 21 10
12 104 76 90 5 0 25 0.00 M M 7.5 20 30 M M 0 28 60
13 106 74 90 5 0 25 0.00 M M 3.9 14 80 M M 1 8 19 50
14 93 75 84 -1 0 19 0.04 M M 8.4 21 120 M M 1 3 27 110
15 99 72 86 1 0 21 0.00 M M 5.8 16 120 M M 1 23 100
16 99 76 88 3 0 23 0.00 M M 8.0 15 160 M M 0 21 150
17 104 79 92 7 0 27 0.00 M M 7.9 17 200 M M 0 26 190
18 106 80 93 8 0 28 0.00 M M 11.8 21 210 M M 0 34 180
19 106 81 94 9 0 29 0.00 M M 13.8 22 190 M M 0 31 190
20 107 80 94 8 0 29 T M M 10.6 22 190 M M 0 32 190
21 101 83 92 6 0 27 M M M 9.4 17 210 M M 0 26 200
22 98 80 89 3 0 24 0.00 M M 9.9 30 120 M M 1 42 130
23 101 75 88 2 0 23 0.00 M M 9.7 17 170 M M 1 25 230
24 102 79 91 5 0 26 0.00 M M 10.4 18 170 M M 1 26 170
25 103 79 91 5 0 26 0.00 M M 9.7 17 170 M M 0 24 180
26 102 79 91 5 0 26 0.00 M M 10.8 17 150 M M 0 27 170
27 102 80 91 5 0 26 0.00 M M 10.3 18 170 M M 0 28 180
28 102 80 91 5 0 26 0.00 M M 10.6 18 170 M M 1 25 170
29 102 79 91 5 0 26 0.00 M M 9.5 16 220 M M 1 26 210
30 102 80 91 5 0 26 0.35 M M 9.1 29 140 M M 2 3 36 130
31 101 79 90 4 0 25 0.00 M M 9.2 21 220 M M 1 29 220
================================================================================
SM 3154 2415 0 776 0.39 M 273.8 M 16
================================================================================
AV101.7 77.9 8.8 FASTST M M 1 MAX(MPH)
MISC ----> 30 120 42 130
================================================================================
NOTES:
# LAST OF SEVERAL OCCURRENCES
COLUMN 17 PEAK WIND IN M.P.H.
PRELIMINARY LOCAL CLIMATOLOGICAL DATA (WS FORM: F-6) , PAGE 2
STATION: TERRELL
MONTH: JULY
YEAR: 2022
LATITUDE: 32 42 N
LONGITUDE: 96 16 W
[TEMPERATURE DATA] [PRECIPITATION DATA] SYMBOLS USED IN COLUMN 16
AVERAGE MONTHLY: 89.8 TOTAL FOR MONTH: 0.39 1 = FOG OR MIST
DPTR FM NORMAL: 4.8 DPTR FM NORMAL: -1.61 2 = FOG REDUCING VISIBILITY
HIGHEST: 107 ON 20 GRTST 24HR 0.35 ON 30-30 TO 1/4 MILE OR LESS
LOWEST: 72 ON 15 3 = THUNDER
SNOW, ICE PELLETS, HAIL 4 = ICE PELLETS
TOTAL MONTH: M 5 = HAIL
GRTST 24HR M ON M 6 = FREEZING RAIN OR DRIZZLE
GRTST DEPTH: M ON M 7 = DUSTSTORM OR SANDSTORM:
VSBY 1/2 MILE OR LESS
8 = SMOKE OR HAZE
[NO. OF DAYS WITH] [WEATHER - DAYS WITH] 9 = BLOWING SNOW
X = TORNADO
MAX 32 OR BELOW: 0 0.01 INCH OR MORE: 2
MAX 90 OR ABOVE: 31 0.10 INCH OR MORE: 1
MIN 32 OR BELOW: 0 0.50 INCH OR MORE: 0
MIN 0 OR BELOW: 0 1.00 INCH OR MORE: 0
[HDD (BASE 65) ]
TOTAL THIS MO. 0 CLEAR (SCALE 0-3) 31
DPTR FM NORMAL 0 PTCLDY (SCALE 4-7) 0
TOTAL FM JUL 1 0 CLOUDY (SCALE 8-10) 0
DPTR FM NORMAL 0
[CDD (BASE 65) ]
TOTAL THIS MO. 776
DPTR FM NORMAL 156 [PRESSURE DATA]
TOTAL FM JAN 1 1893 HIGHEST SLP 30.08 ON 31
DPTR FM NORMAL 362 LOWEST SLP 29.75 ON 19
[REMARKS]
#FINAL-07-22#