000
CXUS56 KSGX 011045
CF6TRM
PRELIMINARY LOCAL CLIMATOLOGICAL DATA (WS FORM: F-6)
STATION: THERMAL AIRPORT CA
MONTH: AUGUST
YEAR: 2021
LATITUDE: 33 37 N
LONGITUDE: 116 10 W
TEMPERATURE IN F: :PCPN: SNOW: WIND :SUNSHINE: SKY :PK WND
================================================================================
1 2 3 4 5 6A 6B 7 8 9 10 11 12 13 14 15 16 17 18
12Z AVG MX 2MIN
DY MAX MIN AVG DEP HDD CDD WTR SNW DPTH SPD SPD DIR MIN PSBL S-S WX SPD DR
================================================================================
1 112 83 98 6 0 33 0.00 M M 7.7 17 340 M M 0 23 350
2 116 80 98 6 0 33 0.00 M M 7.3 15 330 M M 0 8 20 330
3 119 91 105 13 0 40 0.00 M M 8.9 16 330 M M 0 22 330
4 122 85 104 12 0 39 0.00 M M 9.9 20 330 M M 0 25 330
5 112 86 99 7 0 34 0.00 M M 7.9 22 330 M M 0 28 340
6 109 80 95 3 0 30 0.00 M M 4.5 14 10 M M 0 18 10
7 109 69 89 -2 0 24 0.00 M M 4.6 12 340 M M 0 17 130
8 109 71 90 -1 0 25 0.00 M M 5.6 16 130 M M 0 22 140
9 107 79 93 2 0 28 0.00 M M 6.2 18 140 M M 0 23 140
10 105 78 92 1 0 27 0.16 M M 6.9 28 110 M M 1 38 41 80
11 98 74 86 -5 0 21 T M M 4.1 13 140 M M 1 16 150
12 104 74 89 -2 0 24 0.00 M M 5.4 16 340 M M 0 22 340
13 107 87 97 6 0 32 0.00 M M 8.4 20 340 M M 0 26 350
14 103 76 90 -1 0 25 T M M 5.4 16 330 M M 0 22 330
15 105 78 92 1 0 27 0.00 M M 5.3 15 150 M M 0 19 160
16 108 80 94 3 0 29 0.00 M M 6.9 15 150 M M 0 8 20 150
17 105 79 92 1 0 27 0.00 M M 7.1 21 340 M M 0 27 340
18 103 77 90 0 0 25 0.00 M M 11.0 24 330 M M 0 31 340
19 99 77 88 -2 0 23 0.00 M M 10.3 21 340 M M 0 27 330
20 101 75 88 -2 0 23 0.00 M M 8.2 17 140 M M 0 23 140
21 102 75 89 -1 0 24 0.00 M M 7.7 20 140 M M 0 24 140
22 100 73 87 -3 0 22 0.00 M M 7.3 15 120 M M 0 19 130
23 103 73 88 -2 0 23 0.00 M M 5.0 14 130 M M 0 18 130
24 105 68 87 -3 0 22 0.00 M M 4.7 15 330 M M 0 18 130
25 114 71 93 3 0 28 0.00 M M 5.3 18 330 M M 0 24 340
26 116 81 99 9 0 34 0.00 M M 7.3 16 320 M M 0 22 320
27 116 74 95 6 0 30 0.00 M M 5.8 16 310 M M 0 8 23 110
28 110 74 92 3 0 27 0.00 M M 5.4 21 150 M M 0 28 130
29 109 84 97 8 0 32 0.00 M M 6.2 15 130 M M 0 20 140
30 112 81 97 8 0 32 0.01 M M 8.1 36 130 M M 1 38 49 120
31 104 79 92 3 0 27 T M M 7.6 35 140 M M 1 38 45 140
================================================================================
SM 3344 2412 0 870 0.17 M 212.0 M 4
================================================================================
AV107.9 77.8 6.8 FASTST M M 0 MAX(MPH)
MISC ----> 36 130 49 120
================================================================================
NOTES:
# LAST OF SEVERAL OCCURRENCES
COLUMN 17 PEAK WIND IN M.P.H.
PRELIMINARY LOCAL CLIMATOLOGICAL DATA (WS FORM: F-6) , PAGE 2
STATION: THERMAL AIRPORT CA
MONTH: AUGUST
YEAR: 2021
LATITUDE: 33 37 N
LONGITUDE: 116 10 W
[TEMPERATURE DATA] [PRECIPITATION DATA] SYMBOLS USED IN COLUMN 16
AVERAGE MONTHLY: 92.8 TOTAL FOR MONTH: 0.17 1 = FOG OR MIST
DPTR FM NORMAL: 2.2 DPTR FM NORMAL: 0.05 2 = FOG REDUCING VISIBILITY
HIGHEST: 122 ON 4 GRTST 24HR 0.16 ON 10-10 TO 1/4 MILE OR LESS
LOWEST: 68 ON 24 3 = THUNDER
SNOW, ICE PELLETS, HAIL 4 = ICE PELLETS
TOTAL MONTH: M 5 = HAIL
GRTST 24HR M ON M 6 = FREEZING RAIN OR DRIZZLE
GRTST DEPTH: M ON M 7 = DUSTSTORM OR SANDSTORM:
VSBY 1/2 MILE OR LESS
8 = SMOKE OR HAZE
[NO. OF DAYS WITH] [WEATHER - DAYS WITH] 9 = BLOWING SNOW
X = TORNADO
MAX 32 OR BELOW: 0 0.01 INCH OR MORE: 2
MAX 90 OR ABOVE: 31 0.10 INCH OR MORE: 1
MIN 32 OR BELOW: 0 0.50 INCH OR MORE: 0
MIN 0 OR BELOW: 0 1.00 INCH OR MORE: 0
[HDD (BASE 65) ]
TOTAL THIS MO. 0 CLEAR (SCALE 0-3) 31
DPTR FM NORMAL 0 PTCLDY (SCALE 4-7) 0
TOTAL FM JUL 1 0 CLOUDY (SCALE 8-10) 0
DPTR FM NORMAL 0
[CDD (BASE 65) ]
TOTAL THIS MO. 870
DPTR FM NORMAL 78 [PRESSURE DATA]
TOTAL FM JAN 1 3415 HIGHEST SLP 30.01 ON 14
DPTR FM NORMAL 459 LOWEST SLP 29.49 ON 27
[REMARKS]
#FINAL-08-21#