000
CXUS56 KPQR 011155
CF6TTD
PRELIMINARY LOCAL CLIMATOLOGICAL DATA (WS FORM: F-6)
STATION: TROUTDALE OR
MONTH: MAY
YEAR: 2021
LATITUDE: 45 33 N
LONGITUDE: 122 25 W
TEMPERATURE IN F: :PCPN: SNOW: WIND :SUNSHINE: SKY :PK WND
================================================================================
1 2 3 4 5 6A 6B 7 8 9 10 11 12 13 14 15 16 17 18
12Z AVG MX 2MIN
DY MAX MIN AVG DEP HDD CDD WTR SNW DPTH SPD SPD DIR MIN PSBL S-S WX SPD DR
================================================================================
1 62 51 57 1 8 0 0.00 M M 4.2 9 240 M M 10 13 210
2 67 47 57 1 8 0 0.00 M M 4.1 13 250 M M 4 19 260
3 66 45 56 0 9 0 0.05 M M 2.6 10 320 M M 8 1 13 310
4 69 48 59 3 6 0 0.00 M M 3.6 10 240 M M 4 1 14 240
5 79 41 60 3 5 0 0.00 M M 9.6 21 90 M M 0 28 90
6 69 49 59 2 6 0 0.02 M M 6.7 26 230 M M 6 33 230
7 61 44 53 -4 12 0 0.04 M M 6.0 16 210 M M 6 22 350
8 64 41 53 -5 12 0 0.00 M M 2.1 9 260 M M 8 15 320
9 68 52 60 2 5 0 T M M 3.2 12 250 M M 8 16 240
10 72 49 61 3 4 0 0.00 M M 3.3 12 260 M M 4 15 270
11 76 43 60 2 5 0 0.00 M M 3.2 10 260 M M 0 14 270
12 81 47 64 6 1 0 0.00 M M 3.7 9 240 M M 0 14 310
13 80 47 64 5 1 0 0.00 M M 3.6 10 250 M M 0 15 250
14 82 54 68 9 0 3 0.00 M M 4.6 12 260 M M 0 22 310
15 81 47 64 5 1 0 0.00 M M 4.2 9 260 M M 0 13 270
16 83 49 66 7 0 1 0.00 M M 3.5 12 250 M M 0 15 300
17 68 53 61 2 4 0 0.02 M M 5.9 18 220 M M 9 25 230
18 62 48 55 -5 10 0 0.05 M M 6.6 23 250 M M 7 8 28 240
19 64 40 52 -8 13 0 0.01 M M 4.6 15 310 M M 4 23 320
20 58 44 51 -9 14 0 0.16 M M 2.6 8 220 M M 9 8 10 180
21 64 48 56 -4 9 0 0.00 M M 3.2 12 140 M M 7 16 320
22 66 50 58 -2 7 0 T M M 5.3 20 90 M M 10 1 25 90
23 64 52 58 -2 7 0 0.02 M M 4.2 15 240 M M 10 18 20 250
24 62 51 57 -3 8 0 0.47 M M 2.5 12 250 M M 10 18 15 230
25 61 54 58 -2 7 0 0.67 M M 1.8 9 240 M M 10 128 12 250
26 73 51 62 1 3 0 0.00 M M 2.9 15 220 M M 3 20 220
27 67 52 60 -1 5 0 0.25 M M 9.7 25 240 M M 8 18 33 240
28 70 50 60 -1 5 0 0.00 M M 4.8 10 230 M M 5 15 310
29 84 43 64 3 1 0 0.00 M M 3.3 8 310 M M 0 14 310
30 85 50 68 7 0 3 0.00 M M 3.6 9 240 M M 0 13 270
31 89 52 71 10 0 6 0.00 M M 3.6 9 320 M M 0 14 280
================================================================================
SM 2197 1492 176 13 1.76 M 132.8 M 150
================================================================================
AV 70.9 48.1 4.3 FASTST M M 5 MAX(MPH)
MISC ----> 26 230 # 33 230
================================================================================
NOTES:
# LAST OF SEVERAL OCCURRENCES
COLUMN 17 PEAK WIND IN M.P.H.
PRELIMINARY LOCAL CLIMATOLOGICAL DATA (WS FORM: F-6) , PAGE 2
STATION: TROUTDALE OR
MONTH: MAY
YEAR: 2021
LATITUDE: 45 33 N
LONGITUDE: 122 25 W
[TEMPERATURE DATA] [PRECIPITATION DATA] SYMBOLS USED IN COLUMN 16
AVERAGE MONTHLY: 59.5 TOTAL FOR MONTH: 1.76 1 = FOG OR MIST
DPTR FM NORMAL: 0.6 DPTR FM NORMAL: -1.15 2 = FOG REDUCING VISIBILITY
HIGHEST: 89 ON 31 GRTST 24HR 0.91 ON 24-25 TO 1/4 MILE OR LESS
LOWEST: 40 ON 19 3 = THUNDER
SNOW, ICE PELLETS, HAIL 4 = ICE PELLETS
TOTAL MONTH: M 5 = HAIL
GRTST 24HR M ON M 6 = FREEZING RAIN OR DRIZZLE
GRTST DEPTH: M ON M 7 = DUSTSTORM OR SANDSTORM:
VSBY 1/2 MILE OR LESS
8 = SMOKE OR HAZE
[NO. OF DAYS WITH] [WEATHER - DAYS WITH] 9 = BLOWING SNOW
X = TORNADO
MAX 32 OR BELOW: 0 0.01 INCH OR MORE: 11
MAX 90 OR ABOVE: 0 0.10 INCH OR MORE: 4
MIN 32 OR BELOW: 0 0.50 INCH OR MORE: 1
MIN 0 OR BELOW: 0 1.00 INCH OR MORE: 0
[HDD (BASE 65) ]
TOTAL THIS MO. 176 CLEAR (SCALE 0-3) 11
DPTR FM NORMAL -32 PTCLDY (SCALE 4-7) 13
TOTAL FM JUL 1 3809 CLOUDY (SCALE 8-10) 7
DPTR FM NORMAL -253
[CDD (BASE 65) ]
TOTAL THIS MO. 13
DPTR FM NORMAL -6 [PRESSURE DATA]
TOTAL FM JAN 1 13 HIGHEST SLP 30.43 ON 8
DPTR FM NORMAL -9 LOWEST SLP 29.79 ON 5
[REMARKS]
#FINAL-05-21#