000
CXUS51 KPHI 161838
CF6TTN
PRELIMINARY LOCAL CLIMATOLOGICAL DATA (WS FORM: F-6)
STATION: TRENTON NJ
MONTH: JANUARY
YEAR: 2023
LATITUDE: 40 16 N
LONGITUDE: 74 49 W
TEMPERATURE IN F: :PCPN: SNOW: WIND :SUNSHINE: SKY :PK WND
================================================================================
1 2 3 4 5 6A 6B 7 8 9 10 11 12 13 14 15 16 17 18
12Z AVG MX 2MIN
DY MAX MIN AVG DEP HDD CDD WTR SNW DPTH SPD SPD DIR MIN PSBL S-S WX SPD DR
================================================================================
1 54 37 46 13 19 0 T 0.0 0 6.5 15 310 M M 2 1 21 320
2 55 35 45 12 20 0 T 0.0 0 1.1 9 210 M M 4 11 210
3 55 46 51 18 14 0 0.23 0.0 0 1.8 8 300 M M 9 12 11 330
4 64 46 55 22 10 0 0.01 0.0 0 4.2 9 180 M M 5 1 14 240
5 60 45 53 20 12 0 0.08 0.0 0 5.4 10 130 M M 9 1 13 340
6 46 37 42 10 23 0 0.14 0.0 0 5.8 16 310 M M 8 1 23 320
7 45 36 41 9 24 0 0.00 0.0 0 7.2 16 290 M M 8 21 290
8 40 29 35 3 30 0 0.00 0.0 0 4.2 12 350 M M 3 15 330
9 44 35 40 8 25 0 0.03 T 0 5.9 15 300 M M 5 1 21 320
10 42 30 36 4 29 0 0.00 0.0 0 4.2 10 270 M M 8 8 13 290
11 42 30 36 4 29 0 0.00 0.0 0 5.2 13 120 M M 7 15 90
12 55 34 45 13 20 0 0.09 T 0 6.9 14 150 M M 10 134 19 150
13 57 34 46 14 19 0 0.02 0.0 0 12.7 21 350 M M 9 1 29 220
14 34 29 32 0 33 0 T T 0 15.2 24 350 M M 10 33 340
15 41 26 34 2 31 0 0.00 0.0 0 13.5 23 340 M M 2 30 340
16 49 23 36 4 29 0 0.00 0.0 0 7.4 16 300 M M 0 23 300
17 45 29 37 5 28 0 T 0.0 0 4.1 10 300 M M 6 15 300
18 53 35 44 12 21 0 0.00 0.0 0 7.2 18 300 M M 5 1 26 300
19 42 34 38 6 27 0 0.91 T 0 4.8 13 340 M M 8 134 16 80
20 45 38 42 10 23 0 0.00 0.0 0 9.1 20 280 M M 6 1 31 280
21 41 34 38 6 27 0 0.00 0.0 0 6.1 17 340 M M 9 23 360
22 41 30 36 4 29 0 0.55 T 0 5.3 15 30 M M 7 14 19 30
23 39 35 37 5 28 0 0.25 T 0 9.6 21 320 M M 10 1 29 290
24 46 28 37 5 28 0 0.00 0.0 0 7.8 21 300 M M 3 29 310
25 58 25 42 10 23 0 0.86 T 0 9.3 22 170 M M 6 1 31 140
26 58 37 48 16 17 0 0.37 0.0 0 12.8 25 260 M M 7 1 33 290
27 41 26 34 2 31 0 0.00 0.0 0 5.3 14 260 M M 3 19 300
28 51 25 38 6 27 0 0.00 0.0 0 5.9 21 250 M M 2 27 260
29 50 31 41 9 24 0 T 0.0 0 5.1 24 210 M M 4 29 210
30 52 34 43 11 22 0 0.00 0.0 0 3.6 12 200 M M 3 1 14 210
31 44 32 38 6 27 0 0.06 T 0 3.8 15 350 M M 10 14 19 340
================================================================================
SM 1489 1025 749 0 3.60 T 207.0 M 188
================================================================================
AV 48.0 33.1 6.7 FASTST M M 6 MAX(MPH)
MISC ----> 25 260 # 33 340
================================================================================
NOTES:
# LAST OF SEVERAL OCCURRENCES
COLUMN 17 PEAK WIND IN M.P.H.
PRELIMINARY LOCAL CLIMATOLOGICAL DATA (WS FORM: F-6) , PAGE 2
STATION: TRENTON NJ
MONTH: JANUARY
YEAR: 2023
LATITUDE: 40 16 N
LONGITUDE: 74 49 W
[TEMPERATURE DATA] [PRECIPITATION DATA] SYMBOLS USED IN COLUMN 16
AVERAGE MONTHLY: 40.5 TOTAL FOR MONTH: 3.60 1 = FOG OR MIST
DPTR FM NORMAL: 8.5 DPTR FM NORMAL: 0.31 2 = FOG REDUCING VISIBILITY
HIGHEST: 64 ON 4 GRTST 24HR 0.91 ON 19-19 TO 1/4 MILE OR LESS
LOWEST: 23 ON 16 3 = THUNDER
SNOW, ICE PELLETS, HAIL 4 = ICE PELLETS
TOTAL MONTH: T 5 = HAIL
GRTST 24HR T ON 12-12 6 = FREEZING RAIN OR DRIZZLE
GRTST DEPTH: 0 7 = DUSTSTORM OR SANDSTORM:
VSBY 1/2 MILE OR LESS
8 = SMOKE OR HAZE
[NO. OF DAYS WITH] [WEATHER - DAYS WITH] 9 = BLOWING SNOW
X = TORNADO
MAX 32 OR BELOW: 0 0.01 INCH OR MORE: 13
MAX 90 OR ABOVE: 0 0.10 INCH OR MORE: 7
MIN 32 OR BELOW: 14 0.50 INCH OR MORE: 3
MIN 0 OR BELOW: 0 1.00 INCH OR MORE: 0
[HDD (BASE 65) ]
TOTAL THIS MO. 749 CLEAR (SCALE 0-3) 7
DPTR FM NORMAL -274 PTCLDY (SCALE 4-7) 15
TOTAL FM JUL 1 2606 CLOUDY (SCALE 8-10) 9
DPTR FM NORMAL -229
[CDD (BASE 65) ]
TOTAL THIS MO. 0
DPTR FM NORMAL 0 [PRESSURE DATA]
TOTAL FM JAN 1 0 HIGHEST SLP 30.33 ON 8
DPTR FM NORMAL 0 LOWEST SLP 29.41 ON 26
[REMARKS]
#FINAL-01-23#