000
CXUS54 KMEG 020045
CF6TUP
PRELIMINARY LOCAL CLIMATOLOGICAL DATA (WS FORM: F-6)
STATION: TUPELO
MONTH: AUGUST
YEAR: 2020
LATITUDE: 34 16 N
LONGITUDE: 88 46 W
TEMPERATURE IN F: :PCPN: SNOW: WIND :SUNSHINE: SKY :PK WND
================================================================================
1 2 3 4 5 6A 6B 7 8 9 10 11 12 13 14 15 16 17 18
12Z AVG MX 2MIN
DY MAX MIN AVG DEP HDD CDD WTR SNW DPTH SPD SPD DIR MIN PSBL S-S WX SPD DR
================================================================================
1 84 69 77 -5 0 12 0.01 0.0 0 7.6 18 220 M M 8 18 28 210
2 90 66 78 -4 0 13 0.00 0.0 0 3.0 9 110 M M 2 12 15 330
3 93 68 81 -1 0 16 0.19 0.0 0 2.3 13 250 M M 1 38 20 280
4 87 70 79 -3 0 14 0.20 0.0 0 5.8 18 340 M M 3 1 22 330
5 89 67 78 -4 0 13 0.00 0.0 0 7.8 14 360 M M 1 19 330
6 90 68 79 -3 0 14 0.00 0.0 0 6.5 14 360 M M 0 21 360
7 93 67 80 -2 0 15 0.00 0.0 0 4.1 10 20 M M 0 14 10
8 97 70 84 3 0 19 0.00 0.0 0 3.2 9 210 M M 0 13 330
9 99 74 87 6 0 22 0.00 0.0 0 1.6 12 210 M M 1 16 190
10 99 78 89 8 0 24 0.00 0.0 0 3.2 12 240 M M 1 15 240
11 98 74 86 5 0 21 1.16 0.0 0 6.5 25 130 M M 3 138 37 120
12 94 73 84 3 0 19 T 0.0 0 1.4 7 120 M M 1 3 10 310
13 93 75 84 3 0 19 0.01 0.0 0 2.6 23 210 M M 1 3 32 220
14 89 75 82 1 0 17 T 0.0 0 2.7 20 360 M M 4 138 24 10
15 93 75 84 3 0 19 0.00 0.0 0 4.8 15 350 M M 2 12 19 10
16 92 73 83 2 0 18 0.23 0.0 0 3.0 20 330 M M 2 13 28 330
17 91 68 80 -1 0 15 0.00 0.0 0 7.4 16 30 M M 0 20 20
18 94 70 82 1 0 17 0.00 0.0 0 2.8 10 330 M M 3 15 300
19 83 69 76 -5 0 11 0.00 0.0 0 8.5 16 30 M M 4 1 19 40
20 91 67 79 -2 0 14 0.00 0.0 0 4.1 12 180 M M 1 13 16 180
21 85 59 72 -9 0 7 0.37 0.0 0 5.2 14 20 M M 8 13 18 200
22 83 68 76 -4 0 11 0.04 0.0 0 1.8 10 350 M M 6 12 350
23 91 68 80 0 0 15 0.00 0.0 0 2.7 10 60 M M 2 12 18 20
24 92 71 82 2 0 17 T 0.0 0 4.4 14 80 M M 3 18 70
25 85 74 80 0 0 15 0.70 0.0 0 6.2 13 90 M M 7 18 19 140
26 92 75 84 4 0 19 0.01 0.0 0 4.9 12 90 M M 5 3 16 110
27 90 78 84 4 0 19 0.02 0.0 0 8.2 28 150 M M 3 8 36 130
28 92 75 84 4 0 19 2.52 0.0 0 13.6 24 200 M M 6 138 37 200
29 89 65 77 -3 0 12 0.75 0.0 0 4.7 10 10 M M 6 13 16 240
30 88 75 82 3 0 17 1.10 0.0 0 3.4 25 330 M M 3 13 32 350
31 92 75 84 5 0 19 1.33 0.0 0 4.2 13 240 M M 7 13 27 220
================================================================================
SM 2818 2199 0 502 8.64 0.0 148.2 M 94
================================================================================
AV 90.9 70.9 4.8 FASTST M M 3 MAX(MPH)
MISC ----> # 28 150 # 37 120
================================================================================
NOTES:
# LAST OF SEVERAL OCCURRENCES
COLUMN 17 PEAK WIND IN M.P.H.
PRELIMINARY LOCAL CLIMATOLOGICAL DATA (WS FORM: F-6) , PAGE 2
STATION: TUPELO
MONTH: AUGUST
YEAR: 2020
LATITUDE: 34 16 N
LONGITUDE: 88 46 W
[TEMPERATURE DATA] [PRECIPITATION DATA] SYMBOLS USED IN COLUMN 16
AVERAGE MONTHLY: 80.9 TOTAL FOR MONTH: 8.64 1 = FOG OR MIST
DPTR FM NORMAL: 0.1 DPTR FM NORMAL: 5.19 2 = FOG REDUCING VISIBILITY
HIGHEST: 99 ON 10, 9 GRTST 24HR 2.52 ON 28-28 TO 1/4 MILE OR LESS
LOWEST: 59 ON 21 3 = THUNDER
SNOW, ICE PELLETS, HAIL 4 = ICE PELLETS
TOTAL MONTH: 0.0 INCH 5 = HAIL
GRTST 24HR 0.0 6 = FREEZING RAIN OR DRIZZLE
GRTST DEPTH: 0 7 = DUSTSTORM OR SANDSTORM:
VSBY 1/2 MILE OR LESS
8 = SMOKE OR HAZE
[NO. OF DAYS WITH] [WEATHER - DAYS WITH] 9 = BLOWING SNOW
X = TORNADO
MAX 32 OR BELOW: 0 0.01 INCH OR MORE: 15
MAX 90 OR ABOVE: 21 0.10 INCH OR MORE: 10
MIN 32 OR BELOW: 0 0.50 INCH OR MORE: 6
MIN 0 OR BELOW: 0 1.00 INCH OR MORE: 4
[HDD (BASE 65) ]
TOTAL THIS MO. 0 CLEAR (SCALE 0-3) 21
DPTR FM NORMAL 0 PTCLDY (SCALE 4-7) 10
TOTAL FM JUL 1 0 CLOUDY (SCALE 8-10) 0
DPTR FM NORMAL 0
[CDD (BASE 65) ]
TOTAL THIS MO. 502
DPTR FM NORMAL 12 [PRESSURE DATA]
TOTAL FM JAN 1 1788 HIGHEST SLP 30.14 ON 9
DPTR FM NORMAL 116 LOWEST SLP 29.80 ON 31
[REMARKS]
#FINAL-08-20#