000
CXUS54 KMEG 052111
CLMTUP
CLIMATE REPORT
NATIONAL WEATHER SERVICE MEMPHIS TN
411 PM CDT FRI APR 05 2024
...................................
...THE TUPELO CLIMATE SUMMARY FOR THE MONTH OF MARCH 2024...
CLIMATE NORMAL PERIOD 1991 TO 2020
CLIMATE RECORD PERIOD 1930 TO 2024
WEATHER OBSERVED NORMAL DEPART LAST YEAR`S
VALUE DATE(S) VALUE FROM VALUE DATE(S)
NORMAL
................................................................
TEMPERATURE (F)
RECORD
HIGH 89 03/26/2020
03/15/2016
03/30/1986
LOW 7 03/03/1980
HIGHEST 84 03/14 64 20 85 03/23
03/24
03/26
LOWEST 29 03/19 43 -14 24 03/20
AVG. MAXIMUM 69.4 66.4 3.0 68.7
AVG. MINIMUM 46.1 43.7 2.4 46.2
MEAN 57.7 55.1 2.6 57.5
DAYS MAX >= 90 0 0.0 0.0 0
DAYS MAX <= 32 0 0.0 0.0 0
DAYS MIN <= 32 1 5.1 -4.1 4
DAYS MIN <= 0 0 0.0 0.0 0
PRECIPITATION (INCHES)
RECORD
MAXIMUM 17.20 1980
MINIMUM 1.80 1966
TOTALS 4.14 5.37 -1.23 8.51
DAILY AVG. 0.13 0.17 -0.04 0.27
DAYS >= .01 10 11.2 -1.2 14
DAYS >= .10 7 7.9 -0.9 11
DAYS >= .50 3 3.6 -0.6 5
DAYS >= 1.00 1 1.6 -0.6 3
GREATEST
24 HR. TOTAL 1.15 03/25 TO 03/26
SNOWFALL (INCHES)
RECORDS
TOTAL 6.0 1968
TOTALS 0.0 0.2 -0.2 0.0
SINCE 7/1 1.0 1.5 -0.5 T
SNOWDEPTH AVG. 0 0
DAYS >= 1.0 0 0.1 -0.1 0
GREATEST
SNOW DEPTH 0 0 MM
24 HR TOTAL MM
DEGREE DAYS
HEATING TOTAL 232 328 -96 265
SINCE 7/1 2253 2583 -330 2034
COOLING TOTAL 14 19 -5 39
SINCE 1/1 21 23 -2 76
................................................................
WIND (MPH)
AVERAGE WIND SPEED 6.6
HIGHEST WIND SPEED/DIRECTION 37/340 DATE 03/15
HIGHEST GUST SPEED/DIRECTION 56/330 DATE 03/15
SKY COVER
POSSIBLE SUNSHINE (PERCENT) MM
AVERAGE SKY COVER 0.38
NUMBER OF DAYS FAIR 14
NUMBER OF DAYS PC 9
NUMBER OF DAYS CLOUDY 7
AVERAGE RH (PERCENT) 67
WEATHER CONDITIONS. NUMBER OF DAYS WITH
THUNDERSTORM 4 MIXED PRECIP 0
HEAVY RAIN 3 RAIN 6
LIGHT RAIN 10 FREEZING RAIN 0
LT FREEZING RAIN 0 HAIL 0
HEAVY SNOW 0 SNOW 0
LIGHT SNOW 0 SLEET 0
FOG 15 FOG W/VIS <= 1/4 MILE 3
HAZE 7
- INDICATES NEGATIVE NUMBERS.
R INDICATES RECORD WAS SET OR TIED.
MM INDICATES DATA IS MISSING.
T INDICATES TRACE AMOUNT.
$$