000
CXUS55 KREV 012008
CF6TVL
PRELIMINARY LOCAL CLIMATOLOGICAL DATA (WS FORM: F-6)
STATION: SOUTH LAKE TAHOE CA
MONTH: NOVEMBER
YEAR: 2022
LATITUDE: 38 53 N
LONGITUDE: 119 60 W
TEMPERATURE IN F: :PCPN: SNOW: WIND :SUNSHINE: SKY :PK WND
================================================================================
1 2 3 4 5 6A 6B 7 8 9 10 11 12 13 14 15 16 17 18
12Z AVG MX 2MIN
DY MAX MIN AVG DEP HDD CDD WTR SNW DPTH SPD SPD DIR MIN PSBL S-S WX SPD DR
================================================================================
1 49 28 39 -2 26 0 0.24 M M 11.2 32 180 M M 7 123 49 180
2 33 20 27 -14 38 0 0.05 M M 6.6 18 180 M M 9 18 25 200
3 35 13 24 -17 41 0 0.17 M M 2.3 9 80 M M 3 12 16 120
4 53 16 35 -5 30 0 0.00 M M 2.3 13 200 M M 2 17 190
5 46 41 44 4 21 0 0.02 M M 10.8 21 180 M M 8 25 180
6 45 37 41 1 24 0 0.05 M M 14.3 32 190 M M 8 1 54 190
7 38 23 31 -9 34 0 0.33 M M 10.4 30 190 M M 9 128 43 190
8 31 24 28 -11 37 0 0.48 M M 7.3 18 180 M M 9 12 30 200
9 32 12 22 -17 43 0 0.04 M M 7.7 20 180 M M 9 18 28 190
10 41 2 22 -17 43 0 0.00 M M 2.3 8 40 M M 0 9 30
11 44 7 26 -12 39 0 0.00 M M 2.9 8 180 M M 1 1 12 20
12 38 18 28 -10 37 0 0.07 M M 8.1 22 180 M M 6 1 33 170
13 41 12 27 -11 38 0 0.05 M M 3.1 10 20 M M 2 12 18 110
14 43 6 25 -13 40 0 0.00 M M 2.3 8 30 M M 0 12 20
15 41 11 26 -11 39 0 0.00 M M 5.1 22 70 M M 0 1 32 70
16 47 8 28 -9 37 0 0.00 M M 2.5 8 30 M M 0 1 10 30
17 48 10 29 -8 36 0 0.00 M M 3.1 12 30 M M 0 13 30
18 42 15 29 -7 36 0 0.00 M M 3.2 12 60 M M 2 19 90
19 43 6 25 -11 40 0 0.00 M M 3.0 8 40 M M 0 1 10 50
20 46 5 26 -10 39 0 0.00 M M 3.6 9 30 M M 0 1 11 30
21 48 8 28 -7 37 0 0.00 M M 3.3 9 30 M M 0 10 30
22 50 14 32 -3 33 0 0.00 M M 3.1 10 30 M M 0 11 30
23 50 19 35 0 30 0 0.00 M M 2.3 9 30 M M 0 12 30
24 52 17 35 1 30 0 0.00 M M 2.9 9 20 M M 0 12 30
25 53 19 36 2 29 0 0.00 M M 3.3 15 180 M M 0 17 180
26 48 22 35 1 30 0 T M M 3.2 12 30 M M 4 15 50
27 51 16 34 0 31 0 0.00 M M 6.7 20 190 M M 0 24 190
28 40 23 32 -1 33 0 0.00 M M 11.2 22 190 M M 4 28 190
29 45 15 30 -3 35 0 0.00 M M 2.0 9 30 M M 0 15 40
30 44 19 32 -1 33 0 0.00 M M 10.6 28 190 M M 2 44 190
================================================================================
SM 1317 486 1039 0 1.50 M 160.7 M 85
================================================================================
AV 43.9 16.2 5.4 FASTST M M 3 MAX(MPH)
MISC ----> # 32 180 54 190
================================================================================
NOTES:
# LAST OF SEVERAL OCCURRENCES
COLUMN 17 PEAK WIND IN M.P.H.
PRELIMINARY LOCAL CLIMATOLOGICAL DATA (WS FORM: F-6) , PAGE 2
STATION: SOUTH LAKE TAHOE CA
MONTH: NOVEMBER
YEAR: 2022
LATITUDE: 38 53 N
LONGITUDE: 119 60 W
[TEMPERATURE DATA] [PRECIPITATION DATA] SYMBOLS USED IN COLUMN 16
AVERAGE MONTHLY: 30.1 TOTAL FOR MONTH: 1.50 1 = FOG OR MIST
DPTR FM NORMAL: -7.0 DPTR FM NORMAL: -0.44 2 = FOG REDUCING VISIBILITY
HIGHEST: 53 ON 25, 4 GRTST 24HR 0.52 ON 8- 9 TO 1/4 MILE OR LESS
LOWEST: 2 ON 10 3 = THUNDER
SNOW, ICE PELLETS, HAIL 4 = ICE PELLETS
TOTAL MONTH: M 5 = HAIL
GRTST 24HR M ON M 6 = FREEZING RAIN OR DRIZZLE
GRTST DEPTH: M ON M 7 = DUSTSTORM OR SANDSTORM:
VSBY 1/2 MILE OR LESS
8 = SMOKE OR HAZE
[NO. OF DAYS WITH] [WEATHER - DAYS WITH] 9 = BLOWING SNOW
X = TORNADO
MAX 32 OR BELOW: 2 0.01 INCH OR MORE: 10
MAX 90 OR ABOVE: 0 0.10 INCH OR MORE: 4
MIN 32 OR BELOW: 28 0.50 INCH OR MORE: 0
MIN 0 OR BELOW: 0 1.00 INCH OR MORE: 0
[HDD (BASE 65) ]
TOTAL THIS MO. 1039 CLEAR (SCALE 0-3) 19
DPTR FM NORMAL 202 PTCLDY (SCALE 4-7) 7
TOTAL FM JUL 1 1918 CLOUDY (SCALE 8-10) 4
DPTR FM NORMAL -116
[CDD (BASE 65) ]
TOTAL THIS MO. 0
DPTR FM NORMAL 0 [PRESSURE DATA]
TOTAL FM JAN 1 100 HIGHEST SLP M ON M
DPTR FM NORMAL 72 LOWEST SLP 29.44 ON 8
[REMARKS]
THE AVERAGE TEMPERATURE FOR NOVEMBER 2022 AT THE SOUTH LAKE TAHOE
AIRPORT WAS 30.1 DEGREES, WHICH IS 7.0 DEGREES BELOW NORMAL. THE
HIGHEST TEMPERATURE FOR NOVEMBER WAS 53 DEGREES, WHICH OCCURRED ON
THE 4TH AND THE 25TH. THE LOWEST TEMPERATURE FOR THE MONTH WAS 9,
WHICH OCCURRED ON THE 10TH.
FOR NOVEMBER 2022, 1.50 INCHES OF PRECIPITATION WAS RECORDED AT THE
SOUTH LAKE TAHOE AIRPORT. THIS IS 0.44 INCHES BELOW NORMAL FOR THE
MONTH.
THE AVERAGE WIND SPEED FOR NOVEMBER 2022 WAS 5.4 MPH. THE PEAK WIND
GUST FOR THE MONTH WAS 54 MPH FROM THE SOUTH ON THE 6TH.
#FINAL-11-22#