000
CXUS55 KREV 010925
CF6TVL
PRELIMINARY LOCAL CLIMATOLOGICAL DATA (WS FORM: F-6)
STATION: SOUTH LAKE TAHOE CA
MONTH: FEBRUARY
YEAR: 2022
LATITUDE: 38 53 N
LONGITUDE: 119 60 W
TEMPERATURE IN F: :PCPN: SNOW: WIND :SUNSHINE: SKY :PK WND
================================================================================
1 2 3 4 5 6A 6B 7 8 9 10 11 12 13 14 15 16 17 18
12Z AVG MX 2MIN
DY MAX MIN AVG DEP HDD CDD WTR SNW DPTH SPD SPD DIR MIN PSBL S-S WX SPD DR
================================================================================
1 32 18 25 -6 40 0 0.00 M M 6.4 20 90 M M 0 31 110
2 33 15 24 -7 41 0 0.00 M M 3.9 18 20 M M 0 26 40
3 44 12 28 -3 37 0 0.00 M M 2.6 15 30 M M 0 19 20
4 44 12 28 -3 37 0 0.00 M M 3.2 10 180 M M 0 12 20
5 48 18 33 2 32 0 0.00 M M 2.7 8 60 M M 0 14 110
6 49 12 31 0 34 0 0.00 M M 2.2 9 30 M M 0 12 10
7 48 15 32 1 33 0 0.00 M M 3.0 10 30 M M 0 12 30
8 54 15 35 4 30 0 0.00 M M 3.3 17 20 M M 0 23 20
9 52 17 35 4 30 0 0.00 M M 4.6 16 60 M M 0 26 50
10 52 22 37 6 28 0 0.00 M M 2.3 12 30 M M 0 14 30
11 55 19 37 6 28 0 0.00 M M 3.4 12 30 M M 0 13 20
12 53 20 37 6 28 0 0.00 M M 3.4 13 30 M M 0 15 40
13 56 18 37 6 28 0 0.00 M M 2.8 12 30 M M 0 12 30
14 51 23 37 6 28 0 0.00 M M 11.7 30 200 M M 0 47 180
15 35 24 30 -1 35 0 0.11 M M 8.2 21 20 M M 9 1 33 140
16 41 12 27 -4 38 0 0.00 M M 5.0 18 10 M M 0 28 30
17 45 17 31 0 34 0 0.00 M M 4.4 15 50 M M 0 22 50
18 50 17 34 3 31 0 0.00 M M 2.9 12 30 M M 0 15 20
19 53 17 35 3 30 0 0.00 M M 2.8 10 30 M M 0 14 190
20 47 22 35 3 30 0 0.00 M M 11.1 26 190 M M 1 36 190
21 36 23 30 -2 35 0 0.01 M M 10.0 25 200 M M 6 43 190
22 26 3 15 -17 50 0 0.27 M M 3.7 18 180 M M 10 128 29 180
23 24 -3 11 -21 54 0 T M M 5.3 14 40 M M 3 17 30
24 38 -6 16 -16 49 0 0.00 M M 3.0 9 30 M M 0 13 200
25 36 -1 18 -14 47 0 0.00 M M 2.4 14 20 M M 0 18 20 30
26 44 2 23 -9 42 0 0.00 M M 2.6 10 190 M M 1 13 220
27 50 21 36 3 29 0 0.00 M M 2.5 12 20 M M 2 16 20
28 53 19 36 3 29 0 0.00 M M 2.4 10 30 M M 0 11 30
================================================================================
SM 1249 403 987 0 0.39 M 121.8 M 32
================================================================================
AV 44.6 14.4 4.4 FASTST M M 1 MAX(MPH)
MISC ----> 30 200 47 180
================================================================================
NOTES:
# LAST OF SEVERAL OCCURRENCES
COLUMN 17 PEAK WIND IN M.P.H.
PRELIMINARY LOCAL CLIMATOLOGICAL DATA (WS FORM: F-6) , PAGE 2
STATION: SOUTH LAKE TAHOE CA
MONTH: FEBRUARY
YEAR: 2022
LATITUDE: 38 53 N
LONGITUDE: 119 60 W
[TEMPERATURE DATA] [PRECIPITATION DATA] SYMBOLS USED IN COLUMN 16
AVERAGE MONTHLY: 29.5 TOTAL FOR MONTH: 0.39 1 = FOG OR MIST
DPTR FM NORMAL: -1.8 DPTR FM NORMAL: -3.36 2 = FOG REDUCING VISIBILITY
HIGHEST: 56 ON 13 GRTST 24HR 0.28 ON 21-22 TO 1/4 MILE OR LESS
LOWEST: -6 ON 24 3 = THUNDER
SNOW, ICE PELLETS, HAIL 4 = ICE PELLETS
TOTAL MONTH: M 5 = HAIL
GRTST 24HR M ON M 6 = FREEZING RAIN OR DRIZZLE
GRTST DEPTH: M ON M 7 = DUSTSTORM OR SANDSTORM:
VSBY 1/2 MILE OR LESS
8 = SMOKE OR HAZE
[NO. OF DAYS WITH] [WEATHER - DAYS WITH] 9 = BLOWING SNOW
X = TORNADO
MAX 32 OR BELOW: 3 0.01 INCH OR MORE: 3
MAX 90 OR ABOVE: 0 0.10 INCH OR MORE: 2
MIN 32 OR BELOW: 28 0.50 INCH OR MORE: 0
MIN 0 OR BELOW: 3 1.00 INCH OR MORE: 0
[HDD (BASE 65) ]
TOTAL THIS MO. 987 CLEAR (SCALE 0-3) 25
DPTR FM NORMAL 45 PTCLDY (SCALE 4-7) 1
TOTAL FM JUL 1 5045 CLOUDY (SCALE 8-10) 2
DPTR FM NORMAL -68
[CDD (BASE 65) ]
TOTAL THIS MO. 0
DPTR FM NORMAL 0 [PRESSURE DATA]
TOTAL FM JAN 1 0 HIGHEST SLP M ON M
DPTR FM NORMAL 0 LOWEST SLP 29.62 ON 14
[REMARKS]
THE AVERAGE TEMPERATURE FOR FEBRUARY 2022 AT THE SOUTH LAKE TAHOE
AIRPORT WAS 29.5 DEGREES WHICH IS 1.8 DEGREES BELOW NORMAL. THE
HIGHEST TEMPERATURE FOR FEBRUARY WAS 56 DEGREES WHICH OCCURRED ON THE
13TH. THE LOWEST TEMPERATURE FOR THE MONTH WAS 6 DEGREES BELOW ZERO
WHICH OCCURRED ON THE 24TH.
FOR FEBRUARY 2022, 0.39 INCHES OF PRECIPITATION WAS RECORDED AT THE
SOUTH LAKE TAHOE AIRPORT. THIS IS 3.36 INCHES BELOW NORMAL FOR THE
MONTH.
THE AVERAGE WIND SPEED FOR FEBRUARY 2022 WAS 4.3 MPH. THE PEAK WIND
GUST FOR THE MONTH WAS 47 MPH FROM THE SOUTH ON THE 14TH.
#FINAL-02-22#