687
CXUS55 KREV 010837
CF6TVL
PRELIMINARY LOCAL CLIMATOLOGICAL DATA (WS FORM: F-6)
STATION: SOUTH LAKE TAHOE CA
MONTH: SEPTEMBER
YEAR: 2020
LATITUDE: 38 53 N
LONGITUDE: 119 60 W
TEMPERATURE IN F: :PCPN: SNOW: WIND :SUNSHINE: SKY :PK WND
================================================================================
1 2 3 4 5 6A 6B 7 8 9 10 11 12 13 14 15 16 17 18
12Z AVG MX 2MIN
DY MAX MIN AVG DEP HDD CDD WTR SNW DPTH SPD SPD DIR MIN PSBL S-S WX SPD DR
================================================================================
1 79 42 61 3 4 0 0.00 M M 3.0 10 20 M M 0 8 16 20
2 86 39 63 6 2 0 0.00 M M 4.2 12 30 M M 0 16 20
3 89 43 66 9 0 1 0.00 M M 3.9 12 20 M M 0 16 20
4 92 43 68 11 0 3 0.00 M M 4.1 13 190 M M 0 21 190
5 90 44 67 10 0 2 0.00 M M 3.7 13 190 M M 1 17 200
6 79 46 63 7 2 0 0.00 M M 2.6 9 30 M M 2 11 30
7 86 41 64 8 1 0 0.00 M M 2.3 9 200 M M 2 8 17 230
8 67 40 54 -2 11 0 0.00 M M 7.8 18 70 M M 4 8 29 80
9 75 30 53 -3 12 0 0.00 M M 3.0 15 70 M M 0 23 70
10 71 31 51 -5 14 0 0.00 M M 3.5 9 180 M M 7 8 13 30
11 78 33 56 1 9 0 0.00 M M 3.5 12 180 M M 3 18 15 180
12 80 34 57 2 8 0 0.00 M M 2.7 10 30 M M 0 8 16 40
13 79 34 57 2 8 0 0.00 M M 3.3 12 210 M M 4 8 17 210
14 80 36 58 3 7 0 0.00 M M 4.1 20 190 M M 6 8 32 180
15 79 36 58 4 7 0 0.00 M M 3.8 13 180 M M 6 8 16 210
16 78 38 58 4 7 0 0.00 M M 3.9 13 200 M M 9 8 19 180
17 79 30 55 1 10 0 0.00 M M 4.5 18 190 M M 3 8 26 190
18 66 40 53 -1 12 0 T M M 11.4 28 190 M M 3 8 38 190
19 72 38 55 2 10 0 0.00 M M 2.8 17 190 M M 0 23 170
20 76 33 55 2 10 0 0.00 M M 3.9 12 30 M M 0 16 20
21 77 33 55 2 10 0 0.00 M M 4.5 21 190 M M 1 18 33 200
22 74 46 60 8 5 0 0.00 M M 8.0 21 180 M M 0 8 29 200
23 77 36 57 5 8 0 0.00 M M 6.1 21 180 M M 0 27 180
24 74 40 57 5 8 0 0.00 M M 10.0 21 190 M M 0 26 190
25 77 39 58 6 7 0 0.00 M M 5.7 20 190 M M 0 30 190
26 77 39 58 7 7 0 0.00 M M 3.3 12 110 M M 0 19 60
27 71 40 56 5 9 0 0.00 M M 5.8 18 40 M M 0 26 70
28 74 34 54 3 11 0 0.00 M M 3.1 13 30 M M 0 17 30
29 79 33 56 6 9 0 0.00 M M 3.4 12 30 M M 0 8 15 20
30 77 36 57 7 8 0 0.00 M M 3.4 9 20 M M 2 8 13 20
================================================================================
SM 2338 1127 216 6 T M 135.3 M 53
================================================================================
AV 77.9 37.6 4.5 FASTST M M 2 MAX(MPH)
MISC ----> 28 190 38 190
================================================================================
NOTES:
# LAST OF SEVERAL OCCURRENCES
COLUMN 17 PEAK WIND IN M.P.H.
PRELIMINARY LOCAL CLIMATOLOGICAL DATA (WS FORM: F-6) , PAGE 2
STATION: SOUTH LAKE TAHOE CA
MONTH: SEPTEMBER
YEAR: 2020
LATITUDE: 38 53 N
LONGITUDE: 119 60 W
[TEMPERATURE DATA] [PRECIPITATION DATA] SYMBOLS USED IN COLUMN 16
AVERAGE MONTHLY: 57.8 TOTAL FOR MONTH: T 1 = FOG OR MIST
DPTR FM NORMAL: 3.8 DPTR FM NORMAL: -0.67 2 = FOG REDUCING VISIBILITY
HIGHEST: 92 ON 4 GRTST 24HR T ON 18-18 TO 1/4 MILE OR LESS
LOWEST: 30 ON 17, 9 3 = THUNDER
SNOW, ICE PELLETS, HAIL 4 = ICE PELLETS
TOTAL MONTH: M 5 = HAIL
GRTST 24HR M ON M 6 = FREEZING RAIN OR DRIZZLE
GRTST DEPTH: M ON M 7 = DUSTSTORM OR SANDSTORM:
VSBY 1/2 MILE OR LESS
8 = SMOKE OR HAZE
[NO. OF DAYS WITH] [WEATHER - DAYS WITH] 9 = BLOWING SNOW
X = TORNADO
MAX 32 OR BELOW: 0 0.01 INCH OR MORE: 0
MAX 90 OR ABOVE: 2 0.10 INCH OR MORE: 0
MIN 32 OR BELOW: 3 0.50 INCH OR MORE: 0
MIN 0 OR BELOW: 0 1.00 INCH OR MORE: 0
[HDD (BASE 65) ]
TOTAL THIS MO. 216 CLEAR (SCALE 0-3) 24
DPTR FM NORMAL -114 PTCLDY (SCALE 4-7) 5
TOTAL FM JUL 1 363 CLOUDY (SCALE 8-10) 1
DPTR FM NORMAL -264
[CDD (BASE 65) ]
TOTAL THIS MO. 6
DPTR FM NORMAL 5 [PRESSURE DATA]
TOTAL FM JAN 1 70 HIGHEST SLP M ON M
DPTR FM NORMAL 39 LOWEST SLP 29.91 ON 8
[REMARKS]
#FINAL-09-20#