000
CXUS54 KJAN 211710
CF6TVR
PRELIMINARY LOCAL CLIMATOLOGICAL DATA (WS FORM: F-6)
STATION: VICKSBURG
MONTH: FEBRUARY
YEAR: 2021
LATITUDE: 32 20 N
LONGITUDE: 91 2 W
TEMPERATURE IN F: :PCPN: SNOW: WIND :SUNSHINE: SKY :PK WND
================================================================================
1 2 3 4 5 6A 6B 7 8 9 10 11 12 13 14 15 16 17 18
12Z AVG MX 2MIN
DY MAX MIN AVG DEP HDD CDD WTR SNW DPTH SPD SPD DIR MIN PSBL S-S WX SPD DR
================================================================================
1 49 33 41 -8 24 0 0.00 0.0 0 8.6 18 360 M M 7 30 350
2 50 29 40 -9 25 0 0.00 0.0 0 5.2 14 10 M M 0 19 360
3 60 25 43 -6 22 0 0.00 0.0 0 2.7 9 180 M M 0 128 13 190
4 69 42 56 6 9 0 0.13 0.0 0 9.1 18 360 M M 5 1 31 10
5 55 37 46 -4 19 0 0.00 0.0 0 5.5 16 30 M M 1 21 30
6 50 42 46 -4 19 0 0.19 0.0 0 7.4 16 110 M M 10 1 23 110
7 51 39 45 -5 20 0 T 0.0 0 8.0 18 10 M M 6 1 24 360
8 67 35 51 1 14 0 0.00 0.0 0 6.6 15 140 M M 2 20 140
9 72 52 62 12 3 0 0.00 0.0 0 2.8 9 10 M M 6 12 13 350
10 74 44 59 8 6 0 0.24 0.0 0 5.4 17 10 M M 6 138 23 360
11 44 33 39 -12 26 0 0.04 0.0 0 12.0 20 10 M M 10 18 26 360
12 35 30 33 -18 32 0 0.01 0.0 M 14.1 22 10 M M 10 18 29 20
13 34 28 31 -20 34 0 0.00 0.0 0 13.9 21 20 M M 10 18 29 10
14 28 21 25 -27 40 0 T M M 15.0 22 20 M M 10 146 29 350
15 24 18 21 -31 44 0 0.40 M M 10.1 23 30 M M 10 14 40 290
16 30 20 25 -27 40 0 0.00 0.0 M 4.9 13 10 M M 6 17 360
17 34 23 29 -23 36 0 0.75 M M 9.3 17 30 M M 7 16 24 20
18 34 28 31 -21 34 0 0.00 0.0 M 9.6 18 360 M M 10 1 24 10
19 37 24 31 -22 34 0 0.00 0.0 M 5.5 13 10 M M M 18 10
20 50 21 36 -17 29 0 0.00 0.0 M 1.4 8 170 M M M 10 170
21 67 29 48 -5 17 0 0.00 0.0 M 7.0 20 160 M M M 25 160
22 66 37 52 -2 13 0 T 0.0 0 4.1 14 170 M M 0 19 310
23 77 34 56 2 9 0 0.00 0.0 0 3.9 10 160 M M 0 17 220
24 77 39 58 4 7 0 0.00 0.0 0 3.9 13 180 M M 4 21 190
25 74 54 64 10 1 0 0.02 0.0 0 5.1 15 10 M M 8 18 22 310
26 83 53 68 14 0 3 0.02 0.0 0 5.8 15 120 M M 6 1 26 210
27 83 61 72 17 0 7 0.15 0.0 0 7.3 16 170 M M 4 22 180
28 85 67 76 21 0 11 0.00 0.0 0 7.9 16 190 M M 5 28 190
================================================================================
SM 1559 998 557 21 1.95 0.0 202.1 M 143
================================================================================
AV 55.7 35.6 7.2 FASTST M M 6 MAX(MPH)
MISC ----> 23 30 40 290
================================================================================
NOTES:
# LAST OF SEVERAL OCCURRENCES
COLUMN 17 PEAK WIND IN M.P.H.
PRELIMINARY LOCAL CLIMATOLOGICAL DATA (WS FORM: F-6) , PAGE 2
STATION: VICKSBURG
MONTH: FEBRUARY
YEAR: 2021
LATITUDE: 32 20 N
LONGITUDE: 91 2 W
[TEMPERATURE DATA] [PRECIPITATION DATA] SYMBOLS USED IN COLUMN 16
AVERAGE MONTHLY: 45.7 TOTAL FOR MONTH: 1.95 1 = FOG OR MIST
DPTR FM NORMAL: -6.1 DPTR FM NORMAL: -3.16 2 = FOG REDUCING VISIBILITY
HIGHEST: 85 ON 28 GRTST 24HR 0.75 ON 17-17 TO 1/4 MILE OR LESS
LOWEST: 18 ON 15 3 = THUNDER
SNOW, ICE PELLETS, HAIL 4 = ICE PELLETS
TOTAL MONTH: 0.0 INCH 5 = HAIL
GRTST 24HR 0.0 6 = FREEZING RAIN OR DRIZZLE
GRTST DEPTH: 0 7 = DUSTSTORM OR SANDSTORM:
VSBY 1/2 MILE OR LESS
8 = SMOKE OR HAZE
[NO. OF DAYS WITH] [WEATHER - DAYS WITH] 9 = BLOWING SNOW
X = TORNADO
MAX 32 OR BELOW: 3 0.01 INCH OR MORE: 10
MAX 90 OR ABOVE: 0 0.10 INCH OR MORE: 6
MIN 32 OR BELOW: 12 0.50 INCH OR MORE: 1
MIN 0 OR BELOW: 0 1.00 INCH OR MORE: 0
[HDD (BASE 65) ]
TOTAL THIS MO. 557 CLEAR (SCALE 0-3) 6
DPTR FM NORMAL 175 PTCLDY (SCALE 4-7) 12
TOTAL FM JUL 1 1749 CLOUDY (SCALE 8-10) 10
DPTR FM NORMAL -47
[CDD (BASE 65) ]
TOTAL THIS MO. 21
DPTR FM NORMAL 9 [PRESSURE DATA]
TOTAL FM JAN 1 24 HIGHEST SLP 30.53 ON 19
DPTR FM NORMAL 14 LOWEST SLP 29.75 ON 4
[REMARKS]
#FINAL-02-21#