000
CXUS54 KJAN 040838
CLMTVR
CLIMATE REPORT
NATIONAL WEATHER SERVICE JACKSON MS
238 AM CST MON DEC 04 2023
...................................
...THE VICKSBURG CLIMATE SUMMARY FOR THE MONTH OF NOVEMBER 2023...
CLIMATE NORMAL PERIOD: 1991 TO 2020
CLIMATE RECORD PERIOD: 1948 TO 2023
WEATHER OBSERVED NORMAL DEPART LAST YEAR`S
VALUE DATE(S) VALUE FROM VALUE
NORMAL
..............................................................
TEMPERATURE (F)
RECORD
HIGH 89 11/07/2022
LOW 15 11/19/1951
HIGHEST 86 11/06 MM MM 89
11/07
11/08
LOWEST 27 11/02 MM MM 26
AVG. MAXIMUM 68.3 67.8 0.5 68.8
AVG. MINIMUM 44.8 44.0 0.8 44.7
MEAN 56.6 55.9 0.7 56.8
DAYS MAX >= 90 0 0.0 0.0 0
DAYS MAX <= 32 0 0.0 0.0 0
DAYS MIN <= 32 5 5.4 -0.4 6
DAYS MIN <= 0 0 0.0 0.0 0
PRECIPITATION (INCHES)
RECORD
MAXIMUM 23.22 1948
MINIMUM 0.08 1949
TOTALS 3.22 3.92 -0.70 5.77
DAILY AVG. 0.11 0.13 -0.02 0.19
DAYS >= .01 11 8.7 2.3 11
DAYS >= .10 5 5.5 -0.5 9
DAYS >= .50 2 2.8 -0.8 3
DAYS >= 1.00 1 1.3 -0.3 2
GREATEST
24 HR. TOTAL 1.53 11/20 TO 11/21 1.93
SNOWFALL (INCHES)
TOTALS 0.0
DEGREE DAYS
HEATING TOTAL 266 294 -28 292
SINCE 7/1 331 382 -51 MM
COOLING TOTAL 22 21 1 52
SINCE 1/1 2995 2530 465 MM
..............................................................
WIND (MPH)
AVERAGE WIND SPEED 4.3
HIGHEST WIND SPEED/DIRECTION 18/180 DATE 11/08
18/180 11/20
HIGHEST GUST SPEED/DIRECTION 29/180 DATE 11/08
29/290 11/20
SKY COVER
POSSIBLE SUNSHINE (PERCENT) MM
AVERAGE SKY COVER 0.40
NUMBER OF DAYS FAIR 14
NUMBER OF DAYS PC 7
NUMBER OF DAYS CLOUDY 9
AVERAGE RH (PERCENT) 71
WEATHER CONDITIONS. NUMBER OF DAYS WITH
THUNDERSTORM 1 MIXED PRECIP 0
HEAVY RAIN 3 RAIN 6
LIGHT RAIN 13 FREEZING RAIN 0
LT FREEZING RAIN 0 HAIL 0
HEAVY SNOW 0 SNOW 0
LIGHT SNOW 0 SLEET 0
FOG 20 FOG W/VIS <= 1/4 MILE 3
HAZE 6
- INDICATES NEGATIVE NUMBERS.
R INDICATES RECORD WAS SET OR TIED.
MM INDICATES DATA IS MISSING.
T INDICATES TRACE AMOUNT.
$$