000
CXUS55 KSEW 010930
CF6UIL
PRELIMINARY LOCAL CLIMATOLOGICAL DATA (WS FORM: F-6)
STATION: QUILLAYUTE WA AIRPORT
MONTH: APRIL
YEAR: 2023
LATITUDE: 47 57 N
LONGITUDE: 124 33 W
TEMPERATURE IN F: :PCPN: SNOW: WIND :SUNSHINE: SKY :PK WND
================================================================================
1 2 3 4 5 6A 6B 7 8 9 10 11 12 13 14 15 16 17 18
12Z AVG MX 2MIN
DY MAX MIN AVG DEP HDD CDD WTR SNW DPTH SPD SPD DIR MIN PSBL S-S WX SPD DR
================================================================================
1 50 34 42 -3 23 0 0.28 M M 6.7 21 250 M M 7 1 29 290
2 46 32 39 -6 26 0 0.38 M M 4.3 15 300 M M 8 12 20 300
3 50 27 39 -6 26 0 0.03 M M 4.9 16 260 M M 5 12 24 250
4 53 34 44 -2 21 0 0.24 M M 4.8 14 220 M M 6 1 19 210
5 50 33 42 -4 23 0 0.09 M M 7.6 15 140 M M 7 1 25 140
6 52 45 49 3 16 0 1.11 M M 11.8 23 170 M M 10 1 44 170
7 53 44 49 3 16 0 0.26 M M 5.8 15 240 M M 10 18 22 140
8 48 44 46 0 19 0 1.52 M M 11.7 18 160 M M 10 1 35 140
9 51 39 45 -1 20 0 1.94 M M 10.1 24 170 M M 9 1 47 160
10 51 40 46 0 19 0 0.04 M M 4.0 14 250 M M 7 18 21 250
11 51 37 44 -2 21 0 0.30 M M 7.2 18 220 M M 7 1 30 170
12 53 35 44 -2 21 0 0.00 M M 5.5 16 320 M M 4 1 26 300
13 51 34 43 -3 22 0 0.05 M M 3.6 10 260 M M 8 1 16 200
14 56 32 44 -2 21 0 T M M 4.6 13 220 M M 6 12 21 220
15 50 44 47 0 18 0 0.42 M M 7.8 16 140 M M 10 1 30 140
16 49 38 44 -3 21 0 0.91 M M 7.3 20 250 M M 9 1 30 160
17 49 35 42 -5 23 0 0.74 M M 8.8 18 140 M M 8 1 32 140
18 48 37 43 -4 22 0 0.95 M M 8.3 22 250 M M 9 13 30 240
19 51 36 44 -3 21 0 0.21 M M 5.8 15 180 M M 8 1 26 180
20 47 36 42 -5 23 0 0.55 M M 8.8 24 140 M M 9 1 46 140
21 51 44 48 0 17 0 0.20 M M 4.6 13 240 M M 10 1 17 240
22 54 44 49 1 16 0 0.82 M M 6.1 12 200 M M 10 18 22 140
23 51 40 46 -2 19 0 0.74 M M 5.2 17 180 M M 10 12 26 170
24 56 43 50 2 15 0 0.12 M M 4.4 15 260 M M 9 1 21 250
25 57 41 49 1 16 0 0.00 M M 3.5 14 270 M M 6 19 280
26 65 39 52 4 13 0 T M M 4.1 13 300 M M 6 19 250
27 68 42 55 7 10 0 0.00 M M 6.4 15 250 M M 4 12 21 240
28 84 40 62 13 3 0 0.00 M M 4.6 12 180 M M 0 19 190
29 58 49 54 5 11 0 0.00 M M 9.0 18 220 M M 9 26 200
30 60 48 54 5 11 0 0.10 M M 5.9 15 200 M M 9 18 25 170
================================================================================
SM 1613 1166 553 0 12.00 M 193.2 M 230
================================================================================
AV 53.8 38.9 6.4 FASTST M M 8 MAX(MPH)
MISC ----> # 24 170 47 160
================================================================================
NOTES:
# LAST OF SEVERAL OCCURRENCES
COLUMN 17 PEAK WIND IN M.P.H.
PRELIMINARY LOCAL CLIMATOLOGICAL DATA (WS FORM: F-6) , PAGE 2
STATION: QUILLAYUTE WA AIRPORT
MONTH: APRIL
YEAR: 2023
LATITUDE: 47 57 N
LONGITUDE: 124 33 W
[TEMPERATURE DATA] [PRECIPITATION DATA] SYMBOLS USED IN COLUMN 16
AVERAGE MONTHLY: 46.3 TOTAL FOR MONTH: 12.00 1 = FOG OR MIST
DPTR FM NORMAL: -0.6 DPTR FM NORMAL: 3.89 2 = FOG REDUCING VISIBILITY
HIGHEST: 84 ON 28 GRTST 24HR 2.55 ON 8- 9 TO 1/4 MILE OR LESS
LOWEST: 27 ON 3 3 = THUNDER
SNOW, ICE PELLETS, HAIL 4 = ICE PELLETS
TOTAL MONTH: M 5 = HAIL
GRTST 24HR M ON M 6 = FREEZING RAIN OR DRIZZLE
GRTST DEPTH: M ON M 7 = DUSTSTORM OR SANDSTORM:
VSBY 1/2 MILE OR LESS
8 = SMOKE OR HAZE
[NO. OF DAYS WITH] [WEATHER - DAYS WITH] 9 = BLOWING SNOW
X = TORNADO
MAX 32 OR BELOW: 0 0.01 INCH OR MORE: 23
MAX 90 OR ABOVE: 0 0.10 INCH OR MORE: 19
MIN 32 OR BELOW: 3 0.50 INCH OR MORE: 9
MIN 0 OR BELOW: 0 1.00 INCH OR MORE: 3
[HDD (BASE 65) ]
TOTAL THIS MO. 553 CLEAR (SCALE 0-3) 1
DPTR FM NORMAL 8 PTCLDY (SCALE 4-7) 15
TOTAL FM JUL 1 4668 CLOUDY (SCALE 8-10) 14
DPTR FM NORMAL -281
[CDD (BASE 65) ]
TOTAL THIS MO. 0
DPTR FM NORMAL 0 [PRESSURE DATA]
TOTAL FM JAN 1 0 HIGHEST SLP M ON M
DPTR FM NORMAL 0 LOWEST SLP 29.49 ON 18
[REMARKS]
#FINAL-04-23#