000
CXUS55 KSEW 021834 CCB
CF6UIL
PRELIMINARY LOCAL CLIMATOLOGICAL DATA (WS FORM: F-6)
STATION: QUILLAYUTE WA AIRPORT
MONTH: AUGUST
YEAR: 2022
LATITUDE: 47 57 N
LONGITUDE: 124 33 W
TEMPERATURE IN F: :PCPN: SNOW: WIND :SUNSHINE: SKY :PK WND
================================================================================
1 2 3 4 5 6A 6B 7 8 9 10 11 12 13 14 15 16 17 18
12Z AVG MX 2MIN
DY MAX MIN AVG DEP HDD CDD WTR SNW DPTH SPD SPD DIR MIN PSBL S-S WX SPD DR
================================================================================
1 67 55 61 1 4 0 0.00 M M 4.6 13 210 M M 10 1 18 240
2 68 55 62 2 3 0 0.00 M M 5.1 13 250 M M 8 19 240
3 65 54 60 0 5 0 0.10 M M 4.4 13 240 M M 10 1 21 250
4 68 50 59 -1 6 0 0.01 M M 4.5 14 260 M M 6 1 20 270
5 79 46 63 3 2 0 0.00 M M 6.9 18 330 M M 2 12 27 330
6 85 48 67 7 0 2 0.00 M M 6.2 16 340 M M 0 24 330
7 90 51 71 11 0 6 0.00 M M 4.6 12 290 M M 0 18 330
8 72 53 63 3 2 0 0.00 M M 5.6 10 230 M M 5 1 18 210
9 70 56 63 3 2 0 0.00 M M 4.3 10 240 M M 8 1 16 220
10 63 56 60 0 5 0 0.28 M M 3.3 13 180 M M 10 13 24 190
11 74 52 63 3 2 0 0.00 M M 4.1 13 260 M M 2 12 18 270
12 73 51 62 2 3 0 0.00 M M 4.3 15 210 M M 6 12 21 220
13 72 52 62 2 3 0 0.10 M M 4.7 14 230 M M 8 1 21 220
14 73 49 61 1 4 0 0.00 M M 3.3 13 230 M M 0 23 110
15 72 50 61 1 4 0 0.00 M M 3.6 15 240 M M 4 12 19 250
16 75 52 64 4 1 0 0.00 M M 5.4 16 340 M M 0 1 22 330
17 M 54 M M M M 0.00 M M M M M M M 2 12 M M
18 M 56 M M M M M M M M M M M M 0 M M
19 75 61 68 8 0 3 0.01 M M 5.5 16 240 M M 9 13 24 250
20 70 61 66 6 0 1 0.00 M M 3.3 10 210 M M 10 1 16 210
21 70 56 63 3 2 0 T M M 3.7 12 240 M M 9 1 20 10
22 73 53 63 3 2 0 0.00 M M 4.3 13 270 M M 5 1 17 260
23 71 57 64 4 1 0 0.00 M M 6.0 13 290 M M 8 1 18 290
24 74 54 64 4 1 0 0.00 M M 3.5 14 240 M M 4 1 18 230
25 65 55 60 0 5 0 0.00 M M 4.2 10 240 M M 10 1 16 230
26 64 57 61 1 4 0 T M M 4.6 12 250 M M 10 16 240
27 62 55 59 -1 6 0 0.00 M M 4.5 14 270 M M 10 19 300
28 69 52 61 2 4 0 0.00 M M 3.9 13 320 M M 6 21 300
29 83 50 67 8 0 2 0.00 M M 5.1 15 320 M M 0 21 10
30 M 55 M M M M M M M M M M M M 0 M M
31 68 55 62 3 3 0 0.00 M M 5.8 16 200 M M 7 27 210
================================================================================
SM 2010 1661 74 14 0.50 M 129.3 M 169
================================================================================
AV 71.8 53.6 4.6 FASTST M M 5 MAX(MPH)
MISC ----> 18 330 # 27 330
================================================================================
NOTES: MAX TEMP ON 17TH WAS 90 DEGREES BEFORE ASOS WENT DOWN WHICH EXCEEDED THE
OLD DAILY RECORD OF 77 DEGREES. ACTUAL MAX TEMP MAY HAVE BEEN 3 OR 4 DEGREES
HIGHER BASED ON SURROUNDING TEMPS FROM COOP SITES IN THE AREA. MAX TEMPS ON
18TH AND 30TH WERE SHORT OF THEIR RECORDS BEFORE THE ASOS WENT DOWN BUT COULD
HAVE BEEN CLOSE TO THE RECORDS FOR THOSE DATES.
# LAST OF SEVERAL OCCURRENCES
COLUMN 17 PEAK WIND IN M.P.H.
PRELIMINARY LOCAL CLIMATOLOGICAL DATA (WS FORM: F-6) , PAGE 2
STATION: QUILLAYUTE WA AIRPORT
MONTH: AUGUST
YEAR: 2022
LATITUDE: 47 57 N
LONGITUDE: 124 33 W
[TEMPERATURE DATA] [PRECIPITATION DATA] SYMBOLS USED IN COLUMN 16
AVERAGE MONTHLY: 62.7 TOTAL FOR MONTH: 0.50 1 = FOG OR MIST
DPTR FM NORMAL: 2.7 DPTR FM NORMAL: -2.14 2 = FOG REDUCING VISIBILITY
HIGHEST: 90 ON 7 GRTST 24HR 0.28 ON 10-10 TO 1/4 MILE OR LESS
LOWEST: 46 ON 5 3 = THUNDER
SNOW, ICE PELLETS, HAIL 4 = ICE PELLETS
TOTAL MONTH: M 5 = HAIL
GRTST 24HR M ON M 6 = FREEZING RAIN OR DRIZZLE
GRTST DEPTH: M ON M 7 = DUSTSTORM OR SANDSTORM:
VSBY 1/2 MILE OR LESS
8 = SMOKE OR HAZE
[NO. OF DAYS WITH] [WEATHER - DAYS WITH] 9 = BLOWING SNOW
X = TORNADO
MAX 32 OR BELOW: 0 0.01 INCH OR MORE: 5
MAX 90 OR ABOVE: 1 0.10 INCH OR MORE: 3
MIN 32 OR BELOW: 0 0.50 INCH OR MORE: 0
MIN 0 OR BELOW: 0 1.00 INCH OR MORE: 0
[HDD (BASE 65) ]
TOTAL THIS MO. 74 CLEAR (SCALE 0-3) 10
DPTR FM NORMAL -89 PTCLDY (SCALE 4-7) 9
TOTAL FM JUL 1 190 CLOUDY (SCALE 8-10) 12
DPTR FM NORMAL -158
[CDD (BASE 65) ]
TOTAL THIS MO. 14
DPTR FM NORMAL 6 [PRESSURE DATA]
TOTAL FM JAN 1 30 HIGHEST SLP 30.21 ON 13
DPTR FM NORMAL 11 LOWEST SLP 29.87 ON 18
[REMARKS]
#FINAL-08-22#