000
CXUS55 KSEW 010930
CF6UIL
PRELIMINARY LOCAL CLIMATOLOGICAL DATA (WS FORM: F-6)
STATION: QUILLAYUTE WA AIRPORT
MONTH: JUNE
YEAR: 2021
LATITUDE: 47 57 N
LONGITUDE: 124 33 W
TEMPERATURE IN F: :PCPN: SNOW: WIND :SUNSHINE: SKY :PK WND
================================================================================
1 2 3 4 5 6A 6B 7 8 9 10 11 12 13 14 15 16 17 18
12Z AVG MX 2MIN
DY MAX MIN AVG DEP HDD CDD WTR SNW DPTH SPD SPD DIR MIN PSBL S-S WX SPD DR
================================================================================
1 82 51 67 13 0 2 0.00 M M 5.8 17 330 M M 0 27 340
2 72 50 61 7 4 0 0.00 M M 4.8 15 270 M M 2 21 280
3 61 45 53 -1 12 0 T M M 5.1 14 310 M M 9 1 24 320
4 62 42 52 -2 13 0 0.33 M M 5.5 14 240 M M 8 1 22 200
5 57 46 52 -2 13 0 0.31 M M 7.5 20 250 M M 9 1 26 280
6 56 45 51 -3 14 0 0.43 M M 4.0 14 130 M M 9 1 21 120
7 61 41 51 -3 14 0 0.00 M M 4.7 13 230 M M 5 12 19 250
8 61 41 51 -4 14 0 0.00 M M 4.2 14 230 M M 4 12 20 240
9 62 43 53 -2 12 0 0.40 M M 4.3 13 260 M M 6 1 19 220
10 62 45 54 -1 11 0 T M M 5.7 15 220 M M 6 23 190
11 58 48 53 -2 12 0 0.18 M M 6.8 18 140 M M 9 1 34 170
12 67 50 59 4 6 0 0.26 M M 5.2 13 140 M M 8 1 22 140
13 61 56 59 4 6 0 0.58 M M 6.0 17 170 M M 10 1 31 150
14 65 54 60 5 5 0 0.03 M M 5.3 15 220 M M 9 1 20 220
15 65 54 60 5 5 0 0.12 M M 5.3 17 220 M M 10 1 24 240
16 67 49 58 2 7 0 0.00 M M 4.8 15 280 M M 3 22 320
17 67 43 55 -1 10 0 T M M 4.7 13 340 M M 2 1 21 310
18 62 46 54 -2 11 0 0.00 M M 5.6 14 290 M M 7 21 310
19 66 53 60 4 5 0 0.00 M M 4.7 14 260 M M 8 1 22 270
20 82 53 68 12 0 3 0.00 M M 6.1 16 340 M M 3 1 23 320
21 82 52 67 11 0 2 0.00 M M 5.0 13 290 M M 0 18 290
22 66 52 59 3 6 0 T M M 4.6 14 240 M M 8 1 19 240
23 65 52 59 3 6 0 0.00 M M 3.1 13 260 M M 8 1 18 210
24 69 53 61 5 4 0 0.00 M M 3.5 13 270 M M 5 1 16 280
25 82 52 67 10 0 2 0.00 M M 3.5 12 230 M M 0 15 210
26 M 59 M M M M 0.00 M M 3.1 14 240 M M 0 17 250
27 M M M M M M 0.00 M M 0.8 7 80 M M 0 10 80
28 110 61 86 29 0 21 0.00 M M 6.2 14 20 M M 2 1 22 190
29 70 61 66 9 0 1 0.00 M M 6.0 13 240 M M 10 1 21 150
30 67 59 63 6 2 0 T M M 4.7 13 210 M M 10 1 20 200
================================================================================
SM 1907 1456 192 31 2.64 M 146.6 M 170
================================================================================
AV 68.1 50.2 4.9 FASTST M M 6 MAX(MPH)
MISC ----> 20 250 34 170
================================================================================
NOTES:
# LAST OF SEVERAL OCCURRENCES
COLUMN 17 PEAK WIND IN M.P.H.
PRELIMINARY LOCAL CLIMATOLOGICAL DATA (WS FORM: F-6) , PAGE 2
STATION: QUILLAYUTE WA AIRPORT
MONTH: JUNE
YEAR: 2021
LATITUDE: 47 57 N
LONGITUDE: 124 33 W
[TEMPERATURE DATA] [PRECIPITATION DATA] SYMBOLS USED IN COLUMN 16
AVERAGE MONTHLY: 59.2 TOTAL FOR MONTH: 2.64 1 = FOG OR MIST
DPTR FM NORMAL: 3.7 DPTR FM NORMAL: -0.66 2 = FOG REDUCING VISIBILITY
HIGHEST: 110 ON 28 GRTST 24HR 0.58 ON 13-13 TO 1/4 MILE OR LESS
LOWEST: 41 ON 8, 7 3 = THUNDER
SNOW, ICE PELLETS, HAIL 4 = ICE PELLETS
TOTAL MONTH: M 5 = HAIL
GRTST 24HR M ON M 6 = FREEZING RAIN OR DRIZZLE
GRTST DEPTH: M ON M 7 = DUSTSTORM OR SANDSTORM:
VSBY 1/2 MILE OR LESS
8 = SMOKE OR HAZE
[NO. OF DAYS WITH] [WEATHER - DAYS WITH] 9 = BLOWING SNOW
X = TORNADO
MAX 32 OR BELOW: 0 0.01 INCH OR MORE: 9
MAX 90 OR ABOVE: 1 0.10 INCH OR MORE: 8
MIN 32 OR BELOW: 0 0.50 INCH OR MORE: 1
MIN 0 OR BELOW: 0 1.00 INCH OR MORE: 0
[HDD (BASE 65) ]
TOTAL THIS MO. 192 CLEAR (SCALE 0-3) 8
DPTR FM NORMAL -96 PTCLDY (SCALE 4-7) 11
TOTAL FM JUL 1 5341 CLOUDY (SCALE 8-10) 11
DPTR FM NORMAL -309
[CDD (BASE 65) ]
TOTAL THIS MO. 31
DPTR FM NORMAL 28 [PRESSURE DATA]
TOTAL FM JAN 1 31 HIGHEST SLP M ON M
DPTR FM NORMAL 27 LOWEST SLP 29.46 ON 28
[REMARKS]
#FINAL-06-21#