415
CXUS55 KSEW 020028
CF6UIL
PRELIMINARY LOCAL CLIMATOLOGICAL DATA (WS FORM: F-6)
STATION: QUILLAYUTE WA AIRPORT
MONTH: MARCH
YEAR: 2020
LATITUDE: 47 57 N
LONGITUDE: 124 33 W
TEMPERATURE IN F: :PCPN: SNOW: WIND :SUNSHINE: SKY :PK WND
================================================================================
1 2 3 4 5 6A 6B 7 8 9 10 11 12 13 14 15 16 17 18
12Z AVG MX 2MIN
DY MAX MIN AVG DEP HDD CDD WTR SNW DPTH SPD SPD DIR MIN PSBL S-S WX SPD DR
================================================================================
1 47 30 39 -4 26 0 0.05 0.0 0 3.0 12 300 M M 7 1 15 300
2 47 39 43 0 22 0 0.88 0.0 0 6.3 15 260 M M 10 1 19 270
3 46 40 43 0 22 0 0.63 0.0 0 6.1 21 250 M M 9 1 29 240
4 51 33 42 -1 23 0 T 0.0 0 3.5 18 280 M M 5 1 25 280
5 45 37 41 -2 24 0 1.01 0.0 0 5.0 18 230 M M 10 1 29 180
6 49 30 40 -3 25 0 0.06 0.0 0 4.1 12 230 M M 2 12 15 250
7 45 30 38 -5 27 0 0.44 0.0 0 2.9 12 240 M M 6 1 14 230
8 48 26 37 -6 28 0 T 0.0 0 3.6 9 360 M M 2 16 12 20
9 49 25 37 -7 28 0 0.00 0.0 0 3.6 13 250 M M 0 18 15 230
10 46 32 39 -5 26 0 0.85 0.0 0 6.8 15 270 M M 10 1 23 180
11 49 36 43 -1 22 0 0.00 0.0 0 6.4 16 310 M M 5 1 24 300
12 48 31 40 -4 25 0 T 0.0 0 3.6 15 270 M M 8 1 25 290
13 46 35 41 -3 24 0 0.02 0.0 0 11.5 25 60 M M 7 1 37 60
14 42 33 38 -6 27 0 0.00 0.0 0 18.1 28 60 M M 6 40 70
15 48 31 40 -4 25 0 0.00 0.0 0 15.9 26 50 M M 0 37 30
16 63 27 45 1 20 0 0.00 0.0 0 5.4 18 60 M M 0 26 40
17 56 25 41 -3 24 0 0.00 0.0 0 3.0 12 220 M M 0 17 210
18 54 26 40 -4 25 0 0.00 0.0 0 2.5 14 270 M M 0 18 18 220
19 55 26 41 -3 24 0 0.00 0.0 0 2.6 12 230 M M 1 1 14 240
20 56 29 43 -1 22 0 0.00 0.0 0 3.4 15 290 M M 3 12 20 300
21 53 35 44 -1 21 0 0.00 0.0 0 3.6 12 220 M M 6 12 16 230
22 49 36 43 -2 22 0 0.03 0.0 0 4.2 15 220 M M 10 128 18 230
23 51 37 44 -1 21 0 0.52 0.0 0 5.4 18 210 M M 7 1 26 220
24 48 31 40 -5 25 0 0.02 0.0 0 3.5 13 270 M M 6 12 17 250
25 51 30 41 -4 24 0 0.00 0.0 0 4.1 14 230 M M 6 12 20 250
26 46 31 39 -6 26 0 0.23 0.0 0 3.0 8 160 M M 9 1 13 150
27 50 41 46 1 19 0 0.33 0.0 0 5.4 10 230 M M 10 1 19 190
28 49 45 47 2 18 0 1.00 0.0 0 9.2 17 190 M M 10 1 29 180
29 50 41 46 1 19 0 0.36 0.0 0 9.2 18 190 M M 10 1 37 220
30 49 35 42 -3 23 0 0.65 0.0 0 9.0 26 240 M M 8 13 40 180
31 47 34 41 -4 24 0 0.34 0.0 0 4.0 14 200 M M 8 1 19 200
================================================================================
SM 1533 1017 731 0 7.42 0.0 177.9 M 181
================================================================================
AV 49.5 32.8 5.7 FASTST M M 6 MAX(MPH)
MISC ----> # 28 60 # 40 70
================================================================================
NOTES:
# LAST OF SEVERAL OCCURRENCES
COLUMN 17 PEAK WIND IN M.P.H.
PRELIMINARY LOCAL CLIMATOLOGICAL DATA (WS FORM: F-6) , PAGE 2
STATION: QUILLAYUTE WA AIRPORT
MONTH: MARCH
YEAR: 2020
LATITUDE: 47 57 N
LONGITUDE: 124 33 W
[TEMPERATURE DATA] [PRECIPITATION DATA] SYMBOLS USED IN COLUMN 16
AVERAGE MONTHLY: 41.1 TOTAL FOR MONTH: 7.42 1 = FOG OR MIST
DPTR FM NORMAL: -3.0 DPTR FM NORMAL: -3.41 2 = FOG REDUCING VISIBILITY
HIGHEST: 63 ON 16 GRTST 24HR 1.01 ON 5- 5 TO 1/4 MILE OR LESS
LOWEST: 25 ON 17, 9 3 = THUNDER
SNOW, ICE PELLETS, HAIL 4 = ICE PELLETS
TOTAL MONTH: 0.0 INCH 5 = HAIL
GRTST 24HR 0.0 6 = FREEZING RAIN OR DRIZZLE
GRTST DEPTH: 0 7 = DUSTSTORM OR SANDSTORM:
VSBY 1/2 MILE OR LESS
8 = SMOKE OR HAZE
[NO. OF DAYS WITH] [WEATHER - DAYS WITH] 9 = BLOWING SNOW
X = TORNADO
MAX 32 OR BELOW: 0 0.01 INCH OR MORE: 17
MAX 90 OR ABOVE: 0 0.10 INCH OR MORE: 12
MIN 32 OR BELOW: 16 0.50 INCH OR MORE: 7
MIN 0 OR BELOW: 0 1.00 INCH OR MORE: 2
[HDD (BASE 65) ]
TOTAL THIS MO. 731 CLEAR (SCALE 0-3) 9
DPTR FM NORMAL 83 PTCLDY (SCALE 4-7) 12
TOTAL FM JUL 1 4310 CLOUDY (SCALE 8-10) 10
DPTR FM NORMAL -183
[CDD (BASE 65) ]
TOTAL THIS MO. 0
DPTR FM NORMAL 0 [PRESSURE DATA]
TOTAL FM JAN 1 0 HIGHEST SLP 30.42 ON 1
DPTR FM NORMAL 0 LOWEST SLP 29.47 ON 30
[REMARKS]
CORRECTED404
#FINAL-03-20#