000
CXUS53 KLSX 011905 CCA
CF6UIN
PRELIMINARY LOCAL CLIMATOLOGICAL DATA (WS FORM: F-6)
STATION: QUINCY IL
MONTH: AUGUST
YEAR: 2021
LATITUDE: 39 57 N
LONGITUDE: 91 12 W
TEMPERATURE IN F: :PCPN: SNOW: WIND :SUNSHINE: SKY :PK WND
================================================================================
1 2 3 4 5 6A 6B 7 8 9 10 11 12 13 14 15 16 17 18
12Z AVG MX 2MIN
DY MAX MIN AVG DEP HDD CDD WTR SNW DPTH SPD SPD DIR MIN PSBL S-S WX SPD DR
================================================================================
1 81 62 72 -4 0 7 0.00 0.0 0 6.4 15 10 M M 5 128 19 360
2 79 60 70 -6 0 5 0.00 0.0 0 4.4 9 60 M M 3 18 14 20
3 81 60 71 -5 0 6 0.00 0.0 0 2.7 9 30 M M 3 13 130
4 82 62 72 -4 0 7 0.00 0.0 0 1.9 8 160 M M 1 11 170
5 76 63 70 -6 0 5 0.00 0.0 0 6.6 14 200 M M 2 19 210
6 82 67 75 -1 0 10 M 0.0 0 6.9 16 200 M M 3 138 22 190
7 88 68 78 2 0 13 0.00 0.0 0 8.3 15 190 M M 0 1 22 190
8 84 70 77 1 0 12 M 0.0 0 9.3 23 170 M M 2 138 32 160
9 90 71 81 5 0 16 0.00 0.0 0 8.8 17 210 M M 2 13 22 220
10 89 74 82 7 0 17 0.00 0.0 0 9.0 22 240 M M 1 30 230
11 92 76 84 9 0 19 0.00 0.0 0 11.0 22 200 M M 1 38 31 200
12 87 66 77 2 0 12 M 0.0 0 8.1 36 190 M M 5 38 52 200
13 82 65 74 -1 0 9 0.00 0.0 0 3.2 12 340 M M 1 14 340
14 82 60 71 -4 0 6 0.00 0.0 0 4.5 12 10 M M 0 15 30
15 80 60 70 -5 0 5 0.00 0.0 0 6.2 12 50 M M 0 15 100
16 81 55 68 -7 0 3 0.00 0.0 0 3.8 8 220 M M 0 13 140
17 85 63 74 -1 0 9 0.00 0.0 0 3.0 9 140 M M 0 1 12 220
18 88 65 77 3 0 12 0.00 0.0 0 3.2 9 130 M M 1 13 110
19 86 68 77 3 0 12 0.00 0.0 0 4.2 9 130 M M 1 18 14 150
20 87 68 78 4 0 13 0.00 0.0 0 8.2 15 140 M M 1 18 22 150
21 85 66 76 2 0 11 0.15 0.0 0 7.3 13 320 M M 5 13 17 280
22 84 61 73 -1 0 8 0.00 0.0 0 4.5 8 280 M M 0 12 270
23 90 68 79 5 0 14 0.00 0.0 0 9.0 21 170 M M 0 3 32 160
24 94 73 84 10 0 19 0.00 0.0 0 8.8 18 190 M M 0 24 180
25 92 73 83 10 0 18 0.00 0.0 0 5.8 16 150 M M 1 22 130
26 95 71 83 10 0 18 0.16 0.0 0 5.3 26 340 M M 2 138 35 150
27 93 69 81 8 0 16 0.00 0.0 0 7.7 13 160 M M 0 19 160
28 91 75 83 10 0 18 0.00 0.0 0 8.2 14 200 M M 0 19 160
29 90 71 81 9 0 16 0.10 0.0 0 7.3 20 310 M M 2 138 28 310
30 86 68 77 5 0 12 0.00 0.0 0 5.5 12 70 M M 3 16 60
31 81 66 74 2 0 9 0.53 0.0 0 6.5 20 70 M M 7 12 27 60
================================================================================
SM 2663 2064 0 357 M 0.0 195.6 M 52
================================================================================
AV 85.9 66.6 6.3 FASTST M M 2 MAX(MPH)
MISC ----> 36 190 52 200
================================================================================
NOTES:
# LAST OF SEVERAL OCCURRENCES
COLUMN 17 PEAK WIND IN M.P.H.
PRELIMINARY LOCAL CLIMATOLOGICAL DATA (WS FORM: F-6) , PAGE 2
STATION: QUINCY IL
MONTH: AUGUST
YEAR: 2021
LATITUDE: 39 57 N
LONGITUDE: 91 12 W
[TEMPERATURE DATA] [PRECIPITATION DATA] SYMBOLS USED IN COLUMN 16
AVERAGE MONTHLY: 76.2 TOTAL FOR MONTH: M 1 = FOG OR MIST
DPTR FM NORMAL: 1.7 DPTR FM NORMAL: M 2 = FOG REDUCING VISIBILITY
HIGHEST: 95 ON 26 GRTST 24HR MM ON MM TO 1/4 MILE OR LESS
LOWEST: 55 ON 16 3 = THUNDER
SNOW, ICE PELLETS, HAIL 4 = ICE PELLETS
TOTAL MONTH: 0.0 INCH 5 = HAIL
GRTST 24HR 0.0 6 = FREEZING RAIN OR DRIZZLE
GRTST DEPTH: 0 7 = DUSTSTORM OR SANDSTORM:
VSBY 1/2 MILE OR LESS
8 = SMOKE OR HAZE
[NO. OF DAYS WITH] [WEATHER - DAYS WITH] 9 = BLOWING SNOW
X = TORNADO
MAX 32 OR BELOW: 0 0.01 INCH OR MORE: M
MAX 90 OR ABOVE: 9 0.10 INCH OR MORE: M
MIN 32 OR BELOW: 0 0.50 INCH OR MORE: M
MIN 0 OR BELOW: 0 1.00 INCH OR MORE: M
[HDD (BASE 65) ]
TOTAL THIS MO. 0 CLEAR (SCALE 0-3) 27
DPTR FM NORMAL -4 PTCLDY (SCALE 4-7) 4
TOTAL FM JUL 1 0 CLOUDY (SCALE 8-10) 0
DPTR FM NORMAL -1
[CDD (BASE 65) ]
TOTAL THIS MO. 357
DPTR FM NORMAL 59 [PRESSURE DATA]
TOTAL FM JAN 1 1107 HIGHEST SLP 30.25 ON 14
DPTR FM NORMAL 111 LOWEST SLP 29.70 ON 31
[REMARKS]
#FINAL-08-21#