949
CXUS56 KEKA 031326
CF6UKI
PRELIMINARY LOCAL CLIMATOLOGICAL DATA (WS FORM: F-6)
STATION: UKIAH CA
MONTH: MARCH
YEAR: 2020
LATITUDE: 39 7 N
LONGITUDE: 123 12 W
TEMPERATURE IN F: :PCPN: SNOW: WIND :SUNSHINE: SKY :PK WND
================================================================================
1 2 3 4 5 6A 6B 7 8 9 10 11 12 13 14 15 16 17 18
12Z AVG MX 2MIN
DY MAX MIN AVG DEP HDD CDD WTR SNW DPTH SPD SPD DIR MIN PSBL S-S WX SPD DR
================================================================================
1 62 37 50 -1 15 0 0.00 0.0 0 5.0 16 20 M M 3 26 40
2 72 38 55 4 10 0 0.00 0.0 0 4.9 17 300 M M 0 22 290
3 83 37 60 9 5 0 0.00 0.0 0 2.3 13 330 M M 0 16 350
4 82 40 61 10 4 0 0.00 0.0 0 1.2 9 190 M M 0 12 200
5 68 39 54 3 11 0 0.00 0.0 0 5.4 16 140 M M 1 22 140
6 57 47 52 1 13 0 0.00 0.0 0 4.8 12 290 M M 10 16 280
7 59 38 49 -2 16 0 0.02 M 0 3.0 12 330 M M 8 25 290
8 56 33 45 -6 20 0 0.00 0.0 0 2.3 15 130 M M 5 22 140
9 66 41 54 2 11 0 0.00 0.0 0 2.1 10 170 M M 3 13 150
10 77 36 57 5 8 0 0.00 0.0 0 2.0 10 300 M M 0 13 310
11 76 39 58 6 7 0 0.00 0.0 0 1.9 13 320 M M 0 17 320
12 83 39 61 9 4 0 0.00 0.0 0 1.7 10 260 M M 0 14 290
13 65 38 52 0 13 0 0.02 0.0 0 6.6 20 150 M M 2 18 24 130
14 52 41 47 -5 18 0 0.15 M 0 5.0 22 220 M M 7 1 26 240
15 50 33 42 -10 23 0 0.48 M 0 4.2 18 260 M M 7 18 24 190
16 56 33 45 -7 20 0 T M 0 3.5 15 330 M M 6 1 22 360
17 50 39 45 -7 20 0 0.16 M 0 1.7 9 20 M M 9 12 20
18 56 41 49 -3 16 0 0.29 M 0 1.6 12 160 M M 10 1 15 160
19 62 42 52 0 13 0 0.00 0.0 0 2.3 12 220 M M 6 16 230
20 64 37 51 -1 14 0 0.00 0.0 0 2.0 13 200 M M 3 2 18 210
21 70 36 53 1 12 0 0.00 0.0 0 1.6 13 300 M M 1 17 280
22 71 37 54 2 11 0 0.06 0.0 0 2.1 14 230 M M 2 1 19 160
23 57 39 48 -4 17 0 T 0.0 0 3.6 16 250 M M 7 2 21 270
24 52 42 47 -5 18 0 0.27 M 0 2.6 18 280 M M 9 1 24 270
25 56 38 47 -5 18 0 T M 0 4.2 18 290 M M 4 26 310
26 59 32 46 -6 19 0 0.02 M 0 2.6 18 350 M M 2 22 360
27 58 33 46 -6 19 0 0.00 0.0 0 3.1 15 330 M M 5 21 310
28 53 44 49 -3 16 0 0.06 M 0 2.2 9 210 M M 10 1 12 220
29 58 47 53 1 12 0 0.11 M 0 2.2 12 130 M M 10 1 15 130
30 58 47 53 1 12 0 T 0.0 0 4.1 12 190 M M 10 16 210
31 63 46 55 3 10 0 0.01 M 0 4.1 16 330 M M 7 1 23 320
================================================================================
SM 1951 1209 425 0 1.65 0.0 95.9 M 147
================================================================================
AV 62.9 39.0 3.1 FASTST M M 5 MAX(MPH)
MISC ----> # 22 220 # 26 40
================================================================================
NOTES:
# LAST OF SEVERAL OCCURRENCES
COLUMN 17 PEAK WIND IN M.P.H.
PRELIMINARY LOCAL CLIMATOLOGICAL DATA (WS FORM: F-6) , PAGE 2
STATION: UKIAH CA
MONTH: MARCH
YEAR: 2020
LATITUDE: 39 7 N
LONGITUDE: 123 12 W
[TEMPERATURE DATA] [PRECIPITATION DATA] SYMBOLS USED IN COLUMN 16
AVERAGE MONTHLY: 51.0 TOTAL FOR MONTH: 1.65 1 = FOG OR MIST
DPTR FM NORMAL: -0.7 DPTR FM NORMAL: -3.87 2 = FOG REDUCING VISIBILITY
HIGHEST: 83 ON 12, 3 GRTST 24HR 0.51 ON 14-15 TO 1/4 MILE OR LESS
LOWEST: 32 ON 26 3 = THUNDER
SNOW, ICE PELLETS, HAIL 4 = ICE PELLETS
TOTAL MONTH: 0.0 INCH 5 = HAIL
GRTST 24HR 0.0 6 = FREEZING RAIN OR DRIZZLE
GRTST DEPTH: 0 7 = DUSTSTORM OR SANDSTORM:
VSBY 1/2 MILE OR LESS
8 = SMOKE OR HAZE
[NO. OF DAYS WITH] [WEATHER - DAYS WITH] 9 = BLOWING SNOW
X = TORNADO
MAX 32 OR BELOW: 0 0.01 INCH OR MORE: 12
MAX 90 OR ABOVE: 0 0.10 INCH OR MORE: 6
MIN 32 OR BELOW: 1 0.50 INCH OR MORE: 0
MIN 0 OR BELOW: 0 1.00 INCH OR MORE: 0
[HDD (BASE 65) ]
TOTAL THIS MO. 425 CLEAR (SCALE 0-3) 14
DPTR FM NORMAL 11 PTCLDY (SCALE 4-7) 10
TOTAL FM JUL 1 2227 CLOUDY (SCALE 8-10) 7
DPTR FM NORMAL -420
[CDD (BASE 65) ]
TOTAL THIS MO. 0
DPTR FM NORMAL 0 [PRESSURE DATA]
TOTAL FM JAN 1 0 HIGHEST SLP 30.30 ON 30
DPTR FM NORMAL 0 LOWEST SLP 29.66 ON 13
[REMARKS]
#FINAL-03-20#