000
CXUS53 KSGF 010710
CF6UNO
PRELIMINARY LOCAL CLIMATOLOGICAL DATA (WS FORM: F-6)
STATION: WEST PLAINS MO
MONTH: OCTOBER
YEAR: 2022
LATITUDE: 36 52 N
LONGITUDE: 91 55 W
TEMPERATURE IN F: :PCPN: SNOW: WIND :SUNSHINE: SKY :PK WND
================================================================================
1 2 3 4 5 6A 6B 7 8 9 10 11 12 13 14 15 16 17 18
12Z AVG MX 2MIN
DY MAX MIN AVG DEP HDD CDD WTR SNW DPTH SPD SPD DIR MIN PSBL S-S WX SPD DR
================================================================================
1 77 43 60 -3 5 0 0.00 M M 3.6 13 50 M M 0 20 30
2 81 48 65 2 0 0 0.00 M M 4.4 13 30 M M 0 16 60
3 78 44 61 -2 4 0 0.00 M M 4.3 10 30 M M 0 15 80
4 75 42 59 -3 6 0 0.00 M M 2.4 9 110 M M 0 15 70
5 79 41 60 -2 5 0 0.00 M M 2.7 8 200 M M 0 15 160
6 82 51 67 5 0 2 0.00 M M 4.4 14 320 M M 0 19 300
7 72 51 62 1 3 0 0.00 M M 8.1 14 340 M M 1 19 30
8 67 40 54 -7 11 0 0.00 M M 2.7 9 340 M M 1 14 40
9 73 38 56 -4 9 0 0.00 M M 2.1 12 270 M M 3 20 230
10 80 47 64 4 1 0 0.00 M M 3.9 13 250 M M 3 23 250
11 81 63 72 12 0 7 T M M 9.4 20 190 M M 4 32 180
12 76 52 64 5 1 0 0.16 M M 7.3 22 320 M M 4 138 36 330
13 70 41 56 -3 9 0 0.00 M M 7.7 23 270 M M 0 41 280
14 77 40 59 0 6 0 T M M 6.4 21 260 M M 1 33 230
15 74 47 61 3 4 0 T M M 4.0 12 60 M M 1 8 15 40
16 73 50 62 4 3 0 T M M 5.2 15 320 M M 2 24 300
17 55 34 45 -13 20 0 0.00 M M 10.7 22 310 M M 0 30 310
18 52 28 40 -17 25 0 0.00 M M 8.3 17 340 M M 0 29 340
19 54 23 39 -18 26 0 0.00 M M 3.9 13 270 M M 0 20 300
20 72 32 52 -4 13 0 0.00 M M 5.9 15 220 M M 0 23 220
21 81 42 62 6 3 0 0.00 M M 6.1 15 190 M M 0 24 190
22 75 54 65 9 0 0 0.00 M M 10.9 23 160 M M 0 37 150
23 78 62 70 15 0 5 0.00 M M 12.3 23 180 M M 2 33 200
24 74 62 68 13 0 3 0.80 M M 10.0 21 150 M M 6 1 31 170
25 65 40 53 -1 12 0 1.76 M M 8.6 22 320 M M 8 1 35 320
26 67 39 53 -1 12 0 0.00 M M 5.0 20 30 M M 0 25 20
27 65 39 52 -2 13 0 0.00 M M 6.2 16 100 M M 0 23 120
28 69 37 53 0 12 0 0.00 M M 5.3 13 50 M M 0 19 80
29 64 49 57 4 8 0 0.19 M M 8.1 15 60 M M 4 1 21 60
30 61 56 59 6 6 0 0.20 M M 3.6 10 60 M M 10 12 16 60
31 71 48 60 8 5 0 0.00 M M 4.6 15 310 M M 5 1 21 310
================================================================================
SM 2218 1383 222 17 3.11 M 188.1 M 55
================================================================================
AV 71.5 44.6 6.1 FASTST M M 2 MAX(MPH)
MISC ----> # 23 270 41 280
================================================================================
NOTES:
# LAST OF SEVERAL OCCURRENCES
COLUMN 17 PEAK WIND IN M.P.H.
PRELIMINARY LOCAL CLIMATOLOGICAL DATA (WS FORM: F-6) , PAGE 2
STATION: WEST PLAINS MO
MONTH: OCTOBER
YEAR: 2022
LATITUDE: 36 52 N
LONGITUDE: 91 55 W
[TEMPERATURE DATA] [PRECIPITATION DATA] SYMBOLS USED IN COLUMN 16
AVERAGE MONTHLY: 58.1 TOTAL FOR MONTH: 3.11 1 = FOG OR MIST
DPTR FM NORMAL: 0.2 DPTR FM NORMAL: -0.97 2 = FOG REDUCING VISIBILITY
HIGHEST: 82 ON 6 GRTST 24HR 2.56 ON 24-25 TO 1/4 MILE OR LESS
LOWEST: 23 ON 19 3 = THUNDER
SNOW, ICE PELLETS, HAIL 4 = ICE PELLETS
TOTAL MONTH: M 5 = HAIL
GRTST 24HR M ON M 6 = FREEZING RAIN OR DRIZZLE
GRTST DEPTH: M ON M 7 = DUSTSTORM OR SANDSTORM:
VSBY 1/2 MILE OR LESS
8 = SMOKE OR HAZE
[NO. OF DAYS WITH] [WEATHER - DAYS WITH] 9 = BLOWING SNOW
X = TORNADO
MAX 32 OR BELOW: 0 0.01 INCH OR MORE: 5
MAX 90 OR ABOVE: 0 0.10 INCH OR MORE: 5
MIN 32 OR BELOW: 3 0.50 INCH OR MORE: 2
MIN 0 OR BELOW: 0 1.00 INCH OR MORE: 1
[HDD (BASE 65) ]
TOTAL THIS MO. 222 CLEAR (SCALE 0-3) 24
DPTR FM NORMAL -31 PTCLDY (SCALE 4-7) 5
TOTAL FM JUL 1 249 CLOUDY (SCALE 8-10) 2
DPTR FM NORMAL -46
[CDD (BASE 65) ]
TOTAL THIS MO. 17
DPTR FM NORMAL -15 [PRESSURE DATA]
TOTAL FM JAN 1 1665 HIGHEST SLP M ON M
DPTR FM NORMAL 298 LOWEST SLP 29.50 ON 25
[REMARKS]
#FINAL-10-22#