000
CXUS53 KSGF 010710
CF6UNO
PRELIMINARY LOCAL CLIMATOLOGICAL DATA (WS FORM: F-6)
STATION: WEST PLAINS MO
MONTH: JUNE
YEAR: 2021
LATITUDE: 36 52 N
LONGITUDE: 91 55 W
TEMPERATURE IN F: :PCPN: SNOW: WIND :SUNSHINE: SKY :PK WND
================================================================================
1 2 3 4 5 6A 6B 7 8 9 10 11 12 13 14 15 16 17 18
12Z AVG MX 2MIN
DY MAX MIN AVG DEP HDD CDD WTR SNW DPTH SPD SPD DIR MIN PSBL S-S WX SPD DR
================================================================================
1 62 58 60 -10 5 0 0.91 M M 6.7 14 100 M M 10 1 20 90
2 67 61 64 -6 1 0 0.09 M M 4.0 8 30 M M 10 1 12 40
3 79 61 70 -1 0 5 0.00 M M 4.5 10 320 M M 7 1 15 30
4 83 56 70 -1 0 5 0.00 M M 2.6 10 220 M M 1 1 14 220
5 82 57 70 -1 0 5 0.00 M M 4.6 14 170 M M 4 1 24 180
6 80 68 74 2 0 9 T M M 7.2 16 150 M M 8 24 160
7 80 69 75 3 0 10 0.02 M M 6.6 16 170 M M 7 22 130
8 78 66 72 0 0 7 0.00 M M 3.8 12 200 M M 7 1 18 200
9 86 69 78 6 0 13 0.00 M M 1.9 10 250 M M 6 123 18 290
10 91 66 79 6 0 14 0.00 M M 2.5 8 250 M M 2 12 12 280
11 92 68 80 7 0 15 0.00 M M 4.0 15 160 M M 5 12 21 170
12 95 71 83 10 0 18 0.00 M M 5.5 14 330 M M 2 19 10
13 90 64 77 3 0 12 0.00 M M 5.9 13 30 M M 1 19 20
14 94 59 77 3 0 12 0.00 M M 2.6 9 10 M M 0 15 30
15 89 65 77 3 0 12 0.00 M M 2.9 10 110 M M 0 14 80
16 90 61 76 2 0 11 0.00 M M 2.7 10 220 M M 0 15 210
17 93 72 83 9 0 18 0.00 M M 5.4 10 210 M M 1 16 220
18 93 74 84 9 0 19 0.00 M M 7.1 17 180 M M 0 1 24 190
19 88 70 79 4 0 14 0.00 M M 5.6 14 190 M M 1 20 200
20 90 69 80 5 0 15 0.00 M M 7.5 17 210 M M 1 29 220
21 79 54 67 -8 0 2 0.25 M M 6.4 20 30 M M 4 13 31 30
22 80 50 65 -10 0 0 0.00 M M 3.0 10 150 M M 1 15 50
23 82 58 70 -6 0 5 0.00 M M 6.3 15 160 M M 0 24 160
24 86 66 76 0 0 11 0.00 M M 8.0 15 160 M M 3 22 180
25 92 74 83 7 0 18 0.00 M M 10.2 18 190 M M 3 27 160
26 89 74 82 6 0 17 0.00 M M 10.1 22 190 M M 6 3 30 180
27 89 72 81 5 0 16 0.54 M M 6.0 26 270 M M 5 138 39 270
28 88 70 79 3 0 14 0.45 M M 4.9 16 160 M M 2 138 23 140
29 90 68 79 2 0 14 0.00 M M 2.8 12 120 M M 1 18 150
30 89 69 79 2 0 14 0.09 M M 2.5 13 300 M M 2 13 22 310
================================================================================
SM 2566 1959 6 325 2.35 M 153.8 M 100
================================================================================
AV 85.5 65.3 5.1 FASTST M M 3 MAX(MPH)
MISC ----> 26 270 39 270
================================================================================
NOTES:
# LAST OF SEVERAL OCCURRENCES
COLUMN 17 PEAK WIND IN M.P.H.
PRELIMINARY LOCAL CLIMATOLOGICAL DATA (WS FORM: F-6) , PAGE 2
STATION: WEST PLAINS MO
MONTH: JUNE
YEAR: 2021
LATITUDE: 36 52 N
LONGITUDE: 91 55 W
[TEMPERATURE DATA] [PRECIPITATION DATA] SYMBOLS USED IN COLUMN 16
AVERAGE MONTHLY: 75.4 TOTAL FOR MONTH: 2.35 1 = FOG OR MIST
DPTR FM NORMAL: 1.5 DPTR FM NORMAL: -1.69 2 = FOG REDUCING VISIBILITY
HIGHEST: 95 ON 12 GRTST 24HR 0.91 ON 1- 1 TO 1/4 MILE OR LESS
LOWEST: 50 ON 22 3 = THUNDER
SNOW, ICE PELLETS, HAIL 4 = ICE PELLETS
TOTAL MONTH: M 5 = HAIL
GRTST 24HR M ON M 6 = FREEZING RAIN OR DRIZZLE
GRTST DEPTH: M ON M 7 = DUSTSTORM OR SANDSTORM:
VSBY 1/2 MILE OR LESS
8 = SMOKE OR HAZE
[NO. OF DAYS WITH] [WEATHER - DAYS WITH] 9 = BLOWING SNOW
X = TORNADO
MAX 32 OR BELOW: 0 0.01 INCH OR MORE: 7
MAX 90 OR ABOVE: 11 0.10 INCH OR MORE: 4
MIN 32 OR BELOW: 0 0.50 INCH OR MORE: 2
MIN 0 OR BELOW: 0 1.00 INCH OR MORE: 0
[HDD (BASE 65) ]
TOTAL THIS MO. 6 CLEAR (SCALE 0-3) 18
DPTR FM NORMAL 1 PTCLDY (SCALE 4-7) 10
TOTAL FM JUL 1 4228 CLOUDY (SCALE 8-10) 2
DPTR FM NORMAL -31
[CDD (BASE 65) ]
TOTAL THIS MO. 325
DPTR FM NORMAL 54 [PRESSURE DATA]
TOTAL FM JAN 1 411 HIGHEST SLP M ON M
DPTR FM NORMAL 10 LOWEST SLP 29.69 ON 20
[REMARKS]
#FINAL-06-21#