000
CXUS53 KUNR 011030
CF6UNR
PRELIMINARY LOCAL CLIMATOLOGICAL DATA (WS FORM: F-6)
STATION: EAST RAPID CITY SD
MONTH: NOVEMBER
YEAR: 2020
LATITUDE: 44 4 N
LONGITUDE: 103 13 W
TEMPERATURE IN F: :PCPN: SNOW: WIND :SUNSHINE: SKY :PK WND
================================================================================
1 2 3 4 5 6A 6B 7 8 9 10 11 12 13 14 15 16 17 18
12Z AVG MX 2MIN
DY MAX MIN AVG DEP HDD CDD WTR SNW DPTH SPD SPD DIR MIN PSBL S-S WX SPD DR
================================================================================
1 61 25 43 0 22 0 0.00 0.0 0 5.5 15 110 M M M 18 110
2 73 51 62 20 3 0 0.00 0.0 0 6.1 12 110 M M M 17 250
3 77 50 64 22 1 0 0.00 0.0 0 6.2 13 140 M M M 21 250
4 74 54 64 22 1 0 0.00 0.0 0 9.6 21 360 M M M 30 360
5 79 46 63 22 2 0 0.00 0.0 0 5.4 13 270 M M M 17 270
6 76 42 59 18 6 0 0.00 0.0 0 6.3 12 300 M M M 17 240
7 78 40 59 19 6 0 0.00 0.0 0 7.0 18 190 M M M 25 190
8 59 23 41 1 24 0 0.02 0.0 0 11.6 23 350 M M M 31 360
9 32 20 26 -14 39 0 0.00 0.0 0 8.9 20 360 M M M 30 350
10 40 18 29 -10 36 0 0.00 0.0 0 4.7 15 30 M M M 18 30
11 47 20 34 -5 31 0 0.05 1.0 0 11.0 23 360 M M M 32 350
12 31 14 23 -15 42 0 T T 1 5.3 12 360 M M M 15 10
13 56 15 36 -2 29 0 0.00 0.0 0 7.2 21 200 M M M 37 230
14 50 33 42 5 23 0 0.01 T 0 15.3 33 320 M M M 49 320
15 45 30 38 1 27 0 0.00 0.0 0 7.9 23 300 M M M 38 300
16 52 36 44 8 21 0 0.00 0.0 0 9.6 25 300 M M M 37 300
17 69 30 50 14 15 0 0.00 0.0 0 7.0 17 220 M M M 36 220
18 72 51 62 26 3 0 0.00 0.0 0 11.1 23 290 M M M 47 240
19 59 40 50 15 15 0 0.00 0.0 0 10.3 30 360 M M M 48 350
20 47 31 39 4 26 0 0.00 0.0 0 5.4 12 280 M M M 16 280
21 45 24 35 1 30 0 0.00 0.0 0 6.6 20 310 M M M 29 300
22 43 23 33 -1 32 0 0.00 0.0 0 9.1 20 140 M M M 26 300
23 42 21 32 -1 33 0 0.00 0.0 0 7.1 15 350 M M M 22 360
24 43 30 37 4 28 0 0.00 0.0 0 9.2 23 330 M M M 33 320
25 52 21 37 5 28 0 0.00 0.0 0 6.1 26 330 M M M 38 320
26 43 28 36 4 29 0 0.00 0.0 0 6.0 18 300 M M M 26 300
27 51 31 41 9 24 0 0.00 0.0 0 6.0 12 140 M M M 15 140
28 65 38 52 21 13 0 0.00 0.0 0 10.4 28 360 M M M 46 350
29 38 16 27 -4 38 0 0.00 0.0 0 9.5 23 350 M M M 31 330
30 56 18 37 7 28 0 0.00 0.0 0 6.3 13 140 M M M 16 150
================================================================================
SM 1655 919 655 0 0.08 1.0 237.7 M M
================================================================================
AV 55.2 30.6 7.9 FASTST M M M MAX(MPH)
MISC ----> 33 320 49 320
================================================================================
NOTES:
# LAST OF SEVERAL OCCURRENCES
COLUMN 17 PEAK WIND IN M.P.H.
PRELIMINARY LOCAL CLIMATOLOGICAL DATA (WS FORM: F-6) , PAGE 2
STATION: EAST RAPID CITY SD
MONTH: NOVEMBER
YEAR: 2020
LATITUDE: 44 4 N
LONGITUDE: 103 13 W
[TEMPERATURE DATA] [PRECIPITATION DATA] SYMBOLS USED IN COLUMN 16
AVERAGE MONTHLY: 42.9 TOTAL FOR MONTH: 0.08 1 = FOG OR MIST
DPTR FM NORMAL: 6.3 DPTR FM NORMAL: -0.52 2 = FOG REDUCING VISIBILITY
HIGHEST: 79 ON 5 GRTST 24HR 0.05 ON 11-11 TO 1/4 MILE OR LESS
LOWEST: 14 ON 12 3 = THUNDER
SNOW, ICE PELLETS, HAIL 4 = ICE PELLETS
TOTAL MONTH: 1.0 INCH 5 = HAIL
GRTST 24HR 1.0 ON 11-11 6 = FREEZING RAIN OR DRIZZLE
GRTST DEPTH: 1 ON 12 7 = DUSTSTORM OR SANDSTORM:
VSBY 1/2 MILE OR LESS
8 = SMOKE OR HAZE
[NO. OF DAYS WITH] [WEATHER - DAYS WITH] 9 = BLOWING SNOW
X = TORNADO
MAX 32 OR BELOW: 2 0.01 INCH OR MORE: 3
MAX 90 OR ABOVE: 0 0.10 INCH OR MORE: 0
MIN 32 OR BELOW: 19 0.50 INCH OR MORE: 0
MIN 0 OR BELOW: 0 1.00 INCH OR MORE: 0
[HDD (BASE 65) ]
TOTAL THIS MO. 655 CLEAR (SCALE 0-3) 0
DPTR FM NORMAL -196 PTCLDY (SCALE 4-7) 0
TOTAL FM JUL 1 1455 CLOUDY (SCALE 8-10) 30
DPTR FM NORMAL -125
[CDD (BASE 65) ]
TOTAL THIS MO. 0
DPTR FM NORMAL 0 [PRESSURE DATA]
TOTAL FM JAN 1 861 HIGHEST SLP M ON M
DPTR FM NORMAL 196 LOWEST SLP 28.96 ON 8
[REMARKS]
#FINAL-11-20#