000
CXUS56 KSTO 011300
CF6VCB
PRELIMINARY LOCAL CLIMATOLOGICAL DATA (WS FORM: F-6)
STATION: VACAVILLE
MONTH: MARCH
YEAR: 2023
LATITUDE: 38 22 N
LONGITUDE: 121-58 E
TEMPERATURE IN F: :PCPN: SNOW: WIND :SUNSHINE: SKY :PK WND
================================================================================
1 2 3 4 5 6A 6B 7 8 9 10 11 12 13 14 15 16 17 18
12Z AVG MX 2MIN
DY MAX MIN AVG DEP HDD CDD WTR SNW DPTH SPD SPD DIR MIN PSBL S-S WX SPD DR
================================================================================
1 56 35 46 -8 19 0 0.00 M M 13.9 28 350 M M 0 37 350
2 61 33 47 -7 18 0 0.00 M M 6.1 15 340 M M 0 20 330
3 61 35 48 -6 17 0 0.00 M M 6.2 16 210 M M 0 20 210
4 54 42 48 -6 17 0 0.23 M M 12.2 29 230 M M 3 1 43 230
5 56 36 46 -8 19 0 0.31 M M 9.4 22 250 M M 4 1 31 230
6 54 36 45 -9 20 0 0.35 M M 5.8 17 230 M M 7 1 23 220
7 57 39 48 -6 17 0 0.00 M M 8.5 18 280 M M 3 25 250
8 58 42 50 -5 15 0 0.22 M M 5.6 16 240 M M 5 1 20 250
9 50 38 44 -11 21 0 1.94 0.0 M 6.3 24 160 M M 8 1 35 150
10 60 48 54 -1 11 0 0.65 M M 8.3 23 220 M M 7 1 30 210
11 53 45 49 -6 16 0 0.39 M M 3.7 13 220 M M 10 18 16 220
12 61 53 57 2 8 0 0.23 M M 7.3 17 220 M M 10 1 24 220
13 67 53 60 5 5 0 0.07 M M 11.1 23 240 M M 7 1 28 240
14 62 46 54 -1 11 0 1.27 M M 13.7 33 220 M M 7 1 43 220
15 66 37 52 -3 13 0 0.00 M M 4.7 16 10 M M 1 22 350
16 67 38 53 -2 12 0 0.00 M M 3.2 14 350 M M 0 17 350
17 69 38 54 -2 11 0 0.00 M M 3.5 14 360 M M 0 16 360
18 63 42 53 -3 12 0 0.00 M M 4.6 15 220 M M 1 20 210
19 58 51 55 -1 10 0 0.59 M M 7.4 18 230 M M 9 1 26 220
20 60 46 53 -3 12 0 0.00 M M 7.9 17 220 M M 2 23 240
21 52 47 50 -6 15 0 1.58 M M 9.2 25 160 M M 10 13 38 140
22 57 45 51 -5 14 0 0.24 0.0 M 7.2 16 130 M M 9 1 26 140
23 63 42 53 -3 12 0 0.00 0.0 M 8.6 23 230 M M 3 30 230
24 61 40 51 -5 14 0 0.00 M M 7.1 17 310 M M 2 24 300
25 62 38 50 -6 15 0 0.00 M M 8.7 20 350 M M 1 26 360
26 61 34 48 -8 17 0 0.00 M M 5.2 20 360 M M 0 28 360
27 63 32 48 -8 17 0 0.00 M M 5.5 15 240 M M 1 19 220
28 52 44 48 -8 17 0 0.51 M M 7.8 20 210 M M 9 1 29 210
29 49 43 46 -10 19 0 1.59 M M 4.9 13 270 M M 10 1 19 170
30 62 36 49 -8 16 0 0.00 M M 6.0 17 220 M M 2 1 23 220
31 62 40 51 -6 14 0 0.00 M M 5.9 14 220 M M 1 21 220
================================================================================
SM 1837 1274 454 0 10.17 0.0 225.5 M 132
================================================================================
AV 59.3 41.1 7.3 FASTST M M 4 MAX(MPH)
MISC ----> 33 220 # 43 230
================================================================================
NOTES:
# LAST OF SEVERAL OCCURRENCES
COLUMN 17 PEAK WIND IN M.P.H.
PRELIMINARY LOCAL CLIMATOLOGICAL DATA (WS FORM: F-6) , PAGE 2
STATION: VACAVILLE
MONTH: MARCH
YEAR: 2023
LATITUDE: 38 22 N
LONGITUDE: 121-58 E
[TEMPERATURE DATA] [PRECIPITATION DATA] SYMBOLS USED IN COLUMN 16
AVERAGE MONTHLY: 50.2 TOTAL FOR MONTH: 10.17 1 = FOG OR MIST
DPTR FM NORMAL: -5.1 DPTR FM NORMAL: 6.48 2 = FOG REDUCING VISIBILITY
HIGHEST: 69 ON 17 GRTST 24HR 2.59 ON 9-10 TO 1/4 MILE OR LESS
LOWEST: 32 ON 27 3 = THUNDER
SNOW, ICE PELLETS, HAIL 4 = ICE PELLETS
TOTAL MONTH: 0.0 INCH 5 = HAIL
GRTST 24HR 0.0 6 = FREEZING RAIN OR DRIZZLE
GRTST DEPTH: M ON M 7 = DUSTSTORM OR SANDSTORM:
VSBY 1/2 MILE OR LESS
8 = SMOKE OR HAZE
[NO. OF DAYS WITH] [WEATHER - DAYS WITH] 9 = BLOWING SNOW
X = TORNADO
MAX 32 OR BELOW: 0 0.01 INCH OR MORE: 15
MAX 90 OR ABOVE: 0 0.10 INCH OR MORE: 14
MIN 32 OR BELOW: 1 0.50 INCH OR MORE: 7
MIN 0 OR BELOW: 0 1.00 INCH OR MORE: 4
[HDD (BASE 65) ]
TOTAL THIS MO. 454 CLEAR (SCALE 0-3) 17
DPTR FM NORMAL 153 PTCLDY (SCALE 4-7) 7
TOTAL FM JUL 1 2451 CLOUDY (SCALE 8-10) 7
DPTR FM NORMAL 267
[CDD (BASE 65) ]
TOTAL THIS MO. 0
DPTR FM NORMAL -2 [PRESSURE DATA]
TOTAL FM JAN 1 0 HIGHEST SLP 30.45 ON 24
DPTR FM NORMAL -2 LOWEST SLP 29.28 ON 21
[REMARKS]
#FINAL-03-23#