000
CXUS56 KSTO 221300
CF6VCB
PRELIMINARY LOCAL CLIMATOLOGICAL DATA (WS FORM: F-6)
STATION: VACAVILLE
MONTH: APRIL
YEAR: 2024
LATITUDE: 38 22 N
LONGITUDE: 121-58 E
TEMPERATURE IN F: :PCPN: SNOW: WIND :SUNSHINE: SKY :PK WND
================================================================================
1 2 3 4 5 6A 6B 7 8 9 10 11 12 13 14 15 16 17 18
12Z AVG MX 2MIN
DY MAX MIN AVG DEP HDD CDD WTR SNW DPTH SPD SPD DIR MIN PSBL S-S WX SPD DR
================================================================================
1 75 46 61 4 4 0 0.00 M M 9.2 21 360 M M 0 30 350
2 75 41 58 1 7 0 0.00 M M 4.1 10 200 M M 0 18 220
3 70 47 59 2 6 0 0.00 M M 10.3 22 230 M M 0 31 220
4 53 36 45 -12 20 0 0.26 M M 6.9 23 240 M M 6 1 31 230
5 54 35 45 -12 20 0 0.12 M M 3.7 17 360 M M 6 1 26 20
6 62 31 47 -11 18 0 0.00 M M 4.0 14 220 M M 0 1 20 210
7 66 33 50 -8 15 0 0.00 0.0 M 4.6 12 310 M M 1 18 290
8 74 48 61 3 4 0 0.00 0.0 M 9.2 20 360 M M 0 28 350
9 79 40 60 2 5 0 0.00 0.0 M 2.5 10 210 M M 0 16 210
10 80 45 63 5 2 0 0.00 M M 3.1 10 360 M M 0 14 340
11 83 46 65 7 0 0 0.00 M M 3.5 14 230 M M 0 18 240
12 67 48 58 0 7 0 0.00 0.0 M 10.9 24 220 M M 1 33 220
13 57 44 51 -8 14 0 0.43 0.0 M 6.9 22 240 M M 10 1 30 240
14 60 44 52 -7 13 0 0.00 M M 3.7 10 240 M M 9 14 350
15 69 43 56 -3 9 0 0.00 M M 4.4 12 210 M M 3 19 210
16 76 42 59 0 6 0 0.00 M M 2.9 12 210 M M 0 16 220
17 79 50 65 6 0 0 0.00 M M 3.5 12 360 M M 0 17 360
18 82 46 64 4 1 0 0.00 M M 4.6 14 10 M M 0 21 20
19 81 53 67 7 0 2 0.00 M M 4.8 13 220 M M 0 18 210
20 84 50 67 7 0 2 0.00 M M 3.5 12 220 M M 0 16 220
21 86 45 66 6 0 1 0.00 M M 3.4 12 20 M M 0 17 10
================================================================================
SM 1512 913 151 5 0.81 0.0 109.7 M 36
================================================================================
AV 72.0 43.5 5.2 FASTST M M 2 MAX(MPH)
MISC ----> 24 220 33 220
================================================================================
NOTES:
# LAST OF SEVERAL OCCURRENCES
COLUMN 17 PEAK WIND IN M.P.H.
PRELIMINARY LOCAL CLIMATOLOGICAL DATA (WS FORM: F-6) , PAGE 2
STATION: VACAVILLE
MONTH: APRIL
YEAR: 2024
LATITUDE: 38 22 N
LONGITUDE: 121-58 E
[TEMPERATURE DATA] [PRECIPITATION DATA] SYMBOLS USED IN COLUMN 16
AVERAGE MONTHLY: 57.7 TOTAL FOR MONTH: 0.81 1 = FOG OR MIST
DPTR FM NORMAL: -0.6 DPTR FM NORMAL: -0.26 2 = FOG REDUCING VISIBILITY
HIGHEST: 86 ON 21 GRTST 24HR 0.43 ON 13-13 TO 1/4 MILE OR LESS
LOWEST: 31 ON 6 3 = THUNDER
SNOW, ICE PELLETS, HAIL 4 = ICE PELLETS
TOTAL MONTH: 0.0 INCH 5 = HAIL
GRTST 24HR 0.0 6 = FREEZING RAIN OR DRIZZLE
GRTST DEPTH: M ON M 7 = DUSTSTORM OR SANDSTORM:
VSBY 1/2 MILE OR LESS
8 = SMOKE OR HAZE
[NO. OF DAYS WITH] [WEATHER - DAYS WITH] 9 = BLOWING SNOW
X = TORNADO
MAX 32 OR BELOW: 0 0.01 INCH OR MORE: 3
MAX 90 OR ABOVE: 0 0.10 INCH OR MORE: 3
MIN 32 OR BELOW: 1 0.50 INCH OR MORE: 0
MIN 0 OR BELOW: 0 1.00 INCH OR MORE: 0
[HDD (BASE 65) ]
TOTAL THIS MO. 151 CLEAR (SCALE 0-3) 17
DPTR FM NORMAL 3 PTCLDY (SCALE 4-7) 2
TOTAL FM JUL 1 2104 CLOUDY (SCALE 8-10) 2
DPTR FM NORMAL -228
[CDD (BASE 65) ]
TOTAL THIS MO. 5
DPTR FM NORMAL 1 [PRESSURE DATA]
TOTAL FM JAN 1 5 HIGHEST SLP M ON M
DPTR FM NORMAL -1 LOWEST SLP 29.64 ON 12
[REMARKS]