000
CXUS54 KCRP 011512
CF6VCT
PRELIMINARY LOCAL CLIMATOLOGICAL DATA (WS FORM: F-6)
STATION: VICTORIA
MONTH: OCTOBER
YEAR: 2021
LATITUDE: 28 51 N
LONGITUDE: 96 55 W
TEMPERATURE IN F: :PCPN: SNOW: WIND :SUNSHINE: SKY :PK WND
================================================================================
1 2 3 4 5 6A 6B 7 8 9 10 11 12 13 14 15 16 17 18
12Z AVG MX 2MIN
DY MAX MIN AVG DEP HDD CDD WTR SNW DPTH SPD SPD DIR MIN PSBL S-S WX SPD DR
================================================================================
1 83 72 78 1 0 13 0.35 0.0 0 7.4 26 150 M M 5 13 31 150
2 91 71 81 4 0 16 0.00 0.0 0 5.6 16 120 M M 6 12 20 120
3 94 71 83 7 0 18 0.00 0.0 0 3.6 14 70 M M 6 12 17 80
4 90 63 77 1 0 12 0.00 0.0 0 6.5 16 10 M M 1 1 20 10
5 91 58 75 -1 0 10 0.00 0.0 0 6.0 14 30 M M 0 18 30
6 90 58 74 -2 0 9 0.00 0.0 0 3.5 10 170 M M 0 13 150
7 90 62 76 1 0 11 0.00 0.0 0 4.0 10 150 M M 0 1 12 180
8 89 62 76 1 0 11 0.00 0.0 0 4.7 15 120 M M 0 1 19 140
9 88 62 75 0 0 10 0.00 0.0 0 6.4 16 160 M M 2 1 19 150
10 90 69 80 5 0 15 0.00 0.0 0 15.4 29 150 M M 6 1 34 150
11 87 70 79 5 0 14 T 0.0 0 6.9 18 330 M M 6 22 330
12 91 73 82 8 0 17 0.00 0.0 0 13.1 26 160 M M 6 1 33 150
13 91 77 84 10 0 19 0.00 0.0 0 15.0 25 160 M M 5 34 150
14 81 70 76 3 0 11 1.50 0.0 0 7.1 23 10 M M 6 13 30 360
15 93 70 82 9 0 17 0.00 0.0 0 6.7 22 10 M M 6 1 28 10
16 77 54 66 -7 0 1 0.00 0.0 0 12.8 26 40 M M 2 35 40
17 75 50 63 -9 2 0 0.00 0.0 0 6.1 13 70 M M 0 17 60
18 79 51 65 -7 0 0 0.00 0.0 0 6.4 13 150 M M 0 17 160
19 84 55 70 -2 0 5 0.00 0.0 0 8.0 16 110 M M 2 21 110
20 89 61 75 4 0 10 0.00 0.0 0 3.8 9 10 M M 2 1 11 10
21 88 62 75 4 0 10 0.00 0.0 0 2.8 12 30 M M 4 128 14 30
22 86 63 75 4 0 10 0.00 0.0 0 4.7 12 140 M M 4 128 18 170
23 87 69 78 8 0 13 0.27 0.0 0 5.6 36 150 M M 4 123 45 140
24 89 68 79 9 0 14 0.00 0.0 0 5.6 15 170 M M 5 12 19 170
25 90 72 81 11 0 16 0.00 0.0 0 4.3 15 140 M M 6 12 17 150
26 87 75 81 12 0 16 0.00 0.0 0 10.8 22 150 M M 6 12 27 150
27 83 60 72 3 0 7 0.72 0.0 0 13.5 30 320 M M 6 138 40 210
28 82 53 68 -1 0 3 0.00 0.0 0 12.9 30 320 M M 0 40 290
29 77 48 63 -5 2 0 0.00 0.0 0 12.0 28 310 M M 0 39 310
30 81 44 63 -5 2 0 0.00 0.0 0 5.0 10 250 M M 0 12 300
31 82 48 65 -3 0 0 0.00 0.0 0 6.6 15 130 M M 0 18 130
================================================================================
SM 2675 1941 6 308 2.84 0.0 232.8 M 96
================================================================================
AV 86.3 62.6 7.5 FASTST M M 3 MAX(MPH)
MISC ----> 36 150 45 140
================================================================================
NOTES:
# LAST OF SEVERAL OCCURRENCES
COLUMN 17 PEAK WIND IN M.P.H.
PRELIMINARY LOCAL CLIMATOLOGICAL DATA (WS FORM: F-6) , PAGE 2
STATION: VICTORIA
MONTH: OCTOBER
YEAR: 2021
LATITUDE: 28 51 N
LONGITUDE: 96 55 W
[TEMPERATURE DATA] [PRECIPITATION DATA] SYMBOLS USED IN COLUMN 16
AVERAGE MONTHLY: 74.5 TOTAL FOR MONTH: 2.84 1 = FOG OR MIST
DPTR FM NORMAL: 1.9 DPTR FM NORMAL: -1.13 2 = FOG REDUCING VISIBILITY
HIGHEST: 94 ON 3 GRTST 24HR 1.50 ON 14-14 TO 1/4 MILE OR LESS
LOWEST: 44 ON 30 3 = THUNDER
SNOW, ICE PELLETS, HAIL 4 = ICE PELLETS
TOTAL MONTH: 0.0 INCH 5 = HAIL
GRTST 24HR 0.0 6 = FREEZING RAIN OR DRIZZLE
GRTST DEPTH: 0 7 = DUSTSTORM OR SANDSTORM:
VSBY 1/2 MILE OR LESS
8 = SMOKE OR HAZE
[NO. OF DAYS WITH] [WEATHER - DAYS WITH] 9 = BLOWING SNOW
X = TORNADO
MAX 32 OR BELOW: 0 0.01 INCH OR MORE: 4
MAX 90 OR ABOVE: 11 0.10 INCH OR MORE: 4
MIN 32 OR BELOW: 0 0.50 INCH OR MORE: 2
MIN 0 OR BELOW: 0 1.00 INCH OR MORE: 1
[HDD (BASE 65) ]
TOTAL THIS MO. 6 CLEAR (SCALE 0-3) 15
DPTR FM NORMAL -17 PTCLDY (SCALE 4-7) 16
TOTAL FM JUL 1 6 CLOUDY (SCALE 8-10) 0
DPTR FM NORMAL -14
[CDD (BASE 65) ]
TOTAL THIS MO. 308
DPTR FM NORMAL 51 [PRESSURE DATA]
TOTAL FM JAN 1 3256 HIGHEST SLP 30.33 ON 17
DPTR FM NORMAL 76 LOWEST SLP 29.57 ON 27
[REMARKS]
#FINAL-10-21#