740
CXUS55 KGJT 011010
CF6VEL
PRELIMINARY LOCAL CLIMATOLOGICAL DATA (WS FORM: F-6)
STATION: VERNAL UT
MONTH: DECEMBER
YEAR: 2020
LATITUDE: 40 27 N
LONGITUDE: 109 31 W
TEMPERATURE IN F: :PCPN: SNOW: WIND :SUNSHINE: SKY :PK WND
================================================================================
1 2 3 4 5 6A 6B 7 8 9 10 11 12 13 14 15 16 17 18
12Z AVG MX 2MIN
DY MAX MIN AVG DEP HDD CDD WTR SNW DPTH SPD SPD DIR MIN PSBL S-S WX SPD DR
================================================================================
1 44 13 29 3 36 0 0.00 M M 5.2 20 20 M M 4 28 20
2 35 13 24 -2 41 0 0.00 M M 9.1 21 60 M M 3 27 40
3 31 5 18 -7 47 0 0.00 M M 2.2 7 280 M M 0 9 170
4 36 7 22 -3 43 0 0.00 M M 2.2 8 280 M M 0 9 130
5 38 8 23 -2 42 0 0.00 M M 2.6 8 270 M M 0 10 150
6 39 9 24 0 41 0 0.00 M M 3.2 8 280 M M 0 8 9 120
7 39 8 24 0 41 0 0.00 M M 3.0 8 290 M M 0 12 140
8 40 9 25 1 40 0 0.00 M M 3.3 8 330 M M 0 8 9 330
9 39 7 23 0 42 0 0.00 M M 2.3 7 280 M M 0 8 140
10 33 13 23 0 42 0 0.00 M M 3.5 8 230 M M 0 9 360
11 39 14 27 4 38 0 0.00 M M 3.3 14 250 M M 4 18 250
12 33 6 20 -2 45 0 0.05 M M 4.8 20 30 M M 6 1 27 40
13 24 2 13 -9 52 0 0.00 M M 2.7 8 290 M M 1 10 300
14 23 10 17 -5 48 0 0.05 M M 0.8 8 280 M M 10 12 8 280
15 18 3 11 -11 54 0 T M M 2.1 8 340 M M 7 12 9 350
16 20 0 10 -11 55 0 T M M 1.9 9 110 M M 4 12 12 90
17 20 2 11 -10 54 0 0.01 M M 1.1 7 130 M M 6 128 9 130
18 25 8 17 -4 48 0 0.00 M M 2.0 8 280 M M 5 128 11 110
19 23 6 15 -6 50 0 0.00 M M 1.7 12 120 M M 8 128 13 120
20 26 2 14 -6 51 0 0.00 M M 1.4 9 90 M M 5 128 11 90
21 30 8 19 -1 46 0 0.00 M M 1.4 7 90 M M 0 18 10 90
22 28 7 18 -2 47 0 0.05 M M 3.9 16 360 M M 4 128 20 360
23 31 3 17 -3 48 0 0.00 M M 6.5 18 350 M M 1 23 320
24 28 -1 14 -6 51 0 0.00 M M 1.8 9 320 M M 0 11 320
25 22 -1 11 -9 54 0 0.00 M M 2.8 7 300 M M 0 18 9 120
26 28 0 14 -6 51 0 0.00 M M 1.2 9 250 M M 1 10 210
27 29 1 15 -4 50 0 0.00 M M 2.8 9 290 M M 0 1 10 290
28 27 4 16 -3 49 0 0.14 M M 2.3 8 50 M M 7 128 12 50
29 24 6 15 -4 50 0 0.00 M M 2.1 8 220 M M 8 1 9 220
30 20 10 15 -4 50 0 T M M 1.0 6 110 M M 9 18 8 90
31 20 3 12 -7 53 0 0.01 M M 2.4 7 260 M M 8 1 8 100
================================================================================
SM 912 185 1459 0 0.31 M 86.6 M 101
================================================================================
AV 29.4 6.0 2.8 FASTST M M 3 MAX(MPH)
MISC ----> 21 60 28 20
================================================================================
NOTES:
# LAST OF SEVERAL OCCURRENCES
COLUMN 17 PEAK WIND IN M.P.H.
PRELIMINARY LOCAL CLIMATOLOGICAL DATA (WS FORM: F-6) , PAGE 2
STATION: VERNAL UT
MONTH: DECEMBER
YEAR: 2020
LATITUDE: 40 27 N
LONGITUDE: 109 31 W
[TEMPERATURE DATA] [PRECIPITATION DATA] SYMBOLS USED IN COLUMN 16
AVERAGE MONTHLY: 17.7 TOTAL FOR MONTH: 0.31 1 = FOG OR MIST
DPTR FM NORMAL: -4.1 DPTR FM NORMAL: -0.33 2 = FOG REDUCING VISIBILITY
HIGHEST: 44 ON 1 GRTST 24HR 0.14 ON 28-28 TO 1/4 MILE OR LESS
LOWEST: -1 ON 25,24 3 = THUNDER
SNOW, ICE PELLETS, HAIL 4 = ICE PELLETS
TOTAL MONTH: M 5 = HAIL
GRTST 24HR M ON M 6 = FREEZING RAIN OR DRIZZLE
GRTST DEPTH: M ON M 7 = DUSTSTORM OR SANDSTORM:
VSBY 1/2 MILE OR LESS
8 = SMOKE OR HAZE
[NO. OF DAYS WITH] [WEATHER - DAYS WITH] 9 = BLOWING SNOW
X = TORNADO
MAX 32 OR BELOW: 20 0.01 INCH OR MORE: 6
MAX 90 OR ABOVE: 0 0.10 INCH OR MORE: 1
MIN 32 OR BELOW: 31 0.50 INCH OR MORE: 0
MIN 0 OR BELOW: 4 1.00 INCH OR MORE: 0
[HDD (BASE 65) ]
TOTAL THIS MO. 1459 CLEAR (SCALE 0-3) 16
DPTR FM NORMAL 119 PTCLDY (SCALE 4-7) 13
TOTAL FM JUL 1 3013 CLOUDY (SCALE 8-10) 2
DPTR FM NORMAL 41
[CDD (BASE 65) ]
TOTAL THIS MO. 0
DPTR FM NORMAL 0 [PRESSURE DATA]
TOTAL FM JAN 1 874 HIGHEST SLP 30.82 ON 24
DPTR FM NORMAL 363 LOWEST SLP 29.85 ON 22
[REMARKS]
#FINAL-12-20#