000
CXUS52 KTAE 160855
CF6VLD
PRELIMINARY LOCAL CLIMATOLOGICAL DATA (WS FORM: F-6)
STATION: VALDOSTA
MONTH: JANUARY
YEAR: 2024
LATITUDE: 30 46 N
LONGITUDE: 83 17 W
TEMPERATURE IN F: :PCPN: SNOW: WIND :SUNSHINE: SKY :PK WND
================================================================================
1 2 3 4 5 6A 6B 7 8 9 10 11 12 13 14 15 16 17 18
12Z AVG MX 2MIN
DY MAX MIN AVG DEP HDD CDD WTR SNW DPTH SPD SPD DIR MIN PSBL S-S WX SPD DR
================================================================================
1 72 39 56 5 9 0 0.00 0.0 0 1.1 8 360 M M 3 12 15 10
2 58 32 45 -6 20 0 0.00 0.0 0 3.3 14 10 M M 0 18 360
3 59 31 45 -6 20 0 0.24 0.0 0 2.6 14 10 M M 4 1 19 20
4 62 35 49 -2 16 0 0.06 0.0 0 3.4 14 10 M M 2 1 21 340
5 68 37 53 2 12 0 0.04 M M 7.0 15 130 M M 2 22 140
6 77 53 65 15 0 0 1.30 0.0 0 4.4 16 150 M M 6 1 23 140
7 56 43 50 0 15 0 0.00 0.0 0 2.1 9 310 M M 2 20 310
8 58 41 50 0 15 0 0.06 0.0 0 5.8 13 140 M M 4 1 20 130
9 76 51 64 14 1 0 0.70 0.0 0 12.3 35 190 M M 8 13 52 170
10 58 37 48 -2 17 0 0.00 0.0 0 1.4 7 310 M M 0 18 290
11 62 43 53 3 12 0 0.00 0.0 M 1.1 7 180 M M 1 8 170
12 75 45 60 10 5 0 0.07 0.0 M 6.9 15 190 M M 7 1 30 250
13 70 40 55 5 10 0 0.00 0.0 M 0.6 8 340 M M 2 22 320
14 64 37 51 1 14 0 0.00 0.0 M 0.7 6 10 M M 0 9 140
15 69 35 52 2 13 0 T M M 1.9 9 170 M M 3 13 120
16 59 34 47 -3 18 0 0.41 0.0 0 2.0 12 320 M M 7 123 23 320
17 47 25 36 -14 29 0 0.00 0.0 M 2.8 12 10 M M 0 15 240
18 56 28 42 -8 23 0 0.00 0.0 0 2.0 8 190 M M 3 1 10 150
19 71 40 56 6 9 0 0.01 0.0 0 2.9 13 360 M M 4 1 24 300
20 49 29 39 -11 26 0 0.00 0.0 0 5.4 17 10 M M 0 27 10
21 49 27 38 -13 27 0 0.00 0.0 M 8.1 14 20 M M 0 19 60
22 67 34 51 0 14 0 0.00 0.0 0 5.8 13 100 M M 2 18 100
23 68 55 62 11 3 0 0.02 0.0 M 5.5 10 120 M M 4 16 120
24 81 63 72 21 0 7 0.08 0.0 M 6.2 17 160 M M 7 1 24 180
25 83 68 76 25 0 11 0.05 0.0 0 7.2 16 150 M M 8 1 23 140
26 80 67 74 23 0 9 0.01 0.0 0 4.6 16 170 M M 6 1 22 170
27 84 66 75 24 0 10 0.17 0.0 0 7.9 18 180 M M 6 138 27 180
28 67 52 60 9 5 0 0.02 0.0 0 8.1 17 330 M M 6 1 23 280
29 64 41 53 1 12 0 0.00 0.0 0 7.2 23 340 M M 4 26 340
30 65 36 51 -1 14 0 0.00 0.0 0 1.2 7 190 M M 0 1 15 290
31 68 39 54 2 11 0 0.00 0.0 0 4.2 28 310 M M 0 28 310
================================================================================
SM 2042 1303 370 37 3.24 0.0 135.7 M 101
================================================================================
AV 65.9 42.0 4.4 FASTST M M 3 MAX(MPH)
MISC ----> 35 190 52 170
================================================================================
NOTES:
# LAST OF SEVERAL OCCURRENCES
COLUMN 17 PEAK WIND IN M.P.H.
PRELIMINARY LOCAL CLIMATOLOGICAL DATA (WS FORM: F-6) , PAGE 2
STATION: VALDOSTA
MONTH: JANUARY
YEAR: 2024
LATITUDE: 30 46 N
LONGITUDE: 83 17 W
[TEMPERATURE DATA] [PRECIPITATION DATA] SYMBOLS USED IN COLUMN 16
AVERAGE MONTHLY: 54.0 TOTAL FOR MONTH: 3.24 1 = FOG OR MIST
DPTR FM NORMAL: 3.3 DPTR FM NORMAL: -0.59 2 = FOG REDUCING VISIBILITY
HIGHEST: 84 ON 27 GRTST 24HR 2.86 ON 5- 6 TO 1/4 MILE OR LESS
LOWEST: 25 ON 17 3 = THUNDER
SNOW, ICE PELLETS, HAIL 4 = ICE PELLETS
TOTAL MONTH: 0.0 INCH 5 = HAIL
GRTST 24HR 0.0 6 = FREEZING RAIN OR DRIZZLE
GRTST DEPTH: 0 7 = DUSTSTORM OR SANDSTORM:
VSBY 1/2 MILE OR LESS
8 = SMOKE OR HAZE
[NO. OF DAYS WITH] [WEATHER - DAYS WITH] 9 = BLOWING SNOW
X = TORNADO
MAX 32 OR BELOW: 0 0.01 INCH OR MORE: 15
MAX 90 OR ABOVE: 0 0.10 INCH OR MORE: 5
MIN 32 OR BELOW: 6 0.50 INCH OR MORE: 2
MIN 0 OR BELOW: 0 1.00 INCH OR MORE: 1
[HDD (BASE 65) ]
TOTAL THIS MO. 370 CLEAR (SCALE 0-3) 14
DPTR FM NORMAL -79 PTCLDY (SCALE 4-7) 16
TOTAL FM JUL 1 792 CLOUDY (SCALE 8-10) 1
DPTR FM NORMAL -297
[CDD (BASE 65) ]
TOTAL THIS MO. 37
DPTR FM NORMAL 31 [PRESSURE DATA]
TOTAL FM JAN 1 37 HIGHEST SLP 30.63 ON 21
DPTR FM NORMAL 31 LOWEST SLP 29.56 ON 9
[REMARKS]
#FINAL-01-24#