000
CXUS51 KBTV 010700
CF6VSF
PRELIMINARY LOCAL CLIMATOLOGICAL DATA (WS FORM: F-6)
STATION: SPRINGFIELD VT
MONTH: OCTOBER
YEAR: 2023
LATITUDE: 43 19 N
LONGITUDE: 72 31 W
TEMPERATURE IN F: :PCPN: SNOW: WIND :SUNSHINE: SKY :PK WND
================================================================================
1 2 3 4 5 6A 6B 7 8 9 10 11 12 13 14 15 16 17 18
12Z AVG MX 2MIN
DY MAX MIN AVG DEP HDD CDD WTR SNW DPTH SPD SPD DIR MIN PSBL S-S WX SPD DR
================================================================================
1 80 48 64 10 1 0 0.00 M M 0.6 5 350 M M 5 12 M M
2 75 50 63 10 2 0 0.00 M M 1.0 5 90 M M 2 12 M M
3 85 48 67 14 0 2 0.00 M M 1.5 7 160 M M 4 12 M M
4 85 56 71 19 0 6 0.00 M M 1.0 5 160 M M 5 12 M M
5 80 56 68 16 0 3 0.00 M M 3.3 12 110 M M 5 12 M M
6 68 53 61 10 4 0 T M M 1.2 6 160 M M 10 1 M M
7 70 50 60 9 5 0 1.26 M M 3.5 14 300 M M 10 1 21 300
8 61 44 53 2 12 0 0.07 M M 4.2 10 250 M M 8 21 250
9 59 42 51 1 14 0 0.00 M M 3.7 9 170 M M 8 M M
10 58 39 49 -1 16 0 0.04 M M 0.4 4 280 M M 8 1 M M
11 61 46 54 5 11 0 0.01 M M 0.5 5 160 M M 9 1 M M
12 62 47 55 6 10 0 0.00 M M 1.0 7 240 M M 10 1 M M
13 59 34 47 -2 18 0 0.00 M M 5.4 14 290 M M 5 12 20 290
14 59 35 47 -1 18 0 0.00 M M 1.7 8 290 M M 4 1 M M
15 55 39 47 -1 18 0 0.00 M M 4.1 10 340 M M 8 12 18 99
16 57 46 52 4 13 0 0.05 M M 4.1 9 330 M M 9 M M
17 58 44 51 4 14 0 0.00 M M 1.5 7 320 M M 9 M M
18 59 46 53 6 12 0 T M M 0.3 5 150 M M 10 M M
19 64 42 53 7 12 0 0.00 M M 3.6 13 160 M M 6 12 22 160
20 56 46 51 5 14 0 0.63 M M 0.9 6 160 M M 9 1 M M
21 58 54 56 10 9 0 1.41 M M 3.0 10 280 M M 10 1 23 300
22 54 44 49 4 16 0 T M M 8.2 15 260 M M 10 23 260
23 54 39 47 2 18 0 0.00 M M 4.6 16 270 M M 9 20 310
24 58 36 47 2 18 0 T M M 1.2 7 99 M M 5 12 M M
25 70 36 53 9 12 0 T M M 0.7 5 330 M M 1 1 M M
26 72 51 62 18 3 0 T M M 0.4 6 99 M M 6 M M
27 78 51 65 21 0 0 0.00 M M 2.7 9 210 M M 3 12 M M
28 76 48 62 19 3 0 0.00 M M 4.8 15 270 M M 5 12 30 270
29 50 40 45 2 20 0 0.19 M M 1.9 6 320 M M 8 M M
30 49 40 45 2 20 0 0.53 M M 2.0 10 310 M M 9 1 17 310
31 46 28 37 -5 28 0 0.00 M M 3.2 10 280 M M 4 M M
================================================================================
SM 1976 1378 341 11 4.19 M 76.1 M 214
================================================================================
AV 63.7 44.5 2.5 FASTST M M 7 MAX(MPH)
MISC ----> 16 270 30 270
================================================================================
NOTES:
# LAST OF SEVERAL OCCURRENCES
COLUMN 17 PEAK WIND IN M.P.H.
PRELIMINARY LOCAL CLIMATOLOGICAL DATA (WS FORM: F-6) , PAGE 2
STATION: SPRINGFIELD VT
MONTH: OCTOBER
YEAR: 2023
LATITUDE: 43 19 N
LONGITUDE: 72 31 W
[TEMPERATURE DATA] [PRECIPITATION DATA] SYMBOLS USED IN COLUMN 16
AVERAGE MONTHLY: 54.1 TOTAL FOR MONTH: 4.19 1 = FOG OR MIST
DPTR FM NORMAL: 6.4 DPTR FM NORMAL: 0.03 2 = FOG REDUCING VISIBILITY
HIGHEST: 85 ON 4, 3 GRTST 24HR 1.41 ON 21-21 TO 1/4 MILE OR LESS
LOWEST: 28 ON 31 3 = THUNDER
SNOW, ICE PELLETS, HAIL 4 = ICE PELLETS
TOTAL MONTH: M 5 = HAIL
GRTST 24HR M ON M 6 = FREEZING RAIN OR DRIZZLE
GRTST DEPTH: M ON M 7 = DUSTSTORM OR SANDSTORM:
VSBY 1/2 MILE OR LESS
8 = SMOKE OR HAZE
[NO. OF DAYS WITH] [WEATHER - DAYS WITH] 9 = BLOWING SNOW
X = TORNADO
MAX 32 OR BELOW: 0 0.01 INCH OR MORE: 9
MAX 90 OR ABOVE: 0 0.10 INCH OR MORE: 5
MIN 32 OR BELOW: 1 0.50 INCH OR MORE: 4
MIN 0 OR BELOW: 0 1.00 INCH OR MORE: 2
[HDD (BASE 65) ]
TOTAL THIS MO. 341 CLEAR (SCALE 0-3) 3
DPTR FM NORMAL -196 PTCLDY (SCALE 4-7) 14
TOTAL FM JUL 1 463 CLOUDY (SCALE 8-10) 14
DPTR FM NORMAL -314
[CDD (BASE 65) ]
TOTAL THIS MO. 11
DPTR FM NORMAL 10 [PRESSURE DATA]
TOTAL FM JAN 1 557 HIGHEST SLP M ON M
DPTR FM NORMAL 180 LOWEST SLP M ON M
[REMARKS]
#FINAL-10-23#