000
CXUS56 KPQR 011301
CF6VUO
PRELIMINARY LOCAL CLIMATOLOGICAL DATA (WS FORM: F-6)
STATION: VANCOUVER WA
MONTH: NOVEMBER
YEAR: 2022
LATITUDE: 45 37 N
LONGITUDE: 122 39 W
TEMPERATURE IN F: :PCPN: SNOW: WIND :SUNSHINE: SKY :PK WND
================================================================================
1 2 3 4 5 6A 6B 7 8 9 10 11 12 13 14 15 16 17 18
12Z AVG MX 2MIN
DY MAX MIN AVG DEP HDD CDD WTR SNW DPTH SPD SPD DIR MIN PSBL S-S WX SPD DR
================================================================================
1 53 44 49 -1 16 0 0.17 M M 3.6 15 250 M M 9 1 22 240
2 49 41 45 -4 20 0 0.05 M M 4.8 12 210 M M 10 17 180
3 48 43 46 -3 19 0 0.10 M M 6.1 15 200 M M 9 23 190
4 59 47 53 4 12 0 1.94 M M 9.8 21 300 M M 10 1 33 190
5 55 44 50 1 15 0 0.02 M M 5.2 15 270 M M 9 23 310
6 49 40 45 -3 20 0 0.66 M M 5.8 24 320 M M 10 1 37 290
7 44 37 41 -7 24 0 0.14 M M 6.9 15 150 M M 9 1 23 150
8 52 35 44 -4 21 0 0.00 M M 6.5 22 80 M M 3 12 31 80
9 50 30 40 -8 25 0 0.00 M M 1.5 8 260 M M 2 10 350
10 52 31 42 -6 23 0 0.00 M M 0.7 7 280 M M 5 1 10 330
11 49 34 42 -5 23 0 T M M 7.5 17 110 M M 7 1 25 120
12 52 36 44 -3 21 0 0.00 M M 2.9 9 120 M M 4 13 110
13 48 29 39 -8 26 0 0.00 M M 0.7 7 290 M M 3 128 9 330
14 56 28 42 -4 23 0 0.00 M M 9.3 28 110 M M 0 128 37 100
15 56 30 43 -3 22 0 0.00 M M 5.6 16 110 M M 0 21 100
16 48 25 37 -9 28 0 0.00 M M 3.5 12 130 M M 0 18 17 130
17 49 25 37 -9 28 0 0.00 M M 13.2 28 100 M M 0 18 38 110
18 51 35 43 -3 22 0 0.00 M M 11.8 22 100 M M 0 31 80
19 47 24 36 -9 29 0 0.00 M M 5.7 15 130 M M 0 21 120
20 47 25 36 -9 29 0 0.00 M M 3.3 9 130 M M 0 13 120
21 46 35 41 -4 24 0 0.00 M M 3.5 9 120 M M 7 12 140
22 52 40 46 1 19 0 0.35 M M 5.4 16 110 M M 9 18 22 130
23 47 33 40 -4 25 0 0.00 M M 0.6 7 300 M M 9 12 8 300
24 56 30 43 -1 22 0 0.00 M M 2.3 12 120 M M 3 12 17 120
25 44 34 39 -5 26 0 0.40 M M 1.7 8 120 M M 8 18 12 130
26 48 39 44 0 21 0 0.00 M M 1.4 10 170 M M 10 1 15 200
27 47 41 44 0 21 0 0.30 M M 3.4 15 200 M M 9 18 22 190
28 47 30 39 -4 26 0 0.02 M M 2.3 14 290 M M 6 21 290
29 46 29 38 -5 27 0 0.20 M M 6.3 17 180 M M 9 1 27 140
30 48 42 45 2 20 0 0.90 M M 7.7 22 190 M M 8 1 38 170
================================================================================
SM 1495 1036 677 0 5.25 M 149.0 M 168
================================================================================
AV 49.8 34.5 5.0 FASTST M M 6 MAX(MPH)
MISC ----> # 28 110 # 38 110
================================================================================
NOTES:
# LAST OF SEVERAL OCCURRENCES
COLUMN 17 PEAK WIND IN M.P.H.
PRELIMINARY LOCAL CLIMATOLOGICAL DATA (WS FORM: F-6) , PAGE 2
STATION: VANCOUVER WA
MONTH: NOVEMBER
YEAR: 2022
LATITUDE: 45 37 N
LONGITUDE: 122 39 W
[TEMPERATURE DATA] [PRECIPITATION DATA] SYMBOLS USED IN COLUMN 16
AVERAGE MONTHLY: 42.2 TOTAL FOR MONTH: 5.25 1 = FOG OR MIST
DPTR FM NORMAL: -4.0 DPTR FM NORMAL: -0.26 2 = FOG REDUCING VISIBILITY
HIGHEST: 59 ON 4 GRTST 24HR 1.94 ON 4- 4 TO 1/4 MILE OR LESS
LOWEST: 24 ON 19 3 = THUNDER
SNOW, ICE PELLETS, HAIL 4 = ICE PELLETS
TOTAL MONTH: M 5 = HAIL
GRTST 24HR M ON M 6 = FREEZING RAIN OR DRIZZLE
GRTST DEPTH: M ON M 7 = DUSTSTORM OR SANDSTORM:
VSBY 1/2 MILE OR LESS
8 = SMOKE OR HAZE
[NO. OF DAYS WITH] [WEATHER - DAYS WITH] 9 = BLOWING SNOW
X = TORNADO
MAX 32 OR BELOW: 0 0.01 INCH OR MORE: 13
MAX 90 OR ABOVE: 0 0.10 INCH OR MORE: 10
MIN 32 OR BELOW: 12 0.50 INCH OR MORE: 3
MIN 0 OR BELOW: 0 1.00 INCH OR MORE: 1
[HDD (BASE 65) ]
TOTAL THIS MO. 677 CLEAR (SCALE 0-3) 9
DPTR FM NORMAL 113 PTCLDY (SCALE 4-7) 7
TOTAL FM JUL 1 873 CLOUDY (SCALE 8-10) 14
DPTR FM NORMAL -140
[CDD (BASE 65) ]
TOTAL THIS MO. 0
DPTR FM NORMAL 0 [PRESSURE DATA]
TOTAL FM JAN 1 701 HIGHEST SLP 30.59 ON 16
DPTR FM NORMAL 302 LOWEST SLP 29.47 ON 6
[REMARKS]
#FINAL-11-22#