000
CXUS56 KPQR 011710
CF6VUO
PRELIMINARY LOCAL CLIMATOLOGICAL DATA (WS FORM: F-6)
STATION: VANCOUVER WA
MONTH: NOVEMBER
YEAR: 2020
LATITUDE: 45 37 N
LONGITUDE: 122 39 W
TEMPERATURE IN F: :PCPN: SNOW: WIND :SUNSHINE: SKY :PK WND
================================================================================
1 2 3 4 5 6A 6B 7 8 9 10 11 12 13 14 15 16 17 18
12Z AVG MX 2MIN
DY MAX MIN AVG DEP HDD CDD WTR SNW DPTH SPD SPD DIR MIN PSBL S-S WX SPD DR
================================================================================
1 65 33 49 -1 16 0 0.00 M M 1.7 9 140 M M 0 18 13 140
2 67 34 51 2 14 0 0.00 M M 2.4 10 110 M M 0 13 140
3 63 48 56 7 9 0 0.31 M M 4.9 12 90 M M 6 1 16 160
4 68 62 65 16 0 0 0.01 M M 6.9 14 200 M M 9 22 210
5 64 51 58 9 7 0 0.74 M M 3.0 15 320 M M 9 1 20 310
6 52 37 45 -4 20 0 0.22 M M 4.6 10 310 M M 9 1 15 310
7 49 31 40 -8 25 0 0.07 M M 3.9 17 280 M M 5 18 25 320
8 48 30 39 -9 26 0 0.00 M M 2.9 10 300 M M 3 15 310
9 47 33 40 -8 25 0 T M M 4.2 16 200 M M 9 18 23 190
10 52 39 46 -2 19 0 0.10 M M 4.0 13 260 M M 9 1 17 260
11 51 33 42 -6 23 0 0.00 M M 1.8 7 320 M M 6 18 9 60
12 50 32 41 -6 24 0 0.16 M M 4.5 12 110 M M 6 16 130
13 53 42 48 1 17 0 1.00 M M 8.6 26 270 M M 8 37 260
14 50 42 46 -1 19 0 0.76 M M 5.6 16 110 M M 10 23 150
15 57 47 52 5 13 0 0.01 M M 5.1 12 230 M M 6 18 18 230
16 53 45 49 3 16 0 0.21 M M 3.6 14 120 M M 6 1 17 120
17 58 42 50 4 15 0 0.20 M M 6.1 16 110 M M 5 1 23 190
18 52 46 49 3 16 0 0.60 M M 7.6 15 200 M M 9 1 27 190
19 53 42 48 2 17 0 0.07 M M 5.0 13 200 M M 8 21 200
20 50 33 42 -4 23 0 0.00 M M 1.2 8 320 M M 4 128 10 260
21 42 35 39 -6 26 0 0.00 M M 3.2 8 270 M M 10 128 10 270
22 47 31 39 -6 26 0 0.09 M M 3.1 10 110 M M 6 128 13 160
23 52 42 47 2 18 0 0.14 M M 3.6 8 110 M M 8 18 12 210
24 52 41 47 3 18 0 0.34 M M 4.3 16 330 M M 10 1 23 340
25 50 39 45 1 20 0 0.03 M M 3.2 7 180 M M 9 18 10 220
26 51 37 44 0 21 0 T M M 1.1 6 120 M M 9 18 8 190
27 48 33 41 -3 24 0 0.00 M M 2.0 8 150 M M 5 128 12 130
28 45 39 42 -2 23 0 0.10 M M 1.9 8 160 M M 10 18 10 150
29 52 38 45 2 20 0 0.00 M M 2.5 12 130 M M 5 12 16 140
30 52 32 42 -1 23 0 0.29 M M 3.3 13 290 M M 5 18 17 320
================================================================================
SM 1593 1169 563 0 5.45 M 115.8 M 204
================================================================================
AV 53.1 39.0 3.9 FASTST M M 7 MAX(MPH)
MISC ----> 26 270 37 260
================================================================================
NOTES:
# LAST OF SEVERAL OCCURRENCES
COLUMN 17 PEAK WIND IN M.P.H.
PRELIMINARY LOCAL CLIMATOLOGICAL DATA (WS FORM: F-6) , PAGE 2
STATION: VANCOUVER WA
MONTH: NOVEMBER
YEAR: 2020
LATITUDE: 45 37 N
LONGITUDE: 122 39 W
[TEMPERATURE DATA] [PRECIPITATION DATA] SYMBOLS USED IN COLUMN 16
AVERAGE MONTHLY: 46.0 TOTAL FOR MONTH: 5.45 1 = FOG OR MIST
DPTR FM NORMAL: -0.4 DPTR FM NORMAL: -0.46 2 = FOG REDUCING VISIBILITY
HIGHEST: 68 ON 4 GRTST 24HR 1.07 ON 12-13 TO 1/4 MILE OR LESS
LOWEST: 30 ON 8 3 = THUNDER
SNOW, ICE PELLETS, HAIL 4 = ICE PELLETS
TOTAL MONTH: M 5 = HAIL
GRTST 24HR M ON M 6 = FREEZING RAIN OR DRIZZLE
GRTST DEPTH: M ON M 7 = DUSTSTORM OR SANDSTORM:
VSBY 1/2 MILE OR LESS
8 = SMOKE OR HAZE
[NO. OF DAYS WITH] [WEATHER - DAYS WITH] 9 = BLOWING SNOW
X = TORNADO
MAX 32 OR BELOW: 0 0.01 INCH OR MORE: 20
MAX 90 OR ABOVE: 0 0.10 INCH OR MORE: 14
MIN 32 OR BELOW: 5 0.50 INCH OR MORE: 4
MIN 0 OR BELOW: 0 1.00 INCH OR MORE: 1
[HDD (BASE 65) ]
TOTAL THIS MO. 563 CLEAR (SCALE 0-3) 3
DPTR FM NORMAL 6 PTCLDY (SCALE 4-7) 14
TOTAL FM JUL 1 914 CLOUDY (SCALE 8-10) 13
DPTR FM NORMAL -116
[CDD (BASE 65) ]
TOTAL THIS MO. 0
DPTR FM NORMAL 0 [PRESSURE DATA]
TOTAL FM JAN 1 533 HIGHEST SLP 30.54 ON 30
DPTR FM NORMAL 159 LOWEST SLP 29.33 ON 13
[REMARKS]
#FINAL-11-20#